{"id":10246,"date":"2025-02-05T13:40:19","date_gmt":"2025-02-05T19:40:19","guid":{"rendered":"https:\/\/72.167.50.119\/ethoro\/shop\/sin categor\u00eda\/juego-de-llaves-combinadas-urrea-1200fc-con-16-piezas-pulido-espejo-de-12-puntas\/"},"modified":"2026-04-05T00:42:09","modified_gmt":"2026-04-05T06:42:09","slug":"juego-de-llaves-combinadas-urrea-1200fc-con-16-piezas-pulido-espejo-de-12-puntas","status":"publish","type":"product","link":"https:\/\/thoro.com.mx\/ethoro\/shop\/herramientas\/juegos-de-herramientas-herramientas\/llaves-combinadas-juegos-de-herramientas-herramientas\/juego-de-llaves-combinadas-urrea-1200fc-con-16-piezas-pulido-espejo-de-12-puntas\/","title":{"rendered":"JUEGO DE LLAVES COMBINADAS URREA 1200FC CON 16 PIEZAS PULIDO ESPEJO DE 12 PUNTAS"},"content":{"rendered":"<h4>1200FC<\/h4>\n<ul>\n<li>Juego de 16 llaves combinadas pulido espejo en pulgadas y m\u00e9tricas, 12 puntas<\/li>\n<li>La abertura de la boca espa\u00f1ola es la que otorga la rapidez, junto con el \u00e1ngulo de la boca que permite tener dos posiciones de accionamiento, reduciendo el \u00e1ngulo de recuperaci\u00f3n a 15\u00b0<\/li>\n<li>Bocas maquinadas a precisi\u00f3n para un perfecto acoplamiento con la tuerca o tornillo<\/li>\n<li>La boca cerrada con 12 puntos de contacto otorgan propiedades de gran resistencia a la cabeza de estr\u00edas<\/li>\n<li>Boca de estr\u00edas con dise\u00f1o super drive<\/li>\n<li>Cuerpo ovalado para un agarre m\u00e1s c\u00f3modo<\/li>\n<li>Bocas delgadas para un mejor acceso en \u00e1reas estrechas<\/li>\n<li>Juego 16 piezas<\/li>\n<li>Longitud: 56 cm<\/li>\n<li>Material: Acero, Cromo, Vanadio<\/li>\n<li>Contenido (Medidas):1\/4&#8243;- 3\/4&#8243;, 8mm-15mm<\/li>\n<\/ul>\n","protected":false},"excerpt":{"rendered":"<p>1200FC Juego de 16 llaves combinadas pulido espejo en pulgadas y m\u00e9tricas, 12 puntas La abertura de la boca espa\u00f1ola es la que otorga la rapidez, junto con el \u00e1ngulo de la boca que permite tener dos posiciones de accionamiento, reduciendo el \u00e1ngulo de recuperaci\u00f3n a 15\u00b0 Bocas maquinadas a precisi\u00f3n para un perfecto acoplamiento [&hellip;]<\/p>\n","protected":false},"featured_media":10245,"comment_status":"open","ping_status":"closed","template":"","meta":{"_monsterinsights_skip_tracking":false,"_monsterinsights_sitenote_active":false,"_monsterinsights_sitenote_note":"","_monsterinsights_sitenote_category":0,"_joinchat":[]},"product_brand":[],"product_cat":[405],"product_tag":[],"class_list":{"0":"post-10246","1":"product","2":"type-product","3":"status-publish","4":"has-post-thumbnail","6":"product_cat-llaves-combinadas-juegos-de-herramientas-herramientas","8":"first","9":"instock","10":"taxable","11":"shipping-taxable","12":"purchasable","13":"product-type-simple","14":"add-to-wishlist-after_add_to_cart"},"yoast_head":"<!-- This site is optimized with the Yoast SEO plugin v27.1.1 - https:\/\/yoast.com\/product\/yoast-seo-wordpress\/ -->\n<title>JUEGO DE LLAVES COMBINADAS URREA 1200FC CON 16 PIEZAS PULIDO ESPEJO DE 12 PUNTAS - Thoro enterprises de Mexico<\/title>\n<meta name=\"robots\" content=\"noindex, follow\" \/>\n<meta property=\"og:locale\" content=\"es_MX\" \/>\n<meta property=\"og:type\" content=\"article\" \/>\n<meta property=\"og:title\" content=\"JUEGO DE LLAVES COMBINADAS URREA 1200FC CON 16 PIEZAS PULIDO ESPEJO DE 12 PUNTAS - Thoro enterprises de Mexico\" \/>\n<meta property=\"og:description\" content=\"1200FC Juego de 16 llaves combinadas pulido espejo en pulgadas y m\u00e9tricas, 12 puntas La abertura de la boca espa\u00f1ola es la que otorga la rapidez, junto con el \u00e1ngulo de la boca que permite tener dos posiciones de accionamiento, reduciendo el \u00e1ngulo de recuperaci\u00f3n a 15\u00b0 Bocas maquinadas a precisi\u00f3n para un perfecto acoplamiento [&hellip;]\" \/>\n<meta property=\"og:url\" content=\"https:\/\/thoro.com.mx\/ethoro\/shop\/herramientas\/juegos-de-herramientas-herramientas\/llaves-combinadas-juegos-de-herramientas-herramientas\/juego-de-llaves-combinadas-urrea-1200fc-con-16-piezas-pulido-espejo-de-12-puntas\/\" \/>\n<meta property=\"og:site_name\" content=\"Thoro enterprises de Mexico\" \/>\n<meta property=\"article:publisher\" content=\"https:\/\/www.facebook.com\/ThoroEnterprises\" \/>\n<meta property=\"article:modified_time\" content=\"2026-04-05T06:42:09+00:00\" \/>\n<meta property=\"og:image\" content=\"https:\/\/thoro.com.mx\/ethoro\/wp-content\/uploads\/2025\/02\/H4566.jpg\" \/>\n\t<meta property=\"og:image:width\" content=\"1000\" \/>\n\t<meta property=\"og:image:height\" content=\"1000\" \/>\n\t<meta property=\"og:image:type\" content=\"image\/jpeg\" \/>\n<meta name=\"twitter:card\" content=\"summary_large_image\" \/>\n<meta name=\"twitter:label1\" content=\"Tiempo de lectura\" \/>\n\t<meta name=\"twitter:data1\" content=\"1 minuto\" \/>\n<script type=\"application\/ld+json\" class=\"yoast-schema-graph\">{\"@context\":\"https:\/\/schema.org\",\"@graph\":[{\"@type\":\"WebPage\",\"@id\":\"https:\/\/thoro.com.mx\/ethoro\/shop\/herramientas\/juegos-de-herramientas-herramientas\/llaves-combinadas-juegos-de-herramientas-herramientas\/juego-de-llaves-combinadas-urrea-1200fc-con-16-piezas-pulido-espejo-de-12-puntas\/\",\"url\":\"https:\/\/thoro.com.mx\/ethoro\/shop\/herramientas\/juegos-de-herramientas-herramientas\/llaves-combinadas-juegos-de-herramientas-herramientas\/juego-de-llaves-combinadas-urrea-1200fc-con-16-piezas-pulido-espejo-de-12-puntas\/\",\"name\":\"JUEGO DE LLAVES COMBINADAS URREA 1200FC CON 16 PIEZAS PULIDO ESPEJO DE 12 PUNTAS - Thoro enterprises de Mexico\",\"isPartOf\":{\"@id\":\"https:\/\/72.167.50.119\/ethoro\/#website\"},\"primaryImageOfPage\":{\"@id\":\"https:\/\/thoro.com.mx\/ethoro\/shop\/herramientas\/juegos-de-herramientas-herramientas\/llaves-combinadas-juegos-de-herramientas-herramientas\/juego-de-llaves-combinadas-urrea-1200fc-con-16-piezas-pulido-espejo-de-12-puntas\/#primaryimage\"},\"image\":{\"@id\":\"https:\/\/thoro.com.mx\/ethoro\/shop\/herramientas\/juegos-de-herramientas-herramientas\/llaves-combinadas-juegos-de-herramientas-herramientas\/juego-de-llaves-combinadas-urrea-1200fc-con-16-piezas-pulido-espejo-de-12-puntas\/#primaryimage\"},\"thumbnailUrl\":\"https:\/\/thoro.com.mx\/ethoro\/wp-content\/uploads\/2025\/02\/H4566.jpg\",\"datePublished\":\"2025-02-05T19:40:19+00:00\",\"dateModified\":\"2026-04-05T06:42:09+00:00\",\"breadcrumb\":{\"@id\":\"https:\/\/thoro.com.mx\/ethoro\/shop\/herramientas\/juegos-de-herramientas-herramientas\/llaves-combinadas-juegos-de-herramientas-herramientas\/juego-de-llaves-combinadas-urrea-1200fc-con-16-piezas-pulido-espejo-de-12-puntas\/#breadcrumb\"},\"inLanguage\":\"es\",\"potentialAction\":[{\"@type\":\"ReadAction\",\"target\":[\"https:\/\/thoro.com.mx\/ethoro\/shop\/herramientas\/juegos-de-herramientas-herramientas\/llaves-combinadas-juegos-de-herramientas-herramientas\/juego-de-llaves-combinadas-urrea-1200fc-con-16-piezas-pulido-espejo-de-12-puntas\/\"]}]},{\"@type\":\"ImageObject\",\"inLanguage\":\"es\",\"@id\":\"https:\/\/thoro.com.mx\/ethoro\/shop\/herramientas\/juegos-de-herramientas-herramientas\/llaves-combinadas-juegos-de-herramientas-herramientas\/juego-de-llaves-combinadas-urrea-1200fc-con-16-piezas-pulido-espejo-de-12-puntas\/#primaryimage\",\"url\":\"https:\/\/thoro.com.mx\/ethoro\/wp-content\/uploads\/2025\/02\/H4566.jpg\",\"contentUrl\":\"https:\/\/thoro.com.mx\/ethoro\/wp-content\/uploads\/2025\/02\/H4566.jpg\",\"width\":1000,\"height\":1000},{\"@type\":\"BreadcrumbList\",\"@id\":\"https:\/\/thoro.com.mx\/ethoro\/shop\/herramientas\/juegos-de-herramientas-herramientas\/llaves-combinadas-juegos-de-herramientas-herramientas\/juego-de-llaves-combinadas-urrea-1200fc-con-16-piezas-pulido-espejo-de-12-puntas\/#breadcrumb\",\"itemListElement\":[{\"@type\":\"ListItem\",\"position\":1,\"name\":\"Inicio\",\"item\":\"https:\/\/thoro.com.mx\/ethoro\/\"},{\"@type\":\"ListItem\",\"position\":2,\"name\":\"Tienda\",\"item\":\"https:\/\/thoro.com.mx\/ethoro\/shop\/\"},{\"@type\":\"ListItem\",\"position\":3,\"name\":\"JUEGO DE LLAVES COMBINADAS URREA 1200FC CON 16 PIEZAS PULIDO ESPEJO DE 12 PUNTAS\"}]},{\"@type\":\"WebSite\",\"@id\":\"https:\/\/72.167.50.119\/ethoro\/#website\",\"url\":\"https:\/\/72.167.50.119\/ethoro\/\",\"name\":\"Thoro Enterprises de M\u00e9xico\",\"description\":\"Todo en Thoro\",\"publisher\":{\"@id\":\"https:\/\/72.167.50.119\/ethoro\/#organization\"},\"alternateName\":\"Thoro shop\",\"potentialAction\":[{\"@type\":\"SearchAction\",\"target\":{\"@type\":\"EntryPoint\",\"urlTemplate\":\"https:\/\/72.167.50.119\/ethoro\/?s={search_term_string}\"},\"query-input\":{\"@type\":\"PropertyValueSpecification\",\"valueRequired\":true,\"valueName\":\"search_term_string\"}}],\"inLanguage\":\"es\"},{\"@type\":\"Organization\",\"@id\":\"https:\/\/72.167.50.119\/ethoro\/#organization\",\"name\":\"Thoro Enterprises de M\u00e9xico\",\"alternateName\":\"Thoro shop\",\"url\":\"https:\/\/72.167.50.119\/ethoro\/\",\"logo\":{\"@type\":\"ImageObject\",\"inLanguage\":\"es\",\"@id\":\"https:\/\/72.167.50.119\/ethoro\/#\/schema\/logo\/image\/\",\"url\":\"https:\/\/72.167.50.119\/ethoro\/wp-content\/uploads\/2025\/01\/cropped-cropped-icono_t-180x180-1.png\",\"contentUrl\":\"https:\/\/72.167.50.119\/ethoro\/wp-content\/uploads\/2025\/01\/cropped-cropped-icono_t-180x180-1.png\",\"width\":512,\"height\":512,\"caption\":\"Thoro Enterprises de M\u00e9xico\"},\"image\":{\"@id\":\"https:\/\/72.167.50.119\/ethoro\/#\/schema\/logo\/image\/\"},\"sameAs\":[\"https:\/\/www.facebook.com\/ThoroEnterprises\",\"https:\/\/www.instagram.com\/thoro.mexico\/\"]}]}<\/script>\n<!-- \/ Yoast SEO plugin. -->","yoast_head_json":{"title":"JUEGO DE LLAVES COMBINADAS URREA 1200FC CON 16 PIEZAS PULIDO ESPEJO DE 12 PUNTAS - Thoro enterprises de Mexico","robots":{"index":"noindex","follow":"follow"},"og_locale":"es_MX","og_type":"article","og_title":"JUEGO DE LLAVES COMBINADAS URREA 1200FC CON 16 PIEZAS PULIDO ESPEJO DE 12 PUNTAS - Thoro enterprises de Mexico","og_description":"1200FC Juego de 16 llaves combinadas pulido espejo en pulgadas y m\u00e9tricas, 12 puntas La abertura de la boca espa\u00f1ola es la que otorga la rapidez, junto con el \u00e1ngulo de la boca que permite tener dos posiciones de accionamiento, reduciendo el \u00e1ngulo de recuperaci\u00f3n a 15\u00b0 Bocas maquinadas a precisi\u00f3n para un perfecto acoplamiento [&hellip;]","og_url":"https:\/\/thoro.com.mx\/ethoro\/shop\/herramientas\/juegos-de-herramientas-herramientas\/llaves-combinadas-juegos-de-herramientas-herramientas\/juego-de-llaves-combinadas-urrea-1200fc-con-16-piezas-pulido-espejo-de-12-puntas\/","og_site_name":"Thoro enterprises de Mexico","article_publisher":"https:\/\/www.facebook.com\/ThoroEnterprises","article_modified_time":"2026-04-05T06:42:09+00:00","og_image":[{"width":1000,"height":1000,"url":"https:\/\/thoro.com.mx\/ethoro\/wp-content\/uploads\/2025\/02\/H4566.jpg","type":"image\/jpeg"}],"twitter_card":"summary_large_image","twitter_misc":{"Tiempo de lectura":"1 minuto"},"schema":{"@context":"https:\/\/schema.org","@graph":[{"@type":"WebPage","@id":"https:\/\/thoro.com.mx\/ethoro\/shop\/herramientas\/juegos-de-herramientas-herramientas\/llaves-combinadas-juegos-de-herramientas-herramientas\/juego-de-llaves-combinadas-urrea-1200fc-con-16-piezas-pulido-espejo-de-12-puntas\/","url":"https:\/\/thoro.com.mx\/ethoro\/shop\/herramientas\/juegos-de-herramientas-herramientas\/llaves-combinadas-juegos-de-herramientas-herramientas\/juego-de-llaves-combinadas-urrea-1200fc-con-16-piezas-pulido-espejo-de-12-puntas\/","name":"JUEGO DE LLAVES COMBINADAS URREA 1200FC CON 16 PIEZAS PULIDO ESPEJO DE 12 PUNTAS - Thoro enterprises de Mexico","isPartOf":{"@id":"https:\/\/72.167.50.119\/ethoro\/#website"},"primaryImageOfPage":{"@id":"https:\/\/thoro.com.mx\/ethoro\/shop\/herramientas\/juegos-de-herramientas-herramientas\/llaves-combinadas-juegos-de-herramientas-herramientas\/juego-de-llaves-combinadas-urrea-1200fc-con-16-piezas-pulido-espejo-de-12-puntas\/#primaryimage"},"image":{"@id":"https:\/\/thoro.com.mx\/ethoro\/shop\/herramientas\/juegos-de-herramientas-herramientas\/llaves-combinadas-juegos-de-herramientas-herramientas\/juego-de-llaves-combinadas-urrea-1200fc-con-16-piezas-pulido-espejo-de-12-puntas\/#primaryimage"},"thumbnailUrl":"https:\/\/thoro.com.mx\/ethoro\/wp-content\/uploads\/2025\/02\/H4566.jpg","datePublished":"2025-02-05T19:40:19+00:00","dateModified":"2026-04-05T06:42:09+00:00","breadcrumb":{"@id":"https:\/\/thoro.com.mx\/ethoro\/shop\/herramientas\/juegos-de-herramientas-herramientas\/llaves-combinadas-juegos-de-herramientas-herramientas\/juego-de-llaves-combinadas-urrea-1200fc-con-16-piezas-pulido-espejo-de-12-puntas\/#breadcrumb"},"inLanguage":"es","potentialAction":[{"@type":"ReadAction","target":["https:\/\/thoro.com.mx\/ethoro\/shop\/herramientas\/juegos-de-herramientas-herramientas\/llaves-combinadas-juegos-de-herramientas-herramientas\/juego-de-llaves-combinadas-urrea-1200fc-con-16-piezas-pulido-espejo-de-12-puntas\/"]}]},{"@type":"ImageObject","inLanguage":"es","@id":"https:\/\/thoro.com.mx\/ethoro\/shop\/herramientas\/juegos-de-herramientas-herramientas\/llaves-combinadas-juegos-de-herramientas-herramientas\/juego-de-llaves-combinadas-urrea-1200fc-con-16-piezas-pulido-espejo-de-12-puntas\/#primaryimage","url":"https:\/\/thoro.com.mx\/ethoro\/wp-content\/uploads\/2025\/02\/H4566.jpg","contentUrl":"https:\/\/thoro.com.mx\/ethoro\/wp-content\/uploads\/2025\/02\/H4566.jpg","width":1000,"height":1000},{"@type":"BreadcrumbList","@id":"https:\/\/thoro.com.mx\/ethoro\/shop\/herramientas\/juegos-de-herramientas-herramientas\/llaves-combinadas-juegos-de-herramientas-herramientas\/juego-de-llaves-combinadas-urrea-1200fc-con-16-piezas-pulido-espejo-de-12-puntas\/#breadcrumb","itemListElement":[{"@type":"ListItem","position":1,"name":"Inicio","item":"https:\/\/thoro.com.mx\/ethoro\/"},{"@type":"ListItem","position":2,"name":"Tienda","item":"https:\/\/thoro.com.mx\/ethoro\/shop\/"},{"@type":"ListItem","position":3,"name":"JUEGO DE LLAVES COMBINADAS URREA 1200FC CON 16 PIEZAS PULIDO ESPEJO DE 12 PUNTAS"}]},{"@type":"WebSite","@id":"https:\/\/72.167.50.119\/ethoro\/#website","url":"https:\/\/72.167.50.119\/ethoro\/","name":"Thoro Enterprises de M\u00e9xico","description":"Todo en Thoro","publisher":{"@id":"https:\/\/72.167.50.119\/ethoro\/#organization"},"alternateName":"Thoro shop","potentialAction":[{"@type":"SearchAction","target":{"@type":"EntryPoint","urlTemplate":"https:\/\/72.167.50.119\/ethoro\/?s={search_term_string}"},"query-input":{"@type":"PropertyValueSpecification","valueRequired":true,"valueName":"search_term_string"}}],"inLanguage":"es"},{"@type":"Organization","@id":"https:\/\/72.167.50.119\/ethoro\/#organization","name":"Thoro Enterprises de M\u00e9xico","alternateName":"Thoro shop","url":"https:\/\/72.167.50.119\/ethoro\/","logo":{"@type":"ImageObject","inLanguage":"es","@id":"https:\/\/72.167.50.119\/ethoro\/#\/schema\/logo\/image\/","url":"https:\/\/72.167.50.119\/ethoro\/wp-content\/uploads\/2025\/01\/cropped-cropped-icono_t-180x180-1.png","contentUrl":"https:\/\/72.167.50.119\/ethoro\/wp-content\/uploads\/2025\/01\/cropped-cropped-icono_t-180x180-1.png","width":512,"height":512,"caption":"Thoro Enterprises de M\u00e9xico"},"image":{"@id":"https:\/\/72.167.50.119\/ethoro\/#\/schema\/logo\/image\/"},"sameAs":["https:\/\/www.facebook.com\/ThoroEnterprises","https:\/\/www.instagram.com\/thoro.mexico\/"]}]}},"_links":{"self":[{"href":"https:\/\/thoro.com.mx\/ethoro\/wp-json\/wp\/v2\/product\/10246","targetHints":{"allow":["GET"]}}],"collection":[{"href":"https:\/\/thoro.com.mx\/ethoro\/wp-json\/wp\/v2\/product"}],"about":[{"href":"https:\/\/thoro.com.mx\/ethoro\/wp-json\/wp\/v2\/types\/product"}],"replies":[{"embeddable":true,"href":"https:\/\/thoro.com.mx\/ethoro\/wp-json\/wp\/v2\/comments?post=10246"}],"wp:featuredmedia":[{"embeddable":true,"href":"https:\/\/thoro.com.mx\/ethoro\/wp-json\/wp\/v2\/media\/10245"}],"wp:attachment":[{"href":"https:\/\/thoro.com.mx\/ethoro\/wp-json\/wp\/v2\/media?parent=10246"}],"wp:term":[{"taxonomy":"product_brand","embeddable":true,"href":"https:\/\/thoro.com.mx\/ethoro\/wp-json\/wp\/v2\/product_brand?post=10246"},{"taxonomy":"product_cat","embeddable":true,"href":"https:\/\/thoro.com.mx\/ethoro\/wp-json\/wp\/v2\/product_cat?post=10246"},{"taxonomy":"product_tag","embeddable":true,"href":"https:\/\/thoro.com.mx\/ethoro\/wp-json\/wp\/v2\/product_tag?post=10246"}],"curies":[{"name":"wp","href":"https:\/\/api.w.org\/{rel}","templated":true}]}}