{"id":10961,"date":"2025-02-05T13:47:20","date_gmt":"2025-02-05T19:47:20","guid":{"rendered":"https:\/\/72.167.50.119\/ethoro\/shop\/sin categor\u00eda\/juego-de-llaves-combinadas-flexibles-urrea-12mf12m-con-12-piezas-metricas\/"},"modified":"2026-04-05T02:54:36","modified_gmt":"2026-04-05T08:54:36","slug":"juego-de-llaves-combinadas-flexibles-urrea-12mf12m-con-12-piezas-metricas","status":"publish","type":"product","link":"https:\/\/thoro.com.mx\/ethoro\/shop\/herramientas\/juegos-de-herramientas-herramientas\/llaves-combinadas-juegos-de-herramientas-herramientas\/juego-de-llaves-combinadas-flexibles-urrea-12mf12m-con-12-piezas-metricas\/","title":{"rendered":"JUEGO DE LLAVES COMBINADAS FLEXIBLES URREA 12MF12M CON 12 PIEZAS METRICAS"},"content":{"rendered":"<h4>12MF12M<\/h4>\n<ul>\n<li>Cromado pulido espejo en acero Cromo-Vanadio<\/li>\n<li>Cabeza flexible de 115\u00b0 con sistema de bloqueo que permite colocar la llave en posici\u00f3n fija con el \u00e1ngulo requerido<\/li>\n<li>Mayor \u00e1rea de contacto que permite un torque sin da\u00f1ar la tuerca alejando la fuerza de sus esquinas<\/li>\n<li>Matraca con 72 dientes y \u00e1ngulo de recuperaci\u00f3n de 5\u00b0 para lugares de dif\u00edcil acceso con mecanismo de bloqueo que proporciona posici\u00f3n fija<\/li>\n<\/ul>\n","protected":false},"excerpt":{"rendered":"<p>12MF12M Cromado pulido espejo en acero Cromo-Vanadio Cabeza flexible de 115\u00b0 con sistema de bloqueo que permite colocar la llave en posici\u00f3n fija con el \u00e1ngulo requerido Mayor \u00e1rea de contacto que permite un torque sin da\u00f1ar la tuerca alejando la fuerza de sus esquinas Matraca con 72 dientes y \u00e1ngulo de recuperaci\u00f3n de 5\u00b0 [&hellip;]<\/p>\n","protected":false},"featured_media":10960,"comment_status":"open","ping_status":"closed","template":"","meta":{"_monsterinsights_skip_tracking":false,"_monsterinsights_sitenote_active":false,"_monsterinsights_sitenote_note":"","_monsterinsights_sitenote_category":0,"_joinchat":[]},"product_brand":[],"product_cat":[405],"product_tag":[],"class_list":{"0":"post-10961","1":"product","2":"type-product","3":"status-publish","4":"has-post-thumbnail","6":"product_cat-llaves-combinadas-juegos-de-herramientas-herramientas","8":"first","9":"outofstock","10":"taxable","11":"shipping-taxable","12":"purchasable","13":"product-type-simple","14":"add-to-wishlist-after_add_to_cart"},"yoast_head":"<!-- This site is optimized with the Yoast SEO plugin v27.1.1 - https:\/\/yoast.com\/product\/yoast-seo-wordpress\/ -->\n<title>JUEGO DE LLAVES COMBINADAS FLEXIBLES URREA 12MF12M CON 12 PIEZAS METRICAS - Thoro enterprises de Mexico<\/title>\n<meta name=\"robots\" content=\"noindex, follow\" \/>\n<meta property=\"og:locale\" content=\"es_MX\" \/>\n<meta property=\"og:type\" content=\"article\" \/>\n<meta property=\"og:title\" content=\"JUEGO DE LLAVES COMBINADAS FLEXIBLES URREA 12MF12M CON 12 PIEZAS METRICAS - Thoro enterprises de Mexico\" \/>\n<meta property=\"og:description\" content=\"12MF12M Cromado pulido espejo en acero Cromo-Vanadio Cabeza flexible de 115\u00b0 con sistema de bloqueo que permite colocar la llave en posici\u00f3n fija con el \u00e1ngulo requerido Mayor \u00e1rea de contacto que permite un torque sin da\u00f1ar la tuerca alejando la fuerza de sus esquinas Matraca con 72 dientes y \u00e1ngulo de recuperaci\u00f3n de 5\u00b0 [&hellip;]\" \/>\n<meta property=\"og:url\" content=\"https:\/\/thoro.com.mx\/ethoro\/shop\/herramientas\/juegos-de-herramientas-herramientas\/llaves-combinadas-juegos-de-herramientas-herramientas\/juego-de-llaves-combinadas-flexibles-urrea-12mf12m-con-12-piezas-metricas\/\" \/>\n<meta property=\"og:site_name\" content=\"Thoro enterprises de Mexico\" \/>\n<meta property=\"article:publisher\" content=\"https:\/\/www.facebook.com\/ThoroEnterprises\" \/>\n<meta property=\"article:modified_time\" content=\"2026-04-05T08:54:36+00:00\" \/>\n<meta property=\"og:image\" content=\"https:\/\/thoro.com.mx\/ethoro\/wp-content\/uploads\/2025\/02\/H4948.jpg\" \/>\n\t<meta property=\"og:image:width\" content=\"1000\" \/>\n\t<meta property=\"og:image:height\" content=\"1000\" \/>\n\t<meta property=\"og:image:type\" content=\"image\/jpeg\" \/>\n<meta name=\"twitter:card\" content=\"summary_large_image\" \/>\n<script type=\"application\/ld+json\" class=\"yoast-schema-graph\">{\"@context\":\"https:\/\/schema.org\",\"@graph\":[{\"@type\":\"WebPage\",\"@id\":\"https:\/\/thoro.com.mx\/ethoro\/shop\/herramientas\/juegos-de-herramientas-herramientas\/llaves-combinadas-juegos-de-herramientas-herramientas\/juego-de-llaves-combinadas-flexibles-urrea-12mf12m-con-12-piezas-metricas\/\",\"url\":\"https:\/\/thoro.com.mx\/ethoro\/shop\/herramientas\/juegos-de-herramientas-herramientas\/llaves-combinadas-juegos-de-herramientas-herramientas\/juego-de-llaves-combinadas-flexibles-urrea-12mf12m-con-12-piezas-metricas\/\",\"name\":\"JUEGO DE LLAVES COMBINADAS FLEXIBLES URREA 12MF12M CON 12 PIEZAS METRICAS - Thoro enterprises de Mexico\",\"isPartOf\":{\"@id\":\"https:\/\/72.167.50.119\/ethoro\/#website\"},\"primaryImageOfPage\":{\"@id\":\"https:\/\/thoro.com.mx\/ethoro\/shop\/herramientas\/juegos-de-herramientas-herramientas\/llaves-combinadas-juegos-de-herramientas-herramientas\/juego-de-llaves-combinadas-flexibles-urrea-12mf12m-con-12-piezas-metricas\/#primaryimage\"},\"image\":{\"@id\":\"https:\/\/thoro.com.mx\/ethoro\/shop\/herramientas\/juegos-de-herramientas-herramientas\/llaves-combinadas-juegos-de-herramientas-herramientas\/juego-de-llaves-combinadas-flexibles-urrea-12mf12m-con-12-piezas-metricas\/#primaryimage\"},\"thumbnailUrl\":\"https:\/\/thoro.com.mx\/ethoro\/wp-content\/uploads\/2025\/02\/H4948.jpg\",\"datePublished\":\"2025-02-05T19:47:20+00:00\",\"dateModified\":\"2026-04-05T08:54:36+00:00\",\"breadcrumb\":{\"@id\":\"https:\/\/thoro.com.mx\/ethoro\/shop\/herramientas\/juegos-de-herramientas-herramientas\/llaves-combinadas-juegos-de-herramientas-herramientas\/juego-de-llaves-combinadas-flexibles-urrea-12mf12m-con-12-piezas-metricas\/#breadcrumb\"},\"inLanguage\":\"es\",\"potentialAction\":[{\"@type\":\"ReadAction\",\"target\":[\"https:\/\/thoro.com.mx\/ethoro\/shop\/herramientas\/juegos-de-herramientas-herramientas\/llaves-combinadas-juegos-de-herramientas-herramientas\/juego-de-llaves-combinadas-flexibles-urrea-12mf12m-con-12-piezas-metricas\/\"]}]},{\"@type\":\"ImageObject\",\"inLanguage\":\"es\",\"@id\":\"https:\/\/thoro.com.mx\/ethoro\/shop\/herramientas\/juegos-de-herramientas-herramientas\/llaves-combinadas-juegos-de-herramientas-herramientas\/juego-de-llaves-combinadas-flexibles-urrea-12mf12m-con-12-piezas-metricas\/#primaryimage\",\"url\":\"https:\/\/thoro.com.mx\/ethoro\/wp-content\/uploads\/2025\/02\/H4948.jpg\",\"contentUrl\":\"https:\/\/thoro.com.mx\/ethoro\/wp-content\/uploads\/2025\/02\/H4948.jpg\",\"width\":1000,\"height\":1000},{\"@type\":\"BreadcrumbList\",\"@id\":\"https:\/\/thoro.com.mx\/ethoro\/shop\/herramientas\/juegos-de-herramientas-herramientas\/llaves-combinadas-juegos-de-herramientas-herramientas\/juego-de-llaves-combinadas-flexibles-urrea-12mf12m-con-12-piezas-metricas\/#breadcrumb\",\"itemListElement\":[{\"@type\":\"ListItem\",\"position\":1,\"name\":\"Inicio\",\"item\":\"https:\/\/thoro.com.mx\/ethoro\/\"},{\"@type\":\"ListItem\",\"position\":2,\"name\":\"Tienda\",\"item\":\"https:\/\/thoro.com.mx\/ethoro\/shop\/\"},{\"@type\":\"ListItem\",\"position\":3,\"name\":\"JUEGO DE LLAVES COMBINADAS FLEXIBLES URREA 12MF12M CON 12 PIEZAS METRICAS\"}]},{\"@type\":\"WebSite\",\"@id\":\"https:\/\/72.167.50.119\/ethoro\/#website\",\"url\":\"https:\/\/72.167.50.119\/ethoro\/\",\"name\":\"Thoro Enterprises de M\u00e9xico\",\"description\":\"Todo en Thoro\",\"publisher\":{\"@id\":\"https:\/\/72.167.50.119\/ethoro\/#organization\"},\"alternateName\":\"Thoro shop\",\"potentialAction\":[{\"@type\":\"SearchAction\",\"target\":{\"@type\":\"EntryPoint\",\"urlTemplate\":\"https:\/\/72.167.50.119\/ethoro\/?s={search_term_string}\"},\"query-input\":{\"@type\":\"PropertyValueSpecification\",\"valueRequired\":true,\"valueName\":\"search_term_string\"}}],\"inLanguage\":\"es\"},{\"@type\":\"Organization\",\"@id\":\"https:\/\/72.167.50.119\/ethoro\/#organization\",\"name\":\"Thoro Enterprises de M\u00e9xico\",\"alternateName\":\"Thoro shop\",\"url\":\"https:\/\/72.167.50.119\/ethoro\/\",\"logo\":{\"@type\":\"ImageObject\",\"inLanguage\":\"es\",\"@id\":\"https:\/\/72.167.50.119\/ethoro\/#\/schema\/logo\/image\/\",\"url\":\"https:\/\/72.167.50.119\/ethoro\/wp-content\/uploads\/2025\/01\/cropped-cropped-icono_t-180x180-1.png\",\"contentUrl\":\"https:\/\/72.167.50.119\/ethoro\/wp-content\/uploads\/2025\/01\/cropped-cropped-icono_t-180x180-1.png\",\"width\":512,\"height\":512,\"caption\":\"Thoro Enterprises de M\u00e9xico\"},\"image\":{\"@id\":\"https:\/\/72.167.50.119\/ethoro\/#\/schema\/logo\/image\/\"},\"sameAs\":[\"https:\/\/www.facebook.com\/ThoroEnterprises\",\"https:\/\/www.instagram.com\/thoro.mexico\/\"]}]}<\/script>\n<!-- \/ Yoast SEO plugin. -->","yoast_head_json":{"title":"JUEGO DE LLAVES COMBINADAS FLEXIBLES URREA 12MF12M CON 12 PIEZAS METRICAS - Thoro enterprises de Mexico","robots":{"index":"noindex","follow":"follow"},"og_locale":"es_MX","og_type":"article","og_title":"JUEGO DE LLAVES COMBINADAS FLEXIBLES URREA 12MF12M CON 12 PIEZAS METRICAS - Thoro enterprises de Mexico","og_description":"12MF12M Cromado pulido espejo en acero Cromo-Vanadio Cabeza flexible de 115\u00b0 con sistema de bloqueo que permite colocar la llave en posici\u00f3n fija con el \u00e1ngulo requerido Mayor \u00e1rea de contacto que permite un torque sin da\u00f1ar la tuerca alejando la fuerza de sus esquinas Matraca con 72 dientes y \u00e1ngulo de recuperaci\u00f3n de 5\u00b0 [&hellip;]","og_url":"https:\/\/thoro.com.mx\/ethoro\/shop\/herramientas\/juegos-de-herramientas-herramientas\/llaves-combinadas-juegos-de-herramientas-herramientas\/juego-de-llaves-combinadas-flexibles-urrea-12mf12m-con-12-piezas-metricas\/","og_site_name":"Thoro enterprises de Mexico","article_publisher":"https:\/\/www.facebook.com\/ThoroEnterprises","article_modified_time":"2026-04-05T08:54:36+00:00","og_image":[{"width":1000,"height":1000,"url":"https:\/\/thoro.com.mx\/ethoro\/wp-content\/uploads\/2025\/02\/H4948.jpg","type":"image\/jpeg"}],"twitter_card":"summary_large_image","schema":{"@context":"https:\/\/schema.org","@graph":[{"@type":"WebPage","@id":"https:\/\/thoro.com.mx\/ethoro\/shop\/herramientas\/juegos-de-herramientas-herramientas\/llaves-combinadas-juegos-de-herramientas-herramientas\/juego-de-llaves-combinadas-flexibles-urrea-12mf12m-con-12-piezas-metricas\/","url":"https:\/\/thoro.com.mx\/ethoro\/shop\/herramientas\/juegos-de-herramientas-herramientas\/llaves-combinadas-juegos-de-herramientas-herramientas\/juego-de-llaves-combinadas-flexibles-urrea-12mf12m-con-12-piezas-metricas\/","name":"JUEGO DE LLAVES COMBINADAS FLEXIBLES URREA 12MF12M CON 12 PIEZAS METRICAS - Thoro enterprises de Mexico","isPartOf":{"@id":"https:\/\/72.167.50.119\/ethoro\/#website"},"primaryImageOfPage":{"@id":"https:\/\/thoro.com.mx\/ethoro\/shop\/herramientas\/juegos-de-herramientas-herramientas\/llaves-combinadas-juegos-de-herramientas-herramientas\/juego-de-llaves-combinadas-flexibles-urrea-12mf12m-con-12-piezas-metricas\/#primaryimage"},"image":{"@id":"https:\/\/thoro.com.mx\/ethoro\/shop\/herramientas\/juegos-de-herramientas-herramientas\/llaves-combinadas-juegos-de-herramientas-herramientas\/juego-de-llaves-combinadas-flexibles-urrea-12mf12m-con-12-piezas-metricas\/#primaryimage"},"thumbnailUrl":"https:\/\/thoro.com.mx\/ethoro\/wp-content\/uploads\/2025\/02\/H4948.jpg","datePublished":"2025-02-05T19:47:20+00:00","dateModified":"2026-04-05T08:54:36+00:00","breadcrumb":{"@id":"https:\/\/thoro.com.mx\/ethoro\/shop\/herramientas\/juegos-de-herramientas-herramientas\/llaves-combinadas-juegos-de-herramientas-herramientas\/juego-de-llaves-combinadas-flexibles-urrea-12mf12m-con-12-piezas-metricas\/#breadcrumb"},"inLanguage":"es","potentialAction":[{"@type":"ReadAction","target":["https:\/\/thoro.com.mx\/ethoro\/shop\/herramientas\/juegos-de-herramientas-herramientas\/llaves-combinadas-juegos-de-herramientas-herramientas\/juego-de-llaves-combinadas-flexibles-urrea-12mf12m-con-12-piezas-metricas\/"]}]},{"@type":"ImageObject","inLanguage":"es","@id":"https:\/\/thoro.com.mx\/ethoro\/shop\/herramientas\/juegos-de-herramientas-herramientas\/llaves-combinadas-juegos-de-herramientas-herramientas\/juego-de-llaves-combinadas-flexibles-urrea-12mf12m-con-12-piezas-metricas\/#primaryimage","url":"https:\/\/thoro.com.mx\/ethoro\/wp-content\/uploads\/2025\/02\/H4948.jpg","contentUrl":"https:\/\/thoro.com.mx\/ethoro\/wp-content\/uploads\/2025\/02\/H4948.jpg","width":1000,"height":1000},{"@type":"BreadcrumbList","@id":"https:\/\/thoro.com.mx\/ethoro\/shop\/herramientas\/juegos-de-herramientas-herramientas\/llaves-combinadas-juegos-de-herramientas-herramientas\/juego-de-llaves-combinadas-flexibles-urrea-12mf12m-con-12-piezas-metricas\/#breadcrumb","itemListElement":[{"@type":"ListItem","position":1,"name":"Inicio","item":"https:\/\/thoro.com.mx\/ethoro\/"},{"@type":"ListItem","position":2,"name":"Tienda","item":"https:\/\/thoro.com.mx\/ethoro\/shop\/"},{"@type":"ListItem","position":3,"name":"JUEGO DE LLAVES COMBINADAS FLEXIBLES URREA 12MF12M CON 12 PIEZAS METRICAS"}]},{"@type":"WebSite","@id":"https:\/\/72.167.50.119\/ethoro\/#website","url":"https:\/\/72.167.50.119\/ethoro\/","name":"Thoro Enterprises de M\u00e9xico","description":"Todo en Thoro","publisher":{"@id":"https:\/\/72.167.50.119\/ethoro\/#organization"},"alternateName":"Thoro shop","potentialAction":[{"@type":"SearchAction","target":{"@type":"EntryPoint","urlTemplate":"https:\/\/72.167.50.119\/ethoro\/?s={search_term_string}"},"query-input":{"@type":"PropertyValueSpecification","valueRequired":true,"valueName":"search_term_string"}}],"inLanguage":"es"},{"@type":"Organization","@id":"https:\/\/72.167.50.119\/ethoro\/#organization","name":"Thoro Enterprises de M\u00e9xico","alternateName":"Thoro shop","url":"https:\/\/72.167.50.119\/ethoro\/","logo":{"@type":"ImageObject","inLanguage":"es","@id":"https:\/\/72.167.50.119\/ethoro\/#\/schema\/logo\/image\/","url":"https:\/\/72.167.50.119\/ethoro\/wp-content\/uploads\/2025\/01\/cropped-cropped-icono_t-180x180-1.png","contentUrl":"https:\/\/72.167.50.119\/ethoro\/wp-content\/uploads\/2025\/01\/cropped-cropped-icono_t-180x180-1.png","width":512,"height":512,"caption":"Thoro Enterprises de M\u00e9xico"},"image":{"@id":"https:\/\/72.167.50.119\/ethoro\/#\/schema\/logo\/image\/"},"sameAs":["https:\/\/www.facebook.com\/ThoroEnterprises","https:\/\/www.instagram.com\/thoro.mexico\/"]}]}},"_links":{"self":[{"href":"https:\/\/thoro.com.mx\/ethoro\/wp-json\/wp\/v2\/product\/10961","targetHints":{"allow":["GET"]}}],"collection":[{"href":"https:\/\/thoro.com.mx\/ethoro\/wp-json\/wp\/v2\/product"}],"about":[{"href":"https:\/\/thoro.com.mx\/ethoro\/wp-json\/wp\/v2\/types\/product"}],"replies":[{"embeddable":true,"href":"https:\/\/thoro.com.mx\/ethoro\/wp-json\/wp\/v2\/comments?post=10961"}],"wp:featuredmedia":[{"embeddable":true,"href":"https:\/\/thoro.com.mx\/ethoro\/wp-json\/wp\/v2\/media\/10960"}],"wp:attachment":[{"href":"https:\/\/thoro.com.mx\/ethoro\/wp-json\/wp\/v2\/media?parent=10961"}],"wp:term":[{"taxonomy":"product_brand","embeddable":true,"href":"https:\/\/thoro.com.mx\/ethoro\/wp-json\/wp\/v2\/product_brand?post=10961"},{"taxonomy":"product_cat","embeddable":true,"href":"https:\/\/thoro.com.mx\/ethoro\/wp-json\/wp\/v2\/product_cat?post=10961"},{"taxonomy":"product_tag","embeddable":true,"href":"https:\/\/thoro.com.mx\/ethoro\/wp-json\/wp\/v2\/product_tag?post=10961"}],"curies":[{"name":"wp","href":"https:\/\/api.w.org\/{rel}","templated":true}]}}