{"id":12492,"date":"2025-02-05T14:06:38","date_gmt":"2025-02-05T20:06:38","guid":{"rendered":"https:\/\/72.167.50.119\/ethoro\/shop\/sin categor\u00eda\/dado-surtek-f5834-en-pulgadas-cuadro-de-1-2-12-puntas-1-1-16\/"},"modified":"2025-11-11T00:56:17","modified_gmt":"2025-11-11T06:56:17","slug":"dado-surtek-f5834-en-pulgadas-cuadro-de-1-2-12-puntas-1-1-16","status":"publish","type":"product","link":"https:\/\/thoro.com.mx\/ethoro\/shop\/herramientas\/herramientas-manuales\/dados\/dado-surtek-f5834-en-pulgadas-cuadro-de-1-2-12-puntas-1-1-16\/","title":{"rendered":"DADO SURTEK F5834 EN PULGADAS CUADRO DE 1\/2&#8221; 12 PUNTAS 1-1\/16&#8221;"},"content":{"rendered":"<h4>F5834<\/h4>\n<ul>\n<li>Acabado cromado para evitar corrosi\u00f3n<\/li>\n<li>Bocas con dise\u00f1o lobular sin esquinas &#8220;SUPER DRIVE&#8221; que eliminan esfuerzos y propician una m\u00e1xima resistencia y duraci\u00f3n<\/li>\n<li>Acero aleado y tratado t\u00e9rmicamente para m\u00e1xima resistencia y duraci\u00f3n<\/li>\n<li>Fabricados en acero cromo vanadio<\/li>\n<li>Medida de cuadro 1\/2&#8243;<\/li>\n<li>Di\u00e1metro exterior de cuadro 1 7\/16&#8243;<\/li>\n<li>Longitud total 1 5\/8&#8243;<\/li>\n<li>Di\u00e1metro exterior de boca 1 7\/16&#8243;<\/li>\n<li>Medida de boca 1 1\/16&#8243;<\/li>\n<\/ul>\n","protected":false},"excerpt":{"rendered":"<p>F5834 Acabado cromado para evitar corrosi\u00f3n Bocas con dise\u00f1o lobular sin esquinas &#8220;SUPER DRIVE&#8221; que eliminan esfuerzos y propician una m\u00e1xima resistencia y duraci\u00f3n Acero aleado y tratado t\u00e9rmicamente para m\u00e1xima resistencia y duraci\u00f3n Fabricados en acero cromo vanadio Medida de cuadro 1\/2&#8243; Di\u00e1metro exterior de cuadro 1 7\/16&#8243; Longitud total 1 5\/8&#8243; Di\u00e1metro exterior [&hellip;]<\/p>\n","protected":false},"featured_media":12491,"comment_status":"open","ping_status":"closed","template":"","meta":{"_monsterinsights_skip_tracking":false,"_monsterinsights_sitenote_active":false,"_monsterinsights_sitenote_note":"","_monsterinsights_sitenote_category":0,"_joinchat":[]},"product_brand":[],"product_cat":[374],"product_tag":[],"class_list":{"0":"post-12492","1":"product","2":"type-product","3":"status-publish","4":"has-post-thumbnail","6":"product_cat-dados","8":"first","9":"outofstock","10":"taxable","11":"shipping-taxable","12":"purchasable","13":"product-type-simple","14":"add-to-wishlist-after_add_to_cart"},"yoast_head":"<!-- This site is optimized with the Yoast SEO plugin v27.1.1 - https:\/\/yoast.com\/product\/yoast-seo-wordpress\/ -->\n<title>DADO SURTEK F5834 EN PULGADAS CUADRO DE 1\/2&#039;&#039; 12 PUNTAS 1-1\/16&#039;&#039; - Thoro enterprises de Mexico<\/title>\n<meta name=\"robots\" content=\"noindex, follow\" \/>\n<meta property=\"og:locale\" content=\"es_MX\" \/>\n<meta property=\"og:type\" content=\"article\" \/>\n<meta property=\"og:title\" content=\"DADO SURTEK F5834 EN PULGADAS CUADRO DE 1\/2&#039;&#039; 12 PUNTAS 1-1\/16&#039;&#039; - Thoro enterprises de Mexico\" \/>\n<meta property=\"og:description\" content=\"F5834 Acabado cromado para evitar corrosi\u00f3n Bocas con dise\u00f1o lobular sin esquinas &#8220;SUPER DRIVE&#8221; que eliminan esfuerzos y propician una m\u00e1xima resistencia y duraci\u00f3n Acero aleado y tratado t\u00e9rmicamente para m\u00e1xima resistencia y duraci\u00f3n Fabricados en acero cromo vanadio Medida de cuadro 1\/2&#8243; Di\u00e1metro exterior de cuadro 1 7\/16&#8243; Longitud total 1 5\/8&#8243; Di\u00e1metro exterior [&hellip;]\" \/>\n<meta property=\"og:url\" content=\"https:\/\/thoro.com.mx\/ethoro\/shop\/herramientas\/herramientas-manuales\/dados\/dado-surtek-f5834-en-pulgadas-cuadro-de-1-2-12-puntas-1-1-16\/\" \/>\n<meta property=\"og:site_name\" content=\"Thoro enterprises de Mexico\" \/>\n<meta property=\"article:publisher\" content=\"https:\/\/www.facebook.com\/ThoroEnterprises\" \/>\n<meta property=\"article:modified_time\" content=\"2025-11-11T06:56:17+00:00\" \/>\n<meta property=\"og:image\" content=\"https:\/\/thoro.com.mx\/ethoro\/wp-content\/uploads\/2025\/02\/H7443.jpg\" \/>\n\t<meta property=\"og:image:width\" content=\"1000\" \/>\n\t<meta property=\"og:image:height\" content=\"1000\" \/>\n\t<meta property=\"og:image:type\" content=\"image\/jpeg\" \/>\n<meta name=\"twitter:card\" content=\"summary_large_image\" \/>\n<script type=\"application\/ld+json\" class=\"yoast-schema-graph\">{\"@context\":\"https:\/\/schema.org\",\"@graph\":[{\"@type\":\"WebPage\",\"@id\":\"https:\/\/thoro.com.mx\/ethoro\/shop\/herramientas\/herramientas-manuales\/dados\/dado-surtek-f5834-en-pulgadas-cuadro-de-1-2-12-puntas-1-1-16\/\",\"url\":\"https:\/\/thoro.com.mx\/ethoro\/shop\/herramientas\/herramientas-manuales\/dados\/dado-surtek-f5834-en-pulgadas-cuadro-de-1-2-12-puntas-1-1-16\/\",\"name\":\"DADO SURTEK F5834 EN PULGADAS CUADRO DE 1\/2'' 12 PUNTAS 1-1\/16'' - Thoro enterprises de Mexico\",\"isPartOf\":{\"@id\":\"https:\/\/72.167.50.119\/ethoro\/#website\"},\"primaryImageOfPage\":{\"@id\":\"https:\/\/thoro.com.mx\/ethoro\/shop\/herramientas\/herramientas-manuales\/dados\/dado-surtek-f5834-en-pulgadas-cuadro-de-1-2-12-puntas-1-1-16\/#primaryimage\"},\"image\":{\"@id\":\"https:\/\/thoro.com.mx\/ethoro\/shop\/herramientas\/herramientas-manuales\/dados\/dado-surtek-f5834-en-pulgadas-cuadro-de-1-2-12-puntas-1-1-16\/#primaryimage\"},\"thumbnailUrl\":\"https:\/\/thoro.com.mx\/ethoro\/wp-content\/uploads\/2025\/02\/H7443.jpg\",\"datePublished\":\"2025-02-05T20:06:38+00:00\",\"dateModified\":\"2025-11-11T06:56:17+00:00\",\"breadcrumb\":{\"@id\":\"https:\/\/thoro.com.mx\/ethoro\/shop\/herramientas\/herramientas-manuales\/dados\/dado-surtek-f5834-en-pulgadas-cuadro-de-1-2-12-puntas-1-1-16\/#breadcrumb\"},\"inLanguage\":\"es\",\"potentialAction\":[{\"@type\":\"ReadAction\",\"target\":[\"https:\/\/thoro.com.mx\/ethoro\/shop\/herramientas\/herramientas-manuales\/dados\/dado-surtek-f5834-en-pulgadas-cuadro-de-1-2-12-puntas-1-1-16\/\"]}]},{\"@type\":\"ImageObject\",\"inLanguage\":\"es\",\"@id\":\"https:\/\/thoro.com.mx\/ethoro\/shop\/herramientas\/herramientas-manuales\/dados\/dado-surtek-f5834-en-pulgadas-cuadro-de-1-2-12-puntas-1-1-16\/#primaryimage\",\"url\":\"https:\/\/thoro.com.mx\/ethoro\/wp-content\/uploads\/2025\/02\/H7443.jpg\",\"contentUrl\":\"https:\/\/thoro.com.mx\/ethoro\/wp-content\/uploads\/2025\/02\/H7443.jpg\",\"width\":1000,\"height\":1000},{\"@type\":\"BreadcrumbList\",\"@id\":\"https:\/\/thoro.com.mx\/ethoro\/shop\/herramientas\/herramientas-manuales\/dados\/dado-surtek-f5834-en-pulgadas-cuadro-de-1-2-12-puntas-1-1-16\/#breadcrumb\",\"itemListElement\":[{\"@type\":\"ListItem\",\"position\":1,\"name\":\"Inicio\",\"item\":\"https:\/\/thoro.com.mx\/ethoro\/\"},{\"@type\":\"ListItem\",\"position\":2,\"name\":\"Tienda\",\"item\":\"https:\/\/thoro.com.mx\/ethoro\/shop\/\"},{\"@type\":\"ListItem\",\"position\":3,\"name\":\"DADO SURTEK F5834 EN PULGADAS CUADRO DE 1\/2&#8221; 12 PUNTAS 1-1\/16&#8221;\"}]},{\"@type\":\"WebSite\",\"@id\":\"https:\/\/72.167.50.119\/ethoro\/#website\",\"url\":\"https:\/\/72.167.50.119\/ethoro\/\",\"name\":\"Thoro Enterprises de M\u00e9xico\",\"description\":\"Todo en Thoro\",\"publisher\":{\"@id\":\"https:\/\/72.167.50.119\/ethoro\/#organization\"},\"alternateName\":\"Thoro shop\",\"potentialAction\":[{\"@type\":\"SearchAction\",\"target\":{\"@type\":\"EntryPoint\",\"urlTemplate\":\"https:\/\/72.167.50.119\/ethoro\/?s={search_term_string}\"},\"query-input\":{\"@type\":\"PropertyValueSpecification\",\"valueRequired\":true,\"valueName\":\"search_term_string\"}}],\"inLanguage\":\"es\"},{\"@type\":\"Organization\",\"@id\":\"https:\/\/72.167.50.119\/ethoro\/#organization\",\"name\":\"Thoro Enterprises de M\u00e9xico\",\"alternateName\":\"Thoro shop\",\"url\":\"https:\/\/72.167.50.119\/ethoro\/\",\"logo\":{\"@type\":\"ImageObject\",\"inLanguage\":\"es\",\"@id\":\"https:\/\/72.167.50.119\/ethoro\/#\/schema\/logo\/image\/\",\"url\":\"https:\/\/72.167.50.119\/ethoro\/wp-content\/uploads\/2025\/01\/cropped-cropped-icono_t-180x180-1.png\",\"contentUrl\":\"https:\/\/72.167.50.119\/ethoro\/wp-content\/uploads\/2025\/01\/cropped-cropped-icono_t-180x180-1.png\",\"width\":512,\"height\":512,\"caption\":\"Thoro Enterprises de M\u00e9xico\"},\"image\":{\"@id\":\"https:\/\/72.167.50.119\/ethoro\/#\/schema\/logo\/image\/\"},\"sameAs\":[\"https:\/\/www.facebook.com\/ThoroEnterprises\",\"https:\/\/www.instagram.com\/thoro.mexico\/\"]}]}<\/script>\n<!-- \/ Yoast SEO plugin. -->","yoast_head_json":{"title":"DADO SURTEK F5834 EN PULGADAS CUADRO DE 1\/2'' 12 PUNTAS 1-1\/16'' - Thoro enterprises de Mexico","robots":{"index":"noindex","follow":"follow"},"og_locale":"es_MX","og_type":"article","og_title":"DADO SURTEK F5834 EN PULGADAS CUADRO DE 1\/2'' 12 PUNTAS 1-1\/16'' - Thoro enterprises de Mexico","og_description":"F5834 Acabado cromado para evitar corrosi\u00f3n Bocas con dise\u00f1o lobular sin esquinas &#8220;SUPER DRIVE&#8221; que eliminan esfuerzos y propician una m\u00e1xima resistencia y duraci\u00f3n Acero aleado y tratado t\u00e9rmicamente para m\u00e1xima resistencia y duraci\u00f3n Fabricados en acero cromo vanadio Medida de cuadro 1\/2&#8243; Di\u00e1metro exterior de cuadro 1 7\/16&#8243; Longitud total 1 5\/8&#8243; Di\u00e1metro exterior [&hellip;]","og_url":"https:\/\/thoro.com.mx\/ethoro\/shop\/herramientas\/herramientas-manuales\/dados\/dado-surtek-f5834-en-pulgadas-cuadro-de-1-2-12-puntas-1-1-16\/","og_site_name":"Thoro enterprises de Mexico","article_publisher":"https:\/\/www.facebook.com\/ThoroEnterprises","article_modified_time":"2025-11-11T06:56:17+00:00","og_image":[{"width":1000,"height":1000,"url":"https:\/\/thoro.com.mx\/ethoro\/wp-content\/uploads\/2025\/02\/H7443.jpg","type":"image\/jpeg"}],"twitter_card":"summary_large_image","schema":{"@context":"https:\/\/schema.org","@graph":[{"@type":"WebPage","@id":"https:\/\/thoro.com.mx\/ethoro\/shop\/herramientas\/herramientas-manuales\/dados\/dado-surtek-f5834-en-pulgadas-cuadro-de-1-2-12-puntas-1-1-16\/","url":"https:\/\/thoro.com.mx\/ethoro\/shop\/herramientas\/herramientas-manuales\/dados\/dado-surtek-f5834-en-pulgadas-cuadro-de-1-2-12-puntas-1-1-16\/","name":"DADO SURTEK F5834 EN PULGADAS CUADRO DE 1\/2'' 12 PUNTAS 1-1\/16'' - Thoro enterprises de Mexico","isPartOf":{"@id":"https:\/\/72.167.50.119\/ethoro\/#website"},"primaryImageOfPage":{"@id":"https:\/\/thoro.com.mx\/ethoro\/shop\/herramientas\/herramientas-manuales\/dados\/dado-surtek-f5834-en-pulgadas-cuadro-de-1-2-12-puntas-1-1-16\/#primaryimage"},"image":{"@id":"https:\/\/thoro.com.mx\/ethoro\/shop\/herramientas\/herramientas-manuales\/dados\/dado-surtek-f5834-en-pulgadas-cuadro-de-1-2-12-puntas-1-1-16\/#primaryimage"},"thumbnailUrl":"https:\/\/thoro.com.mx\/ethoro\/wp-content\/uploads\/2025\/02\/H7443.jpg","datePublished":"2025-02-05T20:06:38+00:00","dateModified":"2025-11-11T06:56:17+00:00","breadcrumb":{"@id":"https:\/\/thoro.com.mx\/ethoro\/shop\/herramientas\/herramientas-manuales\/dados\/dado-surtek-f5834-en-pulgadas-cuadro-de-1-2-12-puntas-1-1-16\/#breadcrumb"},"inLanguage":"es","potentialAction":[{"@type":"ReadAction","target":["https:\/\/thoro.com.mx\/ethoro\/shop\/herramientas\/herramientas-manuales\/dados\/dado-surtek-f5834-en-pulgadas-cuadro-de-1-2-12-puntas-1-1-16\/"]}]},{"@type":"ImageObject","inLanguage":"es","@id":"https:\/\/thoro.com.mx\/ethoro\/shop\/herramientas\/herramientas-manuales\/dados\/dado-surtek-f5834-en-pulgadas-cuadro-de-1-2-12-puntas-1-1-16\/#primaryimage","url":"https:\/\/thoro.com.mx\/ethoro\/wp-content\/uploads\/2025\/02\/H7443.jpg","contentUrl":"https:\/\/thoro.com.mx\/ethoro\/wp-content\/uploads\/2025\/02\/H7443.jpg","width":1000,"height":1000},{"@type":"BreadcrumbList","@id":"https:\/\/thoro.com.mx\/ethoro\/shop\/herramientas\/herramientas-manuales\/dados\/dado-surtek-f5834-en-pulgadas-cuadro-de-1-2-12-puntas-1-1-16\/#breadcrumb","itemListElement":[{"@type":"ListItem","position":1,"name":"Inicio","item":"https:\/\/thoro.com.mx\/ethoro\/"},{"@type":"ListItem","position":2,"name":"Tienda","item":"https:\/\/thoro.com.mx\/ethoro\/shop\/"},{"@type":"ListItem","position":3,"name":"DADO SURTEK F5834 EN PULGADAS CUADRO DE 1\/2&#8221; 12 PUNTAS 1-1\/16&#8221;"}]},{"@type":"WebSite","@id":"https:\/\/72.167.50.119\/ethoro\/#website","url":"https:\/\/72.167.50.119\/ethoro\/","name":"Thoro Enterprises de M\u00e9xico","description":"Todo en Thoro","publisher":{"@id":"https:\/\/72.167.50.119\/ethoro\/#organization"},"alternateName":"Thoro shop","potentialAction":[{"@type":"SearchAction","target":{"@type":"EntryPoint","urlTemplate":"https:\/\/72.167.50.119\/ethoro\/?s={search_term_string}"},"query-input":{"@type":"PropertyValueSpecification","valueRequired":true,"valueName":"search_term_string"}}],"inLanguage":"es"},{"@type":"Organization","@id":"https:\/\/72.167.50.119\/ethoro\/#organization","name":"Thoro Enterprises de M\u00e9xico","alternateName":"Thoro shop","url":"https:\/\/72.167.50.119\/ethoro\/","logo":{"@type":"ImageObject","inLanguage":"es","@id":"https:\/\/72.167.50.119\/ethoro\/#\/schema\/logo\/image\/","url":"https:\/\/72.167.50.119\/ethoro\/wp-content\/uploads\/2025\/01\/cropped-cropped-icono_t-180x180-1.png","contentUrl":"https:\/\/72.167.50.119\/ethoro\/wp-content\/uploads\/2025\/01\/cropped-cropped-icono_t-180x180-1.png","width":512,"height":512,"caption":"Thoro Enterprises de M\u00e9xico"},"image":{"@id":"https:\/\/72.167.50.119\/ethoro\/#\/schema\/logo\/image\/"},"sameAs":["https:\/\/www.facebook.com\/ThoroEnterprises","https:\/\/www.instagram.com\/thoro.mexico\/"]}]}},"_links":{"self":[{"href":"https:\/\/thoro.com.mx\/ethoro\/wp-json\/wp\/v2\/product\/12492","targetHints":{"allow":["GET"]}}],"collection":[{"href":"https:\/\/thoro.com.mx\/ethoro\/wp-json\/wp\/v2\/product"}],"about":[{"href":"https:\/\/thoro.com.mx\/ethoro\/wp-json\/wp\/v2\/types\/product"}],"replies":[{"embeddable":true,"href":"https:\/\/thoro.com.mx\/ethoro\/wp-json\/wp\/v2\/comments?post=12492"}],"wp:featuredmedia":[{"embeddable":true,"href":"https:\/\/thoro.com.mx\/ethoro\/wp-json\/wp\/v2\/media\/12491"}],"wp:attachment":[{"href":"https:\/\/thoro.com.mx\/ethoro\/wp-json\/wp\/v2\/media?parent=12492"}],"wp:term":[{"taxonomy":"product_brand","embeddable":true,"href":"https:\/\/thoro.com.mx\/ethoro\/wp-json\/wp\/v2\/product_brand?post=12492"},{"taxonomy":"product_cat","embeddable":true,"href":"https:\/\/thoro.com.mx\/ethoro\/wp-json\/wp\/v2\/product_cat?post=12492"},{"taxonomy":"product_tag","embeddable":true,"href":"https:\/\/thoro.com.mx\/ethoro\/wp-json\/wp\/v2\/product_tag?post=12492"}],"curies":[{"name":"wp","href":"https:\/\/api.w.org\/{rel}","templated":true}]}}