{"id":14443,"date":"2025-02-05T14:34:08","date_gmt":"2025-02-05T20:34:08","guid":{"rendered":"https:\/\/72.167.50.119\/ethoro\/shop\/sin categor\u00eda\/pala-cuadrada-surtek-130621-ind-puno-y-metal\/"},"modified":"2026-04-08T03:01:29","modified_gmt":"2026-04-08T09:01:29","slug":"pala-cuadrada-surtek-130621-ind-puno-y-metal","status":"publish","type":"product","link":"https:\/\/thoro.com.mx\/ethoro\/shop\/herramientas\/herramientas-para-campo-y-jardin\/palas-herramientas-para-campo-y-jardin\/pala-cuadrada-surtek-130621-ind-puno-y-metal\/","title":{"rendered":"PALA CUADRADA SURTEK 130621 IND PU\u00d1O Y METAL"},"content":{"rendered":"<h4>130621<\/h4>\n<ul>\n<li>Cabeza de acero al alto carbono SAE 1035, calibre 16<\/li>\n<li>Doble tratamiento t\u00e9rmico<\/li>\n<li>Dureza de 43 a 47 hrc (rockwell c)<\/li>\n<li>Hombros doblados hacia atr\u00e1s para reforzar la estructura de la hoja lo cual permite un mejor apoyo en el pie<\/li>\n<li>Pu\u00f1o con asas met\u00e1licas remachadas al cabo, acabado con protecci\u00f3n ideal contra rayaduras<\/li>\n<li>Calibre: 16<\/li>\n<li>Dureza: 43 A 47 Hrc<\/li>\n<li>Longitud mango: 30&#8243;<\/li>\n<li>Material de mango: madera<\/li>\n<li>Ancho de hoja: 9 1\/2&#8243;<\/li>\n<li>Tipo de mango: Ergon\u00f3mico con empu\u00f1adura en Y<\/li>\n<li>Material de hoja: Acero alto carbono<\/li>\n<li>Tipo de pala: Cuadrada<\/li>\n<\/ul>\n","protected":false},"excerpt":{"rendered":"<p>130621 Cabeza de acero al alto carbono SAE 1035, calibre 16 Doble tratamiento t\u00e9rmico Dureza de 43 a 47 hrc (rockwell c) Hombros doblados hacia atr\u00e1s para reforzar la estructura de la hoja lo cual permite un mejor apoyo en el pie Pu\u00f1o con asas met\u00e1licas remachadas al cabo, acabado con protecci\u00f3n ideal contra rayaduras [&hellip;]<\/p>\n","protected":false},"featured_media":14442,"comment_status":"open","ping_status":"closed","template":"","meta":{"_monsterinsights_skip_tracking":false,"_monsterinsights_sitenote_active":false,"_monsterinsights_sitenote_note":"","_monsterinsights_sitenote_category":0,"_joinchat":[]},"product_brand":[],"product_cat":[6227],"product_tag":[],"class_list":{"0":"post-14443","1":"product","2":"type-product","3":"status-publish","4":"has-post-thumbnail","6":"product_cat-palas-herramientas-para-campo-y-jardin","8":"first","9":"instock","10":"sale","11":"taxable","12":"shipping-taxable","13":"purchasable","14":"product-type-simple","15":"add-to-wishlist-after_add_to_cart"},"yoast_head":"<!-- This site is optimized with the Yoast SEO plugin v27.1.1 - https:\/\/yoast.com\/product\/yoast-seo-wordpress\/ -->\n<title>PALA CUADRADA SURTEK 130621 IND PU\u00d1O Y METAL - Thoro enterprises de Mexico<\/title>\n<meta name=\"robots\" content=\"noindex, follow\" \/>\n<meta property=\"og:locale\" content=\"es_MX\" \/>\n<meta property=\"og:type\" content=\"article\" \/>\n<meta property=\"og:title\" content=\"PALA CUADRADA SURTEK 130621 IND PU\u00d1O Y METAL - Thoro enterprises de Mexico\" \/>\n<meta property=\"og:description\" content=\"130621 Cabeza de acero al alto carbono SAE 1035, calibre 16 Doble tratamiento t\u00e9rmico Dureza de 43 a 47 hrc (rockwell c) Hombros doblados hacia atr\u00e1s para reforzar la estructura de la hoja lo cual permite un mejor apoyo en el pie Pu\u00f1o con asas met\u00e1licas remachadas al cabo, acabado con protecci\u00f3n ideal contra rayaduras [&hellip;]\" \/>\n<meta property=\"og:url\" content=\"https:\/\/thoro.com.mx\/ethoro\/shop\/herramientas\/herramientas-para-campo-y-jardin\/palas-herramientas-para-campo-y-jardin\/pala-cuadrada-surtek-130621-ind-puno-y-metal\/\" \/>\n<meta property=\"og:site_name\" content=\"Thoro enterprises de Mexico\" \/>\n<meta property=\"article:publisher\" content=\"https:\/\/www.facebook.com\/ThoroEnterprises\" \/>\n<meta property=\"article:modified_time\" content=\"2026-04-08T09:01:29+00:00\" \/>\n<meta property=\"og:image\" content=\"https:\/\/thoro.com.mx\/ethoro\/wp-content\/uploads\/2025\/02\/H9718.jpg\" \/>\n\t<meta property=\"og:image:width\" content=\"1000\" \/>\n\t<meta property=\"og:image:height\" content=\"1000\" \/>\n\t<meta property=\"og:image:type\" content=\"image\/jpeg\" \/>\n<meta name=\"twitter:card\" content=\"summary_large_image\" \/>\n<script type=\"application\/ld+json\" class=\"yoast-schema-graph\">{\"@context\":\"https:\/\/schema.org\",\"@graph\":[{\"@type\":\"WebPage\",\"@id\":\"https:\/\/thoro.com.mx\/ethoro\/shop\/herramientas\/herramientas-para-campo-y-jardin\/palas-herramientas-para-campo-y-jardin\/pala-cuadrada-surtek-130621-ind-puno-y-metal\/\",\"url\":\"https:\/\/thoro.com.mx\/ethoro\/shop\/herramientas\/herramientas-para-campo-y-jardin\/palas-herramientas-para-campo-y-jardin\/pala-cuadrada-surtek-130621-ind-puno-y-metal\/\",\"name\":\"PALA CUADRADA SURTEK 130621 IND PU\u00d1O Y METAL - Thoro enterprises de Mexico\",\"isPartOf\":{\"@id\":\"https:\/\/72.167.50.119\/ethoro\/#website\"},\"primaryImageOfPage\":{\"@id\":\"https:\/\/thoro.com.mx\/ethoro\/shop\/herramientas\/herramientas-para-campo-y-jardin\/palas-herramientas-para-campo-y-jardin\/pala-cuadrada-surtek-130621-ind-puno-y-metal\/#primaryimage\"},\"image\":{\"@id\":\"https:\/\/thoro.com.mx\/ethoro\/shop\/herramientas\/herramientas-para-campo-y-jardin\/palas-herramientas-para-campo-y-jardin\/pala-cuadrada-surtek-130621-ind-puno-y-metal\/#primaryimage\"},\"thumbnailUrl\":\"https:\/\/thoro.com.mx\/ethoro\/wp-content\/uploads\/2025\/02\/H9718.jpg\",\"datePublished\":\"2025-02-05T20:34:08+00:00\",\"dateModified\":\"2026-04-08T09:01:29+00:00\",\"breadcrumb\":{\"@id\":\"https:\/\/thoro.com.mx\/ethoro\/shop\/herramientas\/herramientas-para-campo-y-jardin\/palas-herramientas-para-campo-y-jardin\/pala-cuadrada-surtek-130621-ind-puno-y-metal\/#breadcrumb\"},\"inLanguage\":\"es\",\"potentialAction\":[{\"@type\":\"ReadAction\",\"target\":[\"https:\/\/thoro.com.mx\/ethoro\/shop\/herramientas\/herramientas-para-campo-y-jardin\/palas-herramientas-para-campo-y-jardin\/pala-cuadrada-surtek-130621-ind-puno-y-metal\/\"]}]},{\"@type\":\"ImageObject\",\"inLanguage\":\"es\",\"@id\":\"https:\/\/thoro.com.mx\/ethoro\/shop\/herramientas\/herramientas-para-campo-y-jardin\/palas-herramientas-para-campo-y-jardin\/pala-cuadrada-surtek-130621-ind-puno-y-metal\/#primaryimage\",\"url\":\"https:\/\/thoro.com.mx\/ethoro\/wp-content\/uploads\/2025\/02\/H9718.jpg\",\"contentUrl\":\"https:\/\/thoro.com.mx\/ethoro\/wp-content\/uploads\/2025\/02\/H9718.jpg\",\"width\":1000,\"height\":1000},{\"@type\":\"BreadcrumbList\",\"@id\":\"https:\/\/thoro.com.mx\/ethoro\/shop\/herramientas\/herramientas-para-campo-y-jardin\/palas-herramientas-para-campo-y-jardin\/pala-cuadrada-surtek-130621-ind-puno-y-metal\/#breadcrumb\",\"itemListElement\":[{\"@type\":\"ListItem\",\"position\":1,\"name\":\"Inicio\",\"item\":\"https:\/\/thoro.com.mx\/ethoro\/\"},{\"@type\":\"ListItem\",\"position\":2,\"name\":\"Tienda\",\"item\":\"https:\/\/thoro.com.mx\/ethoro\/shop\/\"},{\"@type\":\"ListItem\",\"position\":3,\"name\":\"PALA CUADRADA SURTEK 130621 IND PU\u00d1O Y METAL\"}]},{\"@type\":\"WebSite\",\"@id\":\"https:\/\/72.167.50.119\/ethoro\/#website\",\"url\":\"https:\/\/72.167.50.119\/ethoro\/\",\"name\":\"Thoro Enterprises de M\u00e9xico\",\"description\":\"Todo en Thoro\",\"publisher\":{\"@id\":\"https:\/\/72.167.50.119\/ethoro\/#organization\"},\"alternateName\":\"Thoro shop\",\"potentialAction\":[{\"@type\":\"SearchAction\",\"target\":{\"@type\":\"EntryPoint\",\"urlTemplate\":\"https:\/\/72.167.50.119\/ethoro\/?s={search_term_string}\"},\"query-input\":{\"@type\":\"PropertyValueSpecification\",\"valueRequired\":true,\"valueName\":\"search_term_string\"}}],\"inLanguage\":\"es\"},{\"@type\":\"Organization\",\"@id\":\"https:\/\/72.167.50.119\/ethoro\/#organization\",\"name\":\"Thoro Enterprises de M\u00e9xico\",\"alternateName\":\"Thoro shop\",\"url\":\"https:\/\/72.167.50.119\/ethoro\/\",\"logo\":{\"@type\":\"ImageObject\",\"inLanguage\":\"es\",\"@id\":\"https:\/\/72.167.50.119\/ethoro\/#\/schema\/logo\/image\/\",\"url\":\"https:\/\/72.167.50.119\/ethoro\/wp-content\/uploads\/2025\/01\/cropped-cropped-icono_t-180x180-1.png\",\"contentUrl\":\"https:\/\/72.167.50.119\/ethoro\/wp-content\/uploads\/2025\/01\/cropped-cropped-icono_t-180x180-1.png\",\"width\":512,\"height\":512,\"caption\":\"Thoro Enterprises de M\u00e9xico\"},\"image\":{\"@id\":\"https:\/\/72.167.50.119\/ethoro\/#\/schema\/logo\/image\/\"},\"sameAs\":[\"https:\/\/www.facebook.com\/ThoroEnterprises\",\"https:\/\/www.instagram.com\/thoro.mexico\/\"]}]}<\/script>\n<!-- \/ Yoast SEO plugin. -->","yoast_head_json":{"title":"PALA CUADRADA SURTEK 130621 IND PU\u00d1O Y METAL - Thoro enterprises de Mexico","robots":{"index":"noindex","follow":"follow"},"og_locale":"es_MX","og_type":"article","og_title":"PALA CUADRADA SURTEK 130621 IND PU\u00d1O Y METAL - Thoro enterprises de Mexico","og_description":"130621 Cabeza de acero al alto carbono SAE 1035, calibre 16 Doble tratamiento t\u00e9rmico Dureza de 43 a 47 hrc (rockwell c) Hombros doblados hacia atr\u00e1s para reforzar la estructura de la hoja lo cual permite un mejor apoyo en el pie Pu\u00f1o con asas met\u00e1licas remachadas al cabo, acabado con protecci\u00f3n ideal contra rayaduras [&hellip;]","og_url":"https:\/\/thoro.com.mx\/ethoro\/shop\/herramientas\/herramientas-para-campo-y-jardin\/palas-herramientas-para-campo-y-jardin\/pala-cuadrada-surtek-130621-ind-puno-y-metal\/","og_site_name":"Thoro enterprises de Mexico","article_publisher":"https:\/\/www.facebook.com\/ThoroEnterprises","article_modified_time":"2026-04-08T09:01:29+00:00","og_image":[{"width":1000,"height":1000,"url":"https:\/\/thoro.com.mx\/ethoro\/wp-content\/uploads\/2025\/02\/H9718.jpg","type":"image\/jpeg"}],"twitter_card":"summary_large_image","schema":{"@context":"https:\/\/schema.org","@graph":[{"@type":"WebPage","@id":"https:\/\/thoro.com.mx\/ethoro\/shop\/herramientas\/herramientas-para-campo-y-jardin\/palas-herramientas-para-campo-y-jardin\/pala-cuadrada-surtek-130621-ind-puno-y-metal\/","url":"https:\/\/thoro.com.mx\/ethoro\/shop\/herramientas\/herramientas-para-campo-y-jardin\/palas-herramientas-para-campo-y-jardin\/pala-cuadrada-surtek-130621-ind-puno-y-metal\/","name":"PALA CUADRADA SURTEK 130621 IND PU\u00d1O Y METAL - Thoro enterprises de Mexico","isPartOf":{"@id":"https:\/\/72.167.50.119\/ethoro\/#website"},"primaryImageOfPage":{"@id":"https:\/\/thoro.com.mx\/ethoro\/shop\/herramientas\/herramientas-para-campo-y-jardin\/palas-herramientas-para-campo-y-jardin\/pala-cuadrada-surtek-130621-ind-puno-y-metal\/#primaryimage"},"image":{"@id":"https:\/\/thoro.com.mx\/ethoro\/shop\/herramientas\/herramientas-para-campo-y-jardin\/palas-herramientas-para-campo-y-jardin\/pala-cuadrada-surtek-130621-ind-puno-y-metal\/#primaryimage"},"thumbnailUrl":"https:\/\/thoro.com.mx\/ethoro\/wp-content\/uploads\/2025\/02\/H9718.jpg","datePublished":"2025-02-05T20:34:08+00:00","dateModified":"2026-04-08T09:01:29+00:00","breadcrumb":{"@id":"https:\/\/thoro.com.mx\/ethoro\/shop\/herramientas\/herramientas-para-campo-y-jardin\/palas-herramientas-para-campo-y-jardin\/pala-cuadrada-surtek-130621-ind-puno-y-metal\/#breadcrumb"},"inLanguage":"es","potentialAction":[{"@type":"ReadAction","target":["https:\/\/thoro.com.mx\/ethoro\/shop\/herramientas\/herramientas-para-campo-y-jardin\/palas-herramientas-para-campo-y-jardin\/pala-cuadrada-surtek-130621-ind-puno-y-metal\/"]}]},{"@type":"ImageObject","inLanguage":"es","@id":"https:\/\/thoro.com.mx\/ethoro\/shop\/herramientas\/herramientas-para-campo-y-jardin\/palas-herramientas-para-campo-y-jardin\/pala-cuadrada-surtek-130621-ind-puno-y-metal\/#primaryimage","url":"https:\/\/thoro.com.mx\/ethoro\/wp-content\/uploads\/2025\/02\/H9718.jpg","contentUrl":"https:\/\/thoro.com.mx\/ethoro\/wp-content\/uploads\/2025\/02\/H9718.jpg","width":1000,"height":1000},{"@type":"BreadcrumbList","@id":"https:\/\/thoro.com.mx\/ethoro\/shop\/herramientas\/herramientas-para-campo-y-jardin\/palas-herramientas-para-campo-y-jardin\/pala-cuadrada-surtek-130621-ind-puno-y-metal\/#breadcrumb","itemListElement":[{"@type":"ListItem","position":1,"name":"Inicio","item":"https:\/\/thoro.com.mx\/ethoro\/"},{"@type":"ListItem","position":2,"name":"Tienda","item":"https:\/\/thoro.com.mx\/ethoro\/shop\/"},{"@type":"ListItem","position":3,"name":"PALA CUADRADA SURTEK 130621 IND PU\u00d1O Y METAL"}]},{"@type":"WebSite","@id":"https:\/\/72.167.50.119\/ethoro\/#website","url":"https:\/\/72.167.50.119\/ethoro\/","name":"Thoro Enterprises de M\u00e9xico","description":"Todo en Thoro","publisher":{"@id":"https:\/\/72.167.50.119\/ethoro\/#organization"},"alternateName":"Thoro shop","potentialAction":[{"@type":"SearchAction","target":{"@type":"EntryPoint","urlTemplate":"https:\/\/72.167.50.119\/ethoro\/?s={search_term_string}"},"query-input":{"@type":"PropertyValueSpecification","valueRequired":true,"valueName":"search_term_string"}}],"inLanguage":"es"},{"@type":"Organization","@id":"https:\/\/72.167.50.119\/ethoro\/#organization","name":"Thoro Enterprises de M\u00e9xico","alternateName":"Thoro shop","url":"https:\/\/72.167.50.119\/ethoro\/","logo":{"@type":"ImageObject","inLanguage":"es","@id":"https:\/\/72.167.50.119\/ethoro\/#\/schema\/logo\/image\/","url":"https:\/\/72.167.50.119\/ethoro\/wp-content\/uploads\/2025\/01\/cropped-cropped-icono_t-180x180-1.png","contentUrl":"https:\/\/72.167.50.119\/ethoro\/wp-content\/uploads\/2025\/01\/cropped-cropped-icono_t-180x180-1.png","width":512,"height":512,"caption":"Thoro Enterprises de M\u00e9xico"},"image":{"@id":"https:\/\/72.167.50.119\/ethoro\/#\/schema\/logo\/image\/"},"sameAs":["https:\/\/www.facebook.com\/ThoroEnterprises","https:\/\/www.instagram.com\/thoro.mexico\/"]}]}},"_links":{"self":[{"href":"https:\/\/thoro.com.mx\/ethoro\/wp-json\/wp\/v2\/product\/14443","targetHints":{"allow":["GET"]}}],"collection":[{"href":"https:\/\/thoro.com.mx\/ethoro\/wp-json\/wp\/v2\/product"}],"about":[{"href":"https:\/\/thoro.com.mx\/ethoro\/wp-json\/wp\/v2\/types\/product"}],"replies":[{"embeddable":true,"href":"https:\/\/thoro.com.mx\/ethoro\/wp-json\/wp\/v2\/comments?post=14443"}],"wp:featuredmedia":[{"embeddable":true,"href":"https:\/\/thoro.com.mx\/ethoro\/wp-json\/wp\/v2\/media\/14442"}],"wp:attachment":[{"href":"https:\/\/thoro.com.mx\/ethoro\/wp-json\/wp\/v2\/media?parent=14443"}],"wp:term":[{"taxonomy":"product_brand","embeddable":true,"href":"https:\/\/thoro.com.mx\/ethoro\/wp-json\/wp\/v2\/product_brand?post=14443"},{"taxonomy":"product_cat","embeddable":true,"href":"https:\/\/thoro.com.mx\/ethoro\/wp-json\/wp\/v2\/product_cat?post=14443"},{"taxonomy":"product_tag","embeddable":true,"href":"https:\/\/thoro.com.mx\/ethoro\/wp-json\/wp\/v2\/product_tag?post=14443"}],"curies":[{"name":"wp","href":"https:\/\/api.w.org\/{rel}","templated":true}]}}