{"id":14795,"date":"2025-02-05T14:38:16","date_gmt":"2025-02-05T20:38:16","guid":{"rendered":"https:\/\/72.167.50.119\/ethoro\/shop\/sin categor\u00eda\/reflector-led-delgado-surtek-rfl200-200-watts\/"},"modified":"2026-04-20T01:00:47","modified_gmt":"2026-04-20T07:00:47","slug":"reflector-led-delgado-surtek-rfl200-200-watts","status":"publish","type":"product","link":"https:\/\/thoro.com.mx\/ethoro\/shop\/material-electrico\/iluminacion-material-electrico\/reflectores\/reflector-led-delgado-surtek-rfl200-200-watts\/","title":{"rendered":"REFLECTOR LED DELGADO SURTEK RFL200 200 WATTS"},"content":{"rendered":"<h4>RFL200<\/h4>\n<ul>\n<li>Voltaje 100 &#8211; 250, Watts 200, flujo luminoso 16000 lm, amperaje 1800 mA.<\/li>\n<li>Consumo Energ\u00e9tico 0.20 kWh, tiempo de vida 15000 hr.<\/li>\n<li>A prueba de agua, \u00e1ngulo de iluminaci\u00f3n 222.<\/li>\n<li>Color de temperatura 6500 \u00b0k.<\/li>\n<li>Ideal para iluminaci\u00f3n de autom\u00f3viles, talleres, hogares etc.<\/li>\n<\/ul>\n","protected":false},"excerpt":{"rendered":"<p>RFL200 Voltaje 100 &#8211; 250, Watts 200, flujo luminoso 16000 lm, amperaje 1800 mA. Consumo Energ\u00e9tico 0.20 kWh, tiempo de vida 15000 hr. A prueba de agua, \u00e1ngulo de iluminaci\u00f3n 222. Color de temperatura 6500 \u00b0k. Ideal para iluminaci\u00f3n de autom\u00f3viles, talleres, hogares etc.<\/p>\n","protected":false},"featured_media":0,"comment_status":"open","ping_status":"closed","template":"","meta":{"_monsterinsights_skip_tracking":false,"_monsterinsights_sitenote_active":false,"_monsterinsights_sitenote_note":"","_monsterinsights_sitenote_category":0,"_joinchat":[]},"product_brand":[],"product_cat":[13298],"product_tag":[],"class_list":{"0":"post-14795","1":"product","2":"type-product","3":"status-publish","5":"product_cat-reflectores","7":"first","8":"instock","9":"taxable","10":"shipping-taxable","11":"purchasable","12":"product-type-simple","13":"add-to-wishlist-after_add_to_cart"},"yoast_head":"<!-- This site is optimized with the Yoast SEO plugin v27.3 - https:\/\/yoast.com\/product\/yoast-seo-wordpress\/ -->\n<title>REFLECTOR LED DELGADO SURTEK RFL200 200 WATTS - Thoro enterprises de Mexico<\/title>\n<meta name=\"robots\" content=\"noindex, follow\" \/>\n<meta property=\"og:locale\" content=\"es_MX\" \/>\n<meta property=\"og:type\" content=\"article\" \/>\n<meta property=\"og:title\" content=\"REFLECTOR LED DELGADO SURTEK RFL200 200 WATTS - Thoro enterprises de Mexico\" \/>\n<meta property=\"og:description\" content=\"RFL200 Voltaje 100 &#8211; 250, Watts 200, flujo luminoso 16000 lm, amperaje 1800 mA. Consumo Energ\u00e9tico 0.20 kWh, tiempo de vida 15000 hr. A prueba de agua, \u00e1ngulo de iluminaci\u00f3n 222. Color de temperatura 6500 \u00b0k. Ideal para iluminaci\u00f3n de autom\u00f3viles, talleres, hogares etc.\" \/>\n<meta property=\"og:url\" content=\"https:\/\/thoro.com.mx\/ethoro\/shop\/material-electrico\/iluminacion-material-electrico\/reflectores\/reflector-led-delgado-surtek-rfl200-200-watts\/\" \/>\n<meta property=\"og:site_name\" content=\"Thoro enterprises de Mexico\" \/>\n<meta property=\"article:publisher\" content=\"https:\/\/www.facebook.com\/ThoroEnterprises\" \/>\n<meta property=\"article:modified_time\" content=\"2026-04-20T07:00:47+00:00\" \/>\n<meta property=\"og:image\" content=\"https:\/\/thoro.com.mx\/ethoro\/wp-content\/uploads\/2025\/02\/ME0197.jpg\" \/>\n\t<meta property=\"og:image:width\" content=\"1000\" \/>\n\t<meta property=\"og:image:height\" content=\"1000\" \/>\n\t<meta property=\"og:image:type\" content=\"image\/jpeg\" \/>\n<meta name=\"twitter:card\" content=\"summary_large_image\" \/>\n<script type=\"application\/ld+json\" class=\"yoast-schema-graph\">{\"@context\":\"https:\\\/\\\/schema.org\",\"@graph\":[{\"@type\":\"WebPage\",\"@id\":\"https:\\\/\\\/thoro.com.mx\\\/ethoro\\\/shop\\\/material-electrico\\\/iluminacion-material-electrico\\\/reflectores\\\/reflector-led-delgado-surtek-rfl200-200-watts\\\/\",\"url\":\"https:\\\/\\\/thoro.com.mx\\\/ethoro\\\/shop\\\/material-electrico\\\/iluminacion-material-electrico\\\/reflectores\\\/reflector-led-delgado-surtek-rfl200-200-watts\\\/\",\"name\":\"REFLECTOR LED DELGADO SURTEK RFL200 200 WATTS - Thoro enterprises de Mexico\",\"isPartOf\":{\"@id\":\"https:\\\/\\\/72.167.50.119\\\/ethoro\\\/#website\"},\"datePublished\":\"2025-02-05T20:38:16+00:00\",\"dateModified\":\"2026-04-20T07:00:47+00:00\",\"breadcrumb\":{\"@id\":\"https:\\\/\\\/thoro.com.mx\\\/ethoro\\\/shop\\\/material-electrico\\\/iluminacion-material-electrico\\\/reflectores\\\/reflector-led-delgado-surtek-rfl200-200-watts\\\/#breadcrumb\"},\"inLanguage\":\"es\",\"potentialAction\":[{\"@type\":\"ReadAction\",\"target\":[\"https:\\\/\\\/thoro.com.mx\\\/ethoro\\\/shop\\\/material-electrico\\\/iluminacion-material-electrico\\\/reflectores\\\/reflector-led-delgado-surtek-rfl200-200-watts\\\/\"]}]},{\"@type\":\"BreadcrumbList\",\"@id\":\"https:\\\/\\\/thoro.com.mx\\\/ethoro\\\/shop\\\/material-electrico\\\/iluminacion-material-electrico\\\/reflectores\\\/reflector-led-delgado-surtek-rfl200-200-watts\\\/#breadcrumb\",\"itemListElement\":[{\"@type\":\"ListItem\",\"position\":1,\"name\":\"Inicio\",\"item\":\"https:\\\/\\\/thoro.com.mx\\\/ethoro\\\/\"},{\"@type\":\"ListItem\",\"position\":2,\"name\":\"Tienda\",\"item\":\"https:\\\/\\\/thoro.com.mx\\\/ethoro\\\/shop\\\/\"},{\"@type\":\"ListItem\",\"position\":3,\"name\":\"REFLECTOR LED DELGADO SURTEK RFL200 200 WATTS\"}]},{\"@type\":\"WebSite\",\"@id\":\"https:\\\/\\\/72.167.50.119\\\/ethoro\\\/#website\",\"url\":\"https:\\\/\\\/72.167.50.119\\\/ethoro\\\/\",\"name\":\"Thoro Enterprises de M\u00e9xico\",\"description\":\"Todo en Thoro\",\"publisher\":{\"@id\":\"https:\\\/\\\/72.167.50.119\\\/ethoro\\\/#organization\"},\"alternateName\":\"Thoro shop\",\"potentialAction\":[{\"@type\":\"SearchAction\",\"target\":{\"@type\":\"EntryPoint\",\"urlTemplate\":\"https:\\\/\\\/72.167.50.119\\\/ethoro\\\/?s={search_term_string}\"},\"query-input\":{\"@type\":\"PropertyValueSpecification\",\"valueRequired\":true,\"valueName\":\"search_term_string\"}}],\"inLanguage\":\"es\"},{\"@type\":\"Organization\",\"@id\":\"https:\\\/\\\/72.167.50.119\\\/ethoro\\\/#organization\",\"name\":\"Thoro Enterprises de M\u00e9xico\",\"alternateName\":\"Thoro shop\",\"url\":\"https:\\\/\\\/72.167.50.119\\\/ethoro\\\/\",\"logo\":{\"@type\":\"ImageObject\",\"inLanguage\":\"es\",\"@id\":\"https:\\\/\\\/72.167.50.119\\\/ethoro\\\/#\\\/schema\\\/logo\\\/image\\\/\",\"url\":\"https:\\\/\\\/72.167.50.119\\\/ethoro\\\/wp-content\\\/uploads\\\/2025\\\/01\\\/cropped-cropped-icono_t-180x180-1.png\",\"contentUrl\":\"https:\\\/\\\/72.167.50.119\\\/ethoro\\\/wp-content\\\/uploads\\\/2025\\\/01\\\/cropped-cropped-icono_t-180x180-1.png\",\"width\":512,\"height\":512,\"caption\":\"Thoro Enterprises de M\u00e9xico\"},\"image\":{\"@id\":\"https:\\\/\\\/72.167.50.119\\\/ethoro\\\/#\\\/schema\\\/logo\\\/image\\\/\"},\"sameAs\":[\"https:\\\/\\\/www.facebook.com\\\/ThoroEnterprises\",\"https:\\\/\\\/www.instagram.com\\\/thoro.mexico\\\/\"]}]}<\/script>\n<!-- \/ Yoast SEO plugin. -->","yoast_head_json":{"title":"REFLECTOR LED DELGADO SURTEK RFL200 200 WATTS - Thoro enterprises de Mexico","robots":{"index":"noindex","follow":"follow"},"og_locale":"es_MX","og_type":"article","og_title":"REFLECTOR LED DELGADO SURTEK RFL200 200 WATTS - Thoro enterprises de Mexico","og_description":"RFL200 Voltaje 100 &#8211; 250, Watts 200, flujo luminoso 16000 lm, amperaje 1800 mA. Consumo Energ\u00e9tico 0.20 kWh, tiempo de vida 15000 hr. A prueba de agua, \u00e1ngulo de iluminaci\u00f3n 222. Color de temperatura 6500 \u00b0k. Ideal para iluminaci\u00f3n de autom\u00f3viles, talleres, hogares etc.","og_url":"https:\/\/thoro.com.mx\/ethoro\/shop\/material-electrico\/iluminacion-material-electrico\/reflectores\/reflector-led-delgado-surtek-rfl200-200-watts\/","og_site_name":"Thoro enterprises de Mexico","article_publisher":"https:\/\/www.facebook.com\/ThoroEnterprises","article_modified_time":"2026-04-20T07:00:47+00:00","og_image":[{"width":1000,"height":1000,"url":"https:\/\/thoro.com.mx\/ethoro\/wp-content\/uploads\/2025\/02\/ME0197.jpg","type":"image\/jpeg"}],"twitter_card":"summary_large_image","schema":{"@context":"https:\/\/schema.org","@graph":[{"@type":"WebPage","@id":"https:\/\/thoro.com.mx\/ethoro\/shop\/material-electrico\/iluminacion-material-electrico\/reflectores\/reflector-led-delgado-surtek-rfl200-200-watts\/","url":"https:\/\/thoro.com.mx\/ethoro\/shop\/material-electrico\/iluminacion-material-electrico\/reflectores\/reflector-led-delgado-surtek-rfl200-200-watts\/","name":"REFLECTOR LED DELGADO SURTEK RFL200 200 WATTS - Thoro enterprises de Mexico","isPartOf":{"@id":"https:\/\/72.167.50.119\/ethoro\/#website"},"datePublished":"2025-02-05T20:38:16+00:00","dateModified":"2026-04-20T07:00:47+00:00","breadcrumb":{"@id":"https:\/\/thoro.com.mx\/ethoro\/shop\/material-electrico\/iluminacion-material-electrico\/reflectores\/reflector-led-delgado-surtek-rfl200-200-watts\/#breadcrumb"},"inLanguage":"es","potentialAction":[{"@type":"ReadAction","target":["https:\/\/thoro.com.mx\/ethoro\/shop\/material-electrico\/iluminacion-material-electrico\/reflectores\/reflector-led-delgado-surtek-rfl200-200-watts\/"]}]},{"@type":"BreadcrumbList","@id":"https:\/\/thoro.com.mx\/ethoro\/shop\/material-electrico\/iluminacion-material-electrico\/reflectores\/reflector-led-delgado-surtek-rfl200-200-watts\/#breadcrumb","itemListElement":[{"@type":"ListItem","position":1,"name":"Inicio","item":"https:\/\/thoro.com.mx\/ethoro\/"},{"@type":"ListItem","position":2,"name":"Tienda","item":"https:\/\/thoro.com.mx\/ethoro\/shop\/"},{"@type":"ListItem","position":3,"name":"REFLECTOR LED DELGADO SURTEK RFL200 200 WATTS"}]},{"@type":"WebSite","@id":"https:\/\/72.167.50.119\/ethoro\/#website","url":"https:\/\/72.167.50.119\/ethoro\/","name":"Thoro Enterprises de M\u00e9xico","description":"Todo en Thoro","publisher":{"@id":"https:\/\/72.167.50.119\/ethoro\/#organization"},"alternateName":"Thoro shop","potentialAction":[{"@type":"SearchAction","target":{"@type":"EntryPoint","urlTemplate":"https:\/\/72.167.50.119\/ethoro\/?s={search_term_string}"},"query-input":{"@type":"PropertyValueSpecification","valueRequired":true,"valueName":"search_term_string"}}],"inLanguage":"es"},{"@type":"Organization","@id":"https:\/\/72.167.50.119\/ethoro\/#organization","name":"Thoro Enterprises de M\u00e9xico","alternateName":"Thoro shop","url":"https:\/\/72.167.50.119\/ethoro\/","logo":{"@type":"ImageObject","inLanguage":"es","@id":"https:\/\/72.167.50.119\/ethoro\/#\/schema\/logo\/image\/","url":"https:\/\/72.167.50.119\/ethoro\/wp-content\/uploads\/2025\/01\/cropped-cropped-icono_t-180x180-1.png","contentUrl":"https:\/\/72.167.50.119\/ethoro\/wp-content\/uploads\/2025\/01\/cropped-cropped-icono_t-180x180-1.png","width":512,"height":512,"caption":"Thoro Enterprises de M\u00e9xico"},"image":{"@id":"https:\/\/72.167.50.119\/ethoro\/#\/schema\/logo\/image\/"},"sameAs":["https:\/\/www.facebook.com\/ThoroEnterprises","https:\/\/www.instagram.com\/thoro.mexico\/"]}]}},"_links":{"self":[{"href":"https:\/\/thoro.com.mx\/ethoro\/wp-json\/wp\/v2\/product\/14795","targetHints":{"allow":["GET"]}}],"collection":[{"href":"https:\/\/thoro.com.mx\/ethoro\/wp-json\/wp\/v2\/product"}],"about":[{"href":"https:\/\/thoro.com.mx\/ethoro\/wp-json\/wp\/v2\/types\/product"}],"replies":[{"embeddable":true,"href":"https:\/\/thoro.com.mx\/ethoro\/wp-json\/wp\/v2\/comments?post=14795"}],"wp:attachment":[{"href":"https:\/\/thoro.com.mx\/ethoro\/wp-json\/wp\/v2\/media?parent=14795"}],"wp:term":[{"taxonomy":"product_brand","embeddable":true,"href":"https:\/\/thoro.com.mx\/ethoro\/wp-json\/wp\/v2\/product_brand?post=14795"},{"taxonomy":"product_cat","embeddable":true,"href":"https:\/\/thoro.com.mx\/ethoro\/wp-json\/wp\/v2\/product_cat?post=14795"},{"taxonomy":"product_tag","embeddable":true,"href":"https:\/\/thoro.com.mx\/ethoro\/wp-json\/wp\/v2\/product_tag?post=14795"}],"curies":[{"name":"wp","href":"https:\/\/api.w.org\/{rel}","templated":true}]}}