{"id":17931,"date":"2025-02-05T15:24:00","date_gmt":"2025-02-05T21:24:00","guid":{"rendered":"https:\/\/72.167.50.119\/ethoro\/shop\/sin categor\u00eda\/broche-para-archivo-acco-p1580-paquete-con-50-piezas-de-8-centimetros\/"},"modified":"2026-04-05T02:01:37","modified_gmt":"2026-04-05T08:01:37","slug":"broche-para-archivo-acco-p1580-paquete-con-50-piezas-de-8-centimetros","status":"publish","type":"product","link":"https:\/\/thoro.com.mx\/ethoro\/shop\/papeleria-y-oficina\/perforadoras-y-accesorios\/broches-para-archivo\/broche-para-archivo-acco-p1580-paquete-con-50-piezas-de-8-centimetros\/","title":{"rendered":"BROCHE PARA ARCHIVO ACCO P1580 PAQUETE CON 50 PIEZAS DE 8 CENTIMETROS"},"content":{"rendered":"<h4>P1580<\/h4>\n<ul>\n<li>Para perforados de 2 orificios con separaci\u00f3n de 8 cm<\/li>\n<li>Capacidad hasta 300 hojas<\/li>\n<li>Fabricado en l\u00e1mina de acero electrol\u00edtico que evita la corrosi\u00f3n<\/li>\n<li>Doblez corredizo que impide que se doble en el mismo lugar para evitar que se rompa <\/li>\n<li>Excelente opci\u00f3n para archivar documentos de manera ordenada<\/li>\n<\/ul>\n","protected":false},"excerpt":{"rendered":"<p>P1580 Para perforados de 2 orificios con separaci\u00f3n de 8 cm Capacidad hasta 300 hojas Fabricado en l\u00e1mina de acero electrol\u00edtico que evita la corrosi\u00f3n Doblez corredizo que impide que se doble en el mismo lugar para evitar que se rompa Excelente opci\u00f3n para archivar documentos de manera ordenada<\/p>\n","protected":false},"featured_media":17930,"comment_status":"open","ping_status":"closed","template":"","meta":{"_monsterinsights_skip_tracking":false,"_monsterinsights_sitenote_active":false,"_monsterinsights_sitenote_note":"","_monsterinsights_sitenote_category":0,"_joinchat":[]},"product_brand":[],"product_cat":[16171],"product_tag":[],"class_list":{"0":"post-17931","1":"product","2":"type-product","3":"status-publish","4":"has-post-thumbnail","6":"product_cat-broches-para-archivo","8":"first","9":"instock","10":"taxable","11":"shipping-taxable","12":"purchasable","13":"product-type-simple","14":"add-to-wishlist-after_add_to_cart"},"yoast_head":"<!-- This site is optimized with the Yoast SEO plugin v27.1.1 - https:\/\/yoast.com\/product\/yoast-seo-wordpress\/ -->\n<title>BROCHE PARA ARCHIVO ACCO P1580 PAQUETE CON 50 PIEZAS DE 8 CENTIMETROS - Thoro enterprises de Mexico<\/title>\n<meta name=\"robots\" content=\"noindex, follow\" \/>\n<meta property=\"og:locale\" content=\"es_MX\" \/>\n<meta property=\"og:type\" content=\"article\" \/>\n<meta property=\"og:title\" content=\"BROCHE PARA ARCHIVO ACCO P1580 PAQUETE CON 50 PIEZAS DE 8 CENTIMETROS - Thoro enterprises de Mexico\" \/>\n<meta property=\"og:description\" content=\"P1580 Para perforados de 2 orificios con separaci\u00f3n de 8 cm Capacidad hasta 300 hojas Fabricado en l\u00e1mina de acero electrol\u00edtico que evita la corrosi\u00f3n Doblez corredizo que impide que se doble en el mismo lugar para evitar que se rompa Excelente opci\u00f3n para archivar documentos de manera ordenada\" \/>\n<meta property=\"og:url\" content=\"https:\/\/thoro.com.mx\/ethoro\/shop\/papeleria-y-oficina\/perforadoras-y-accesorios\/broches-para-archivo\/broche-para-archivo-acco-p1580-paquete-con-50-piezas-de-8-centimetros\/\" \/>\n<meta property=\"og:site_name\" content=\"Thoro enterprises de Mexico\" \/>\n<meta property=\"article:publisher\" content=\"https:\/\/www.facebook.com\/ThoroEnterprises\" \/>\n<meta property=\"article:modified_time\" content=\"2026-04-05T08:01:37+00:00\" \/>\n<meta property=\"og:image\" content=\"https:\/\/thoro.com.mx\/ethoro\/wp-content\/uploads\/2025\/02\/PQ0132_01.jpg\" \/>\n\t<meta property=\"og:image:width\" content=\"1000\" \/>\n\t<meta property=\"og:image:height\" content=\"1000\" \/>\n\t<meta property=\"og:image:type\" content=\"image\/jpeg\" \/>\n<meta name=\"twitter:card\" content=\"summary_large_image\" \/>\n<script type=\"application\/ld+json\" class=\"yoast-schema-graph\">{\"@context\":\"https:\/\/schema.org\",\"@graph\":[{\"@type\":\"WebPage\",\"@id\":\"https:\/\/thoro.com.mx\/ethoro\/shop\/papeleria-y-oficina\/perforadoras-y-accesorios\/broches-para-archivo\/broche-para-archivo-acco-p1580-paquete-con-50-piezas-de-8-centimetros\/\",\"url\":\"https:\/\/thoro.com.mx\/ethoro\/shop\/papeleria-y-oficina\/perforadoras-y-accesorios\/broches-para-archivo\/broche-para-archivo-acco-p1580-paquete-con-50-piezas-de-8-centimetros\/\",\"name\":\"BROCHE PARA ARCHIVO ACCO P1580 PAQUETE CON 50 PIEZAS DE 8 CENTIMETROS - Thoro enterprises de Mexico\",\"isPartOf\":{\"@id\":\"https:\/\/72.167.50.119\/ethoro\/#website\"},\"primaryImageOfPage\":{\"@id\":\"https:\/\/thoro.com.mx\/ethoro\/shop\/papeleria-y-oficina\/perforadoras-y-accesorios\/broches-para-archivo\/broche-para-archivo-acco-p1580-paquete-con-50-piezas-de-8-centimetros\/#primaryimage\"},\"image\":{\"@id\":\"https:\/\/thoro.com.mx\/ethoro\/shop\/papeleria-y-oficina\/perforadoras-y-accesorios\/broches-para-archivo\/broche-para-archivo-acco-p1580-paquete-con-50-piezas-de-8-centimetros\/#primaryimage\"},\"thumbnailUrl\":\"https:\/\/thoro.com.mx\/ethoro\/wp-content\/uploads\/2025\/02\/PQ0132_01.jpg\",\"datePublished\":\"2025-02-05T21:24:00+00:00\",\"dateModified\":\"2026-04-05T08:01:37+00:00\",\"breadcrumb\":{\"@id\":\"https:\/\/thoro.com.mx\/ethoro\/shop\/papeleria-y-oficina\/perforadoras-y-accesorios\/broches-para-archivo\/broche-para-archivo-acco-p1580-paquete-con-50-piezas-de-8-centimetros\/#breadcrumb\"},\"inLanguage\":\"es\",\"potentialAction\":[{\"@type\":\"ReadAction\",\"target\":[\"https:\/\/thoro.com.mx\/ethoro\/shop\/papeleria-y-oficina\/perforadoras-y-accesorios\/broches-para-archivo\/broche-para-archivo-acco-p1580-paquete-con-50-piezas-de-8-centimetros\/\"]}]},{\"@type\":\"ImageObject\",\"inLanguage\":\"es\",\"@id\":\"https:\/\/thoro.com.mx\/ethoro\/shop\/papeleria-y-oficina\/perforadoras-y-accesorios\/broches-para-archivo\/broche-para-archivo-acco-p1580-paquete-con-50-piezas-de-8-centimetros\/#primaryimage\",\"url\":\"https:\/\/thoro.com.mx\/ethoro\/wp-content\/uploads\/2025\/02\/PQ0132_01.jpg\",\"contentUrl\":\"https:\/\/thoro.com.mx\/ethoro\/wp-content\/uploads\/2025\/02\/PQ0132_01.jpg\",\"width\":1000,\"height\":1000},{\"@type\":\"BreadcrumbList\",\"@id\":\"https:\/\/thoro.com.mx\/ethoro\/shop\/papeleria-y-oficina\/perforadoras-y-accesorios\/broches-para-archivo\/broche-para-archivo-acco-p1580-paquete-con-50-piezas-de-8-centimetros\/#breadcrumb\",\"itemListElement\":[{\"@type\":\"ListItem\",\"position\":1,\"name\":\"Inicio\",\"item\":\"https:\/\/thoro.com.mx\/ethoro\/\"},{\"@type\":\"ListItem\",\"position\":2,\"name\":\"Tienda\",\"item\":\"https:\/\/thoro.com.mx\/ethoro\/shop\/\"},{\"@type\":\"ListItem\",\"position\":3,\"name\":\"BROCHE PARA ARCHIVO ACCO P1580 PAQUETE CON 50 PIEZAS DE 8 CENTIMETROS\"}]},{\"@type\":\"WebSite\",\"@id\":\"https:\/\/72.167.50.119\/ethoro\/#website\",\"url\":\"https:\/\/72.167.50.119\/ethoro\/\",\"name\":\"Thoro Enterprises de M\u00e9xico\",\"description\":\"Todo en Thoro\",\"publisher\":{\"@id\":\"https:\/\/72.167.50.119\/ethoro\/#organization\"},\"alternateName\":\"Thoro shop\",\"potentialAction\":[{\"@type\":\"SearchAction\",\"target\":{\"@type\":\"EntryPoint\",\"urlTemplate\":\"https:\/\/72.167.50.119\/ethoro\/?s={search_term_string}\"},\"query-input\":{\"@type\":\"PropertyValueSpecification\",\"valueRequired\":true,\"valueName\":\"search_term_string\"}}],\"inLanguage\":\"es\"},{\"@type\":\"Organization\",\"@id\":\"https:\/\/72.167.50.119\/ethoro\/#organization\",\"name\":\"Thoro Enterprises de M\u00e9xico\",\"alternateName\":\"Thoro shop\",\"url\":\"https:\/\/72.167.50.119\/ethoro\/\",\"logo\":{\"@type\":\"ImageObject\",\"inLanguage\":\"es\",\"@id\":\"https:\/\/72.167.50.119\/ethoro\/#\/schema\/logo\/image\/\",\"url\":\"https:\/\/72.167.50.119\/ethoro\/wp-content\/uploads\/2025\/01\/cropped-cropped-icono_t-180x180-1.png\",\"contentUrl\":\"https:\/\/72.167.50.119\/ethoro\/wp-content\/uploads\/2025\/01\/cropped-cropped-icono_t-180x180-1.png\",\"width\":512,\"height\":512,\"caption\":\"Thoro Enterprises de M\u00e9xico\"},\"image\":{\"@id\":\"https:\/\/72.167.50.119\/ethoro\/#\/schema\/logo\/image\/\"},\"sameAs\":[\"https:\/\/www.facebook.com\/ThoroEnterprises\",\"https:\/\/www.instagram.com\/thoro.mexico\/\"]}]}<\/script>\n<!-- \/ Yoast SEO plugin. -->","yoast_head_json":{"title":"BROCHE PARA ARCHIVO ACCO P1580 PAQUETE CON 50 PIEZAS DE 8 CENTIMETROS - Thoro enterprises de Mexico","robots":{"index":"noindex","follow":"follow"},"og_locale":"es_MX","og_type":"article","og_title":"BROCHE PARA ARCHIVO ACCO P1580 PAQUETE CON 50 PIEZAS DE 8 CENTIMETROS - Thoro enterprises de Mexico","og_description":"P1580 Para perforados de 2 orificios con separaci\u00f3n de 8 cm Capacidad hasta 300 hojas Fabricado en l\u00e1mina de acero electrol\u00edtico que evita la corrosi\u00f3n Doblez corredizo que impide que se doble en el mismo lugar para evitar que se rompa Excelente opci\u00f3n para archivar documentos de manera ordenada","og_url":"https:\/\/thoro.com.mx\/ethoro\/shop\/papeleria-y-oficina\/perforadoras-y-accesorios\/broches-para-archivo\/broche-para-archivo-acco-p1580-paquete-con-50-piezas-de-8-centimetros\/","og_site_name":"Thoro enterprises de Mexico","article_publisher":"https:\/\/www.facebook.com\/ThoroEnterprises","article_modified_time":"2026-04-05T08:01:37+00:00","og_image":[{"width":1000,"height":1000,"url":"https:\/\/thoro.com.mx\/ethoro\/wp-content\/uploads\/2025\/02\/PQ0132_01.jpg","type":"image\/jpeg"}],"twitter_card":"summary_large_image","schema":{"@context":"https:\/\/schema.org","@graph":[{"@type":"WebPage","@id":"https:\/\/thoro.com.mx\/ethoro\/shop\/papeleria-y-oficina\/perforadoras-y-accesorios\/broches-para-archivo\/broche-para-archivo-acco-p1580-paquete-con-50-piezas-de-8-centimetros\/","url":"https:\/\/thoro.com.mx\/ethoro\/shop\/papeleria-y-oficina\/perforadoras-y-accesorios\/broches-para-archivo\/broche-para-archivo-acco-p1580-paquete-con-50-piezas-de-8-centimetros\/","name":"BROCHE PARA ARCHIVO ACCO P1580 PAQUETE CON 50 PIEZAS DE 8 CENTIMETROS - Thoro enterprises de Mexico","isPartOf":{"@id":"https:\/\/72.167.50.119\/ethoro\/#website"},"primaryImageOfPage":{"@id":"https:\/\/thoro.com.mx\/ethoro\/shop\/papeleria-y-oficina\/perforadoras-y-accesorios\/broches-para-archivo\/broche-para-archivo-acco-p1580-paquete-con-50-piezas-de-8-centimetros\/#primaryimage"},"image":{"@id":"https:\/\/thoro.com.mx\/ethoro\/shop\/papeleria-y-oficina\/perforadoras-y-accesorios\/broches-para-archivo\/broche-para-archivo-acco-p1580-paquete-con-50-piezas-de-8-centimetros\/#primaryimage"},"thumbnailUrl":"https:\/\/thoro.com.mx\/ethoro\/wp-content\/uploads\/2025\/02\/PQ0132_01.jpg","datePublished":"2025-02-05T21:24:00+00:00","dateModified":"2026-04-05T08:01:37+00:00","breadcrumb":{"@id":"https:\/\/thoro.com.mx\/ethoro\/shop\/papeleria-y-oficina\/perforadoras-y-accesorios\/broches-para-archivo\/broche-para-archivo-acco-p1580-paquete-con-50-piezas-de-8-centimetros\/#breadcrumb"},"inLanguage":"es","potentialAction":[{"@type":"ReadAction","target":["https:\/\/thoro.com.mx\/ethoro\/shop\/papeleria-y-oficina\/perforadoras-y-accesorios\/broches-para-archivo\/broche-para-archivo-acco-p1580-paquete-con-50-piezas-de-8-centimetros\/"]}]},{"@type":"ImageObject","inLanguage":"es","@id":"https:\/\/thoro.com.mx\/ethoro\/shop\/papeleria-y-oficina\/perforadoras-y-accesorios\/broches-para-archivo\/broche-para-archivo-acco-p1580-paquete-con-50-piezas-de-8-centimetros\/#primaryimage","url":"https:\/\/thoro.com.mx\/ethoro\/wp-content\/uploads\/2025\/02\/PQ0132_01.jpg","contentUrl":"https:\/\/thoro.com.mx\/ethoro\/wp-content\/uploads\/2025\/02\/PQ0132_01.jpg","width":1000,"height":1000},{"@type":"BreadcrumbList","@id":"https:\/\/thoro.com.mx\/ethoro\/shop\/papeleria-y-oficina\/perforadoras-y-accesorios\/broches-para-archivo\/broche-para-archivo-acco-p1580-paquete-con-50-piezas-de-8-centimetros\/#breadcrumb","itemListElement":[{"@type":"ListItem","position":1,"name":"Inicio","item":"https:\/\/thoro.com.mx\/ethoro\/"},{"@type":"ListItem","position":2,"name":"Tienda","item":"https:\/\/thoro.com.mx\/ethoro\/shop\/"},{"@type":"ListItem","position":3,"name":"BROCHE PARA ARCHIVO ACCO P1580 PAQUETE CON 50 PIEZAS DE 8 CENTIMETROS"}]},{"@type":"WebSite","@id":"https:\/\/72.167.50.119\/ethoro\/#website","url":"https:\/\/72.167.50.119\/ethoro\/","name":"Thoro Enterprises de M\u00e9xico","description":"Todo en Thoro","publisher":{"@id":"https:\/\/72.167.50.119\/ethoro\/#organization"},"alternateName":"Thoro shop","potentialAction":[{"@type":"SearchAction","target":{"@type":"EntryPoint","urlTemplate":"https:\/\/72.167.50.119\/ethoro\/?s={search_term_string}"},"query-input":{"@type":"PropertyValueSpecification","valueRequired":true,"valueName":"search_term_string"}}],"inLanguage":"es"},{"@type":"Organization","@id":"https:\/\/72.167.50.119\/ethoro\/#organization","name":"Thoro Enterprises de M\u00e9xico","alternateName":"Thoro shop","url":"https:\/\/72.167.50.119\/ethoro\/","logo":{"@type":"ImageObject","inLanguage":"es","@id":"https:\/\/72.167.50.119\/ethoro\/#\/schema\/logo\/image\/","url":"https:\/\/72.167.50.119\/ethoro\/wp-content\/uploads\/2025\/01\/cropped-cropped-icono_t-180x180-1.png","contentUrl":"https:\/\/72.167.50.119\/ethoro\/wp-content\/uploads\/2025\/01\/cropped-cropped-icono_t-180x180-1.png","width":512,"height":512,"caption":"Thoro Enterprises de M\u00e9xico"},"image":{"@id":"https:\/\/72.167.50.119\/ethoro\/#\/schema\/logo\/image\/"},"sameAs":["https:\/\/www.facebook.com\/ThoroEnterprises","https:\/\/www.instagram.com\/thoro.mexico\/"]}]}},"_links":{"self":[{"href":"https:\/\/thoro.com.mx\/ethoro\/wp-json\/wp\/v2\/product\/17931","targetHints":{"allow":["GET"]}}],"collection":[{"href":"https:\/\/thoro.com.mx\/ethoro\/wp-json\/wp\/v2\/product"}],"about":[{"href":"https:\/\/thoro.com.mx\/ethoro\/wp-json\/wp\/v2\/types\/product"}],"replies":[{"embeddable":true,"href":"https:\/\/thoro.com.mx\/ethoro\/wp-json\/wp\/v2\/comments?post=17931"}],"wp:featuredmedia":[{"embeddable":true,"href":"https:\/\/thoro.com.mx\/ethoro\/wp-json\/wp\/v2\/media\/17930"}],"wp:attachment":[{"href":"https:\/\/thoro.com.mx\/ethoro\/wp-json\/wp\/v2\/media?parent=17931"}],"wp:term":[{"taxonomy":"product_brand","embeddable":true,"href":"https:\/\/thoro.com.mx\/ethoro\/wp-json\/wp\/v2\/product_brand?post=17931"},{"taxonomy":"product_cat","embeddable":true,"href":"https:\/\/thoro.com.mx\/ethoro\/wp-json\/wp\/v2\/product_cat?post=17931"},{"taxonomy":"product_tag","embeddable":true,"href":"https:\/\/thoro.com.mx\/ethoro\/wp-json\/wp\/v2\/product_tag?post=17931"}],"curies":[{"name":"wp","href":"https:\/\/api.w.org\/{rel}","templated":true}]}}