{"id":18192,"date":"2025-02-05T15:27:52","date_gmt":"2025-02-05T21:27:52","guid":{"rendered":"https:\/\/72.167.50.119\/ethoro\/shop\/sin categor\u00eda\/adhesivo-liquido-resistol-850-35-gramos-escolar\/"},"modified":"2026-04-05T02:02:48","modified_gmt":"2026-04-05T08:02:48","slug":"adhesivo-liquido-resistol-850-35-gramos-escolar","status":"publish","type":"product","link":"https:\/\/thoro.com.mx\/ethoro\/shop\/papeleria-y-oficina\/adhesivos-para-oficina-y-escolares\/adhesivos-liquidos\/adhesivo-liquido-resistol-850-35-gramos-escolar\/","title":{"rendered":"ADHESIVO LIQUIDO RESISTOL 850 35 GRAMOS ESCOLAR"},"content":{"rendered":"<h4>850<\/h4>\n<ul>\n<li>Resistol 850 es el pegamento blanco escolar utilizado en trabajos escolares, Reconocido por su excelente calidad, alto rendimiento y fuerte adhesividad, adem\u00e1s de ser seguro para uso infantil.<\/li>\n<li>Es ideal para realizar manualidad en la escuela o en el hogar, Ideal para pegar madera, papel, fotograf\u00edas, cart\u00f3n, tela, migaj\u00f3n, cer\u00e1mica entre otros materiales.<\/li>\n<li>Viscosidad: 1600-2200 cPs<\/li>\n<li>Contenido de solidos: 54.5% &#8211; 55.5%<\/li>\n<li>Materias Primas B\u00e1sicas: Resina de poli acetato de vinilo y agua.<\/li>\n<\/ul>\n","protected":false},"excerpt":{"rendered":"<p>850 Resistol 850 es el pegamento blanco escolar utilizado en trabajos escolares, Reconocido por su excelente calidad, alto rendimiento y fuerte adhesividad, adem\u00e1s de ser seguro para uso infantil. Es ideal para realizar manualidad en la escuela o en el hogar, Ideal para pegar madera, papel, fotograf\u00edas, cart\u00f3n, tela, migaj\u00f3n, cer\u00e1mica entre otros materiales. Viscosidad: [&hellip;]<\/p>\n","protected":false},"featured_media":18191,"comment_status":"open","ping_status":"closed","template":"","meta":{"_monsterinsights_skip_tracking":false,"_monsterinsights_sitenote_active":false,"_monsterinsights_sitenote_note":"","_monsterinsights_sitenote_category":0,"_joinchat":[]},"product_brand":[],"product_cat":[14245],"product_tag":[],"class_list":{"0":"post-18192","1":"product","2":"type-product","3":"status-publish","4":"has-post-thumbnail","6":"product_cat-adhesivos-liquidos","8":"first","9":"instock","10":"taxable","11":"shipping-taxable","12":"purchasable","13":"product-type-simple","14":"add-to-wishlist-after_add_to_cart"},"yoast_head":"<!-- This site is optimized with the Yoast SEO plugin v27.1.1 - https:\/\/yoast.com\/product\/yoast-seo-wordpress\/ -->\n<title>ADHESIVO LIQUIDO RESISTOL 850 35 GRAMOS ESCOLAR - Thoro enterprises de Mexico<\/title>\n<meta name=\"robots\" content=\"noindex, follow\" \/>\n<meta property=\"og:locale\" content=\"es_MX\" \/>\n<meta property=\"og:type\" content=\"article\" \/>\n<meta property=\"og:title\" content=\"ADHESIVO LIQUIDO RESISTOL 850 35 GRAMOS ESCOLAR - Thoro enterprises de Mexico\" \/>\n<meta property=\"og:description\" content=\"850 Resistol 850 es el pegamento blanco escolar utilizado en trabajos escolares, Reconocido por su excelente calidad, alto rendimiento y fuerte adhesividad, adem\u00e1s de ser seguro para uso infantil. Es ideal para realizar manualidad en la escuela o en el hogar, Ideal para pegar madera, papel, fotograf\u00edas, cart\u00f3n, tela, migaj\u00f3n, cer\u00e1mica entre otros materiales. Viscosidad: [&hellip;]\" \/>\n<meta property=\"og:url\" content=\"https:\/\/thoro.com.mx\/ethoro\/shop\/papeleria-y-oficina\/adhesivos-para-oficina-y-escolares\/adhesivos-liquidos\/adhesivo-liquido-resistol-850-35-gramos-escolar\/\" \/>\n<meta property=\"og:site_name\" content=\"Thoro enterprises de Mexico\" \/>\n<meta property=\"article:publisher\" content=\"https:\/\/www.facebook.com\/ThoroEnterprises\" \/>\n<meta property=\"article:modified_time\" content=\"2026-04-05T08:02:48+00:00\" \/>\n<meta property=\"og:image\" content=\"https:\/\/thoro.com.mx\/ethoro\/wp-content\/uploads\/2025\/02\/PS0024_01.jpg\" \/>\n\t<meta property=\"og:image:width\" content=\"1200\" \/>\n\t<meta property=\"og:image:height\" content=\"1200\" \/>\n\t<meta property=\"og:image:type\" content=\"image\/jpeg\" \/>\n<meta name=\"twitter:card\" content=\"summary_large_image\" \/>\n<script type=\"application\/ld+json\" class=\"yoast-schema-graph\">{\"@context\":\"https:\/\/schema.org\",\"@graph\":[{\"@type\":\"WebPage\",\"@id\":\"https:\/\/thoro.com.mx\/ethoro\/shop\/papeleria-y-oficina\/adhesivos-para-oficina-y-escolares\/adhesivos-liquidos\/adhesivo-liquido-resistol-850-35-gramos-escolar\/\",\"url\":\"https:\/\/thoro.com.mx\/ethoro\/shop\/papeleria-y-oficina\/adhesivos-para-oficina-y-escolares\/adhesivos-liquidos\/adhesivo-liquido-resistol-850-35-gramos-escolar\/\",\"name\":\"ADHESIVO LIQUIDO RESISTOL 850 35 GRAMOS ESCOLAR - Thoro enterprises de Mexico\",\"isPartOf\":{\"@id\":\"https:\/\/72.167.50.119\/ethoro\/#website\"},\"primaryImageOfPage\":{\"@id\":\"https:\/\/thoro.com.mx\/ethoro\/shop\/papeleria-y-oficina\/adhesivos-para-oficina-y-escolares\/adhesivos-liquidos\/adhesivo-liquido-resistol-850-35-gramos-escolar\/#primaryimage\"},\"image\":{\"@id\":\"https:\/\/thoro.com.mx\/ethoro\/shop\/papeleria-y-oficina\/adhesivos-para-oficina-y-escolares\/adhesivos-liquidos\/adhesivo-liquido-resistol-850-35-gramos-escolar\/#primaryimage\"},\"thumbnailUrl\":\"https:\/\/thoro.com.mx\/ethoro\/wp-content\/uploads\/2025\/02\/PS0024_01.jpg\",\"datePublished\":\"2025-02-05T21:27:52+00:00\",\"dateModified\":\"2026-04-05T08:02:48+00:00\",\"breadcrumb\":{\"@id\":\"https:\/\/thoro.com.mx\/ethoro\/shop\/papeleria-y-oficina\/adhesivos-para-oficina-y-escolares\/adhesivos-liquidos\/adhesivo-liquido-resistol-850-35-gramos-escolar\/#breadcrumb\"},\"inLanguage\":\"es\",\"potentialAction\":[{\"@type\":\"ReadAction\",\"target\":[\"https:\/\/thoro.com.mx\/ethoro\/shop\/papeleria-y-oficina\/adhesivos-para-oficina-y-escolares\/adhesivos-liquidos\/adhesivo-liquido-resistol-850-35-gramos-escolar\/\"]}]},{\"@type\":\"ImageObject\",\"inLanguage\":\"es\",\"@id\":\"https:\/\/thoro.com.mx\/ethoro\/shop\/papeleria-y-oficina\/adhesivos-para-oficina-y-escolares\/adhesivos-liquidos\/adhesivo-liquido-resistol-850-35-gramos-escolar\/#primaryimage\",\"url\":\"https:\/\/thoro.com.mx\/ethoro\/wp-content\/uploads\/2025\/02\/PS0024_01.jpg\",\"contentUrl\":\"https:\/\/thoro.com.mx\/ethoro\/wp-content\/uploads\/2025\/02\/PS0024_01.jpg\",\"width\":1200,\"height\":1200},{\"@type\":\"BreadcrumbList\",\"@id\":\"https:\/\/thoro.com.mx\/ethoro\/shop\/papeleria-y-oficina\/adhesivos-para-oficina-y-escolares\/adhesivos-liquidos\/adhesivo-liquido-resistol-850-35-gramos-escolar\/#breadcrumb\",\"itemListElement\":[{\"@type\":\"ListItem\",\"position\":1,\"name\":\"Inicio\",\"item\":\"https:\/\/thoro.com.mx\/ethoro\/\"},{\"@type\":\"ListItem\",\"position\":2,\"name\":\"Tienda\",\"item\":\"https:\/\/thoro.com.mx\/ethoro\/shop\/\"},{\"@type\":\"ListItem\",\"position\":3,\"name\":\"ADHESIVO LIQUIDO RESISTOL 850 35 GRAMOS ESCOLAR\"}]},{\"@type\":\"WebSite\",\"@id\":\"https:\/\/72.167.50.119\/ethoro\/#website\",\"url\":\"https:\/\/72.167.50.119\/ethoro\/\",\"name\":\"Thoro Enterprises de M\u00e9xico\",\"description\":\"Todo en Thoro\",\"publisher\":{\"@id\":\"https:\/\/72.167.50.119\/ethoro\/#organization\"},\"alternateName\":\"Thoro shop\",\"potentialAction\":[{\"@type\":\"SearchAction\",\"target\":{\"@type\":\"EntryPoint\",\"urlTemplate\":\"https:\/\/72.167.50.119\/ethoro\/?s={search_term_string}\"},\"query-input\":{\"@type\":\"PropertyValueSpecification\",\"valueRequired\":true,\"valueName\":\"search_term_string\"}}],\"inLanguage\":\"es\"},{\"@type\":\"Organization\",\"@id\":\"https:\/\/72.167.50.119\/ethoro\/#organization\",\"name\":\"Thoro Enterprises de M\u00e9xico\",\"alternateName\":\"Thoro shop\",\"url\":\"https:\/\/72.167.50.119\/ethoro\/\",\"logo\":{\"@type\":\"ImageObject\",\"inLanguage\":\"es\",\"@id\":\"https:\/\/72.167.50.119\/ethoro\/#\/schema\/logo\/image\/\",\"url\":\"https:\/\/72.167.50.119\/ethoro\/wp-content\/uploads\/2025\/01\/cropped-cropped-icono_t-180x180-1.png\",\"contentUrl\":\"https:\/\/72.167.50.119\/ethoro\/wp-content\/uploads\/2025\/01\/cropped-cropped-icono_t-180x180-1.png\",\"width\":512,\"height\":512,\"caption\":\"Thoro Enterprises de M\u00e9xico\"},\"image\":{\"@id\":\"https:\/\/72.167.50.119\/ethoro\/#\/schema\/logo\/image\/\"},\"sameAs\":[\"https:\/\/www.facebook.com\/ThoroEnterprises\",\"https:\/\/www.instagram.com\/thoro.mexico\/\"]}]}<\/script>\n<!-- \/ Yoast SEO plugin. -->","yoast_head_json":{"title":"ADHESIVO LIQUIDO RESISTOL 850 35 GRAMOS ESCOLAR - Thoro enterprises de Mexico","robots":{"index":"noindex","follow":"follow"},"og_locale":"es_MX","og_type":"article","og_title":"ADHESIVO LIQUIDO RESISTOL 850 35 GRAMOS ESCOLAR - Thoro enterprises de Mexico","og_description":"850 Resistol 850 es el pegamento blanco escolar utilizado en trabajos escolares, Reconocido por su excelente calidad, alto rendimiento y fuerte adhesividad, adem\u00e1s de ser seguro para uso infantil. Es ideal para realizar manualidad en la escuela o en el hogar, Ideal para pegar madera, papel, fotograf\u00edas, cart\u00f3n, tela, migaj\u00f3n, cer\u00e1mica entre otros materiales. Viscosidad: [&hellip;]","og_url":"https:\/\/thoro.com.mx\/ethoro\/shop\/papeleria-y-oficina\/adhesivos-para-oficina-y-escolares\/adhesivos-liquidos\/adhesivo-liquido-resistol-850-35-gramos-escolar\/","og_site_name":"Thoro enterprises de Mexico","article_publisher":"https:\/\/www.facebook.com\/ThoroEnterprises","article_modified_time":"2026-04-05T08:02:48+00:00","og_image":[{"width":1200,"height":1200,"url":"https:\/\/thoro.com.mx\/ethoro\/wp-content\/uploads\/2025\/02\/PS0024_01.jpg","type":"image\/jpeg"}],"twitter_card":"summary_large_image","schema":{"@context":"https:\/\/schema.org","@graph":[{"@type":"WebPage","@id":"https:\/\/thoro.com.mx\/ethoro\/shop\/papeleria-y-oficina\/adhesivos-para-oficina-y-escolares\/adhesivos-liquidos\/adhesivo-liquido-resistol-850-35-gramos-escolar\/","url":"https:\/\/thoro.com.mx\/ethoro\/shop\/papeleria-y-oficina\/adhesivos-para-oficina-y-escolares\/adhesivos-liquidos\/adhesivo-liquido-resistol-850-35-gramos-escolar\/","name":"ADHESIVO LIQUIDO RESISTOL 850 35 GRAMOS ESCOLAR - Thoro enterprises de Mexico","isPartOf":{"@id":"https:\/\/72.167.50.119\/ethoro\/#website"},"primaryImageOfPage":{"@id":"https:\/\/thoro.com.mx\/ethoro\/shop\/papeleria-y-oficina\/adhesivos-para-oficina-y-escolares\/adhesivos-liquidos\/adhesivo-liquido-resistol-850-35-gramos-escolar\/#primaryimage"},"image":{"@id":"https:\/\/thoro.com.mx\/ethoro\/shop\/papeleria-y-oficina\/adhesivos-para-oficina-y-escolares\/adhesivos-liquidos\/adhesivo-liquido-resistol-850-35-gramos-escolar\/#primaryimage"},"thumbnailUrl":"https:\/\/thoro.com.mx\/ethoro\/wp-content\/uploads\/2025\/02\/PS0024_01.jpg","datePublished":"2025-02-05T21:27:52+00:00","dateModified":"2026-04-05T08:02:48+00:00","breadcrumb":{"@id":"https:\/\/thoro.com.mx\/ethoro\/shop\/papeleria-y-oficina\/adhesivos-para-oficina-y-escolares\/adhesivos-liquidos\/adhesivo-liquido-resistol-850-35-gramos-escolar\/#breadcrumb"},"inLanguage":"es","potentialAction":[{"@type":"ReadAction","target":["https:\/\/thoro.com.mx\/ethoro\/shop\/papeleria-y-oficina\/adhesivos-para-oficina-y-escolares\/adhesivos-liquidos\/adhesivo-liquido-resistol-850-35-gramos-escolar\/"]}]},{"@type":"ImageObject","inLanguage":"es","@id":"https:\/\/thoro.com.mx\/ethoro\/shop\/papeleria-y-oficina\/adhesivos-para-oficina-y-escolares\/adhesivos-liquidos\/adhesivo-liquido-resistol-850-35-gramos-escolar\/#primaryimage","url":"https:\/\/thoro.com.mx\/ethoro\/wp-content\/uploads\/2025\/02\/PS0024_01.jpg","contentUrl":"https:\/\/thoro.com.mx\/ethoro\/wp-content\/uploads\/2025\/02\/PS0024_01.jpg","width":1200,"height":1200},{"@type":"BreadcrumbList","@id":"https:\/\/thoro.com.mx\/ethoro\/shop\/papeleria-y-oficina\/adhesivos-para-oficina-y-escolares\/adhesivos-liquidos\/adhesivo-liquido-resistol-850-35-gramos-escolar\/#breadcrumb","itemListElement":[{"@type":"ListItem","position":1,"name":"Inicio","item":"https:\/\/thoro.com.mx\/ethoro\/"},{"@type":"ListItem","position":2,"name":"Tienda","item":"https:\/\/thoro.com.mx\/ethoro\/shop\/"},{"@type":"ListItem","position":3,"name":"ADHESIVO LIQUIDO RESISTOL 850 35 GRAMOS ESCOLAR"}]},{"@type":"WebSite","@id":"https:\/\/72.167.50.119\/ethoro\/#website","url":"https:\/\/72.167.50.119\/ethoro\/","name":"Thoro Enterprises de M\u00e9xico","description":"Todo en Thoro","publisher":{"@id":"https:\/\/72.167.50.119\/ethoro\/#organization"},"alternateName":"Thoro shop","potentialAction":[{"@type":"SearchAction","target":{"@type":"EntryPoint","urlTemplate":"https:\/\/72.167.50.119\/ethoro\/?s={search_term_string}"},"query-input":{"@type":"PropertyValueSpecification","valueRequired":true,"valueName":"search_term_string"}}],"inLanguage":"es"},{"@type":"Organization","@id":"https:\/\/72.167.50.119\/ethoro\/#organization","name":"Thoro Enterprises de M\u00e9xico","alternateName":"Thoro shop","url":"https:\/\/72.167.50.119\/ethoro\/","logo":{"@type":"ImageObject","inLanguage":"es","@id":"https:\/\/72.167.50.119\/ethoro\/#\/schema\/logo\/image\/","url":"https:\/\/72.167.50.119\/ethoro\/wp-content\/uploads\/2025\/01\/cropped-cropped-icono_t-180x180-1.png","contentUrl":"https:\/\/72.167.50.119\/ethoro\/wp-content\/uploads\/2025\/01\/cropped-cropped-icono_t-180x180-1.png","width":512,"height":512,"caption":"Thoro Enterprises de M\u00e9xico"},"image":{"@id":"https:\/\/72.167.50.119\/ethoro\/#\/schema\/logo\/image\/"},"sameAs":["https:\/\/www.facebook.com\/ThoroEnterprises","https:\/\/www.instagram.com\/thoro.mexico\/"]}]}},"_links":{"self":[{"href":"https:\/\/thoro.com.mx\/ethoro\/wp-json\/wp\/v2\/product\/18192","targetHints":{"allow":["GET"]}}],"collection":[{"href":"https:\/\/thoro.com.mx\/ethoro\/wp-json\/wp\/v2\/product"}],"about":[{"href":"https:\/\/thoro.com.mx\/ethoro\/wp-json\/wp\/v2\/types\/product"}],"replies":[{"embeddable":true,"href":"https:\/\/thoro.com.mx\/ethoro\/wp-json\/wp\/v2\/comments?post=18192"}],"wp:featuredmedia":[{"embeddable":true,"href":"https:\/\/thoro.com.mx\/ethoro\/wp-json\/wp\/v2\/media\/18191"}],"wp:attachment":[{"href":"https:\/\/thoro.com.mx\/ethoro\/wp-json\/wp\/v2\/media?parent=18192"}],"wp:term":[{"taxonomy":"product_brand","embeddable":true,"href":"https:\/\/thoro.com.mx\/ethoro\/wp-json\/wp\/v2\/product_brand?post=18192"},{"taxonomy":"product_cat","embeddable":true,"href":"https:\/\/thoro.com.mx\/ethoro\/wp-json\/wp\/v2\/product_cat?post=18192"},{"taxonomy":"product_tag","embeddable":true,"href":"https:\/\/thoro.com.mx\/ethoro\/wp-json\/wp\/v2\/product_tag?post=18192"}],"curies":[{"name":"wp","href":"https:\/\/api.w.org\/{rel}","templated":true}]}}