{"id":2294,"date":"2025-01-31T17:27:15","date_gmt":"2025-01-31T23:27:15","guid":{"rendered":"https:\/\/72.167.50.119\/ethoro\/shop\/sin categor\u00eda\/cepillo-austromex-tenazi-991-acero-inoxidable-con-mango-de-madera-11-15-32-x-1-3-8\/"},"modified":"2026-04-04T00:00:32","modified_gmt":"2026-04-04T06:00:32","slug":"cepillo-austromex-tenazi-991-acero-inoxidable-con-mango-de-madera-11-15-32-x-1-3-8","status":"publish","type":"product","link":"https:\/\/thoro.com.mx\/ethoro\/shop\/abrasivos\/cepillos-y-cardas\/cepillo-manual\/cepillo-austromex-tenazi-991-acero-inoxidable-con-mango-de-madera-11-15-32-x-1-3-8\/","title":{"rendered":"CEPILLO AUSTROMEX TENAZI 991 ACERO INOXIDABLE CON MANGO DE MADERA 11-15\/32&#8243; X 1-3\/8&#8243;"},"content":{"rendered":"<h4>991<\/h4>\n<ul>\n<li>Cepillo manual recto con mango de madera <\/li>\n<li>Largo total del cepillo 290 mm<\/li>\n<li>Secci\u00f3n de filamentos 135 mm<\/li>\n<li>Longitud \u00fatil de alambre 35 mm<\/li>\n<li>Filamento de acero inoxidable<\/li>\n<li>Alambre calibre 0.35 mm<\/li>\n<li>N\u00famero de hileras 3 X 15<\/li>\n<li>Uso manual<\/li>\n<li>Para trabajar acero inoxidable<\/li>\n<li>La forma en &#8220;V&#8221; de los alambres lo hace ideal para limpiar partes dif\u00edciles y v\u00e9rtices<\/li>\n<li>Excelente para remover holl\u00edn, pintura, manchas y para limpiar partes de metales no ferrosos<\/li>\n<\/ul>\n","protected":false},"excerpt":{"rendered":"<p>991 Cepillo manual recto con mango de madera Largo total del cepillo 290 mm Secci\u00f3n de filamentos 135 mm Longitud \u00fatil de alambre 35 mm Filamento de acero inoxidable Alambre calibre 0.35 mm N\u00famero de hileras 3 X 15 Uso manual Para trabajar acero inoxidable La forma en &#8220;V&#8221; de los alambres lo hace ideal [&hellip;]<\/p>\n","protected":false},"featured_media":2293,"comment_status":"open","ping_status":"closed","template":"","meta":{"_monsterinsights_skip_tracking":false,"_monsterinsights_sitenote_active":false,"_monsterinsights_sitenote_note":"","_monsterinsights_sitenote_category":0,"_joinchat":[]},"product_brand":[],"product_cat":[25],"product_tag":[],"class_list":{"0":"post-2294","1":"product","2":"type-product","3":"status-publish","4":"has-post-thumbnail","6":"product_cat-cepillo-manual","8":"first","9":"instock","10":"taxable","11":"shipping-taxable","12":"purchasable","13":"product-type-simple","14":"add-to-wishlist-after_add_to_cart"},"yoast_head":"<!-- This site is optimized with the Yoast SEO plugin v27.1.1 - https:\/\/yoast.com\/product\/yoast-seo-wordpress\/ -->\n<title>CEPILLO AUSTROMEX TENAZI 991 ACERO INOXIDABLE CON MANGO DE MADERA 11-15\/32&quot; X 1-3\/8&quot; - Thoro enterprises de Mexico<\/title>\n<meta name=\"robots\" content=\"noindex, follow\" \/>\n<meta property=\"og:locale\" content=\"es_MX\" \/>\n<meta property=\"og:type\" content=\"article\" \/>\n<meta property=\"og:title\" content=\"CEPILLO AUSTROMEX TENAZI 991 ACERO INOXIDABLE CON MANGO DE MADERA 11-15\/32&quot; X 1-3\/8&quot; - Thoro enterprises de Mexico\" \/>\n<meta property=\"og:description\" content=\"991 Cepillo manual recto con mango de madera Largo total del cepillo 290 mm Secci\u00f3n de filamentos 135 mm Longitud \u00fatil de alambre 35 mm Filamento de acero inoxidable Alambre calibre 0.35 mm N\u00famero de hileras 3 X 15 Uso manual Para trabajar acero inoxidable La forma en &#8220;V&#8221; de los alambres lo hace ideal [&hellip;]\" \/>\n<meta property=\"og:url\" content=\"https:\/\/thoro.com.mx\/ethoro\/shop\/abrasivos\/cepillos-y-cardas\/cepillo-manual\/cepillo-austromex-tenazi-991-acero-inoxidable-con-mango-de-madera-11-15-32-x-1-3-8\/\" \/>\n<meta property=\"og:site_name\" content=\"Thoro enterprises de Mexico\" \/>\n<meta property=\"article:publisher\" content=\"https:\/\/www.facebook.com\/ThoroEnterprises\" \/>\n<meta property=\"article:modified_time\" content=\"2026-04-04T06:00:32+00:00\" \/>\n<meta property=\"og:image\" content=\"https:\/\/thoro.com.mx\/ethoro\/wp-content\/uploads\/2025\/01\/AC0003.jpg\" \/>\n\t<meta property=\"og:image:width\" content=\"1000\" \/>\n\t<meta property=\"og:image:height\" content=\"1000\" \/>\n\t<meta property=\"og:image:type\" content=\"image\/jpeg\" \/>\n<meta name=\"twitter:card\" content=\"summary_large_image\" \/>\n<script type=\"application\/ld+json\" class=\"yoast-schema-graph\">{\"@context\":\"https:\/\/schema.org\",\"@graph\":[{\"@type\":\"WebPage\",\"@id\":\"https:\/\/thoro.com.mx\/ethoro\/shop\/abrasivos\/cepillos-y-cardas\/cepillo-manual\/cepillo-austromex-tenazi-991-acero-inoxidable-con-mango-de-madera-11-15-32-x-1-3-8\/\",\"url\":\"https:\/\/thoro.com.mx\/ethoro\/shop\/abrasivos\/cepillos-y-cardas\/cepillo-manual\/cepillo-austromex-tenazi-991-acero-inoxidable-con-mango-de-madera-11-15-32-x-1-3-8\/\",\"name\":\"CEPILLO AUSTROMEX TENAZI 991 ACERO INOXIDABLE CON MANGO DE MADERA 11-15\/32\\\" X 1-3\/8\\\" - Thoro enterprises de Mexico\",\"isPartOf\":{\"@id\":\"https:\/\/72.167.50.119\/ethoro\/#website\"},\"primaryImageOfPage\":{\"@id\":\"https:\/\/thoro.com.mx\/ethoro\/shop\/abrasivos\/cepillos-y-cardas\/cepillo-manual\/cepillo-austromex-tenazi-991-acero-inoxidable-con-mango-de-madera-11-15-32-x-1-3-8\/#primaryimage\"},\"image\":{\"@id\":\"https:\/\/thoro.com.mx\/ethoro\/shop\/abrasivos\/cepillos-y-cardas\/cepillo-manual\/cepillo-austromex-tenazi-991-acero-inoxidable-con-mango-de-madera-11-15-32-x-1-3-8\/#primaryimage\"},\"thumbnailUrl\":\"https:\/\/thoro.com.mx\/ethoro\/wp-content\/uploads\/2025\/01\/AC0003.jpg\",\"datePublished\":\"2025-01-31T23:27:15+00:00\",\"dateModified\":\"2026-04-04T06:00:32+00:00\",\"breadcrumb\":{\"@id\":\"https:\/\/thoro.com.mx\/ethoro\/shop\/abrasivos\/cepillos-y-cardas\/cepillo-manual\/cepillo-austromex-tenazi-991-acero-inoxidable-con-mango-de-madera-11-15-32-x-1-3-8\/#breadcrumb\"},\"inLanguage\":\"es\",\"potentialAction\":[{\"@type\":\"ReadAction\",\"target\":[\"https:\/\/thoro.com.mx\/ethoro\/shop\/abrasivos\/cepillos-y-cardas\/cepillo-manual\/cepillo-austromex-tenazi-991-acero-inoxidable-con-mango-de-madera-11-15-32-x-1-3-8\/\"]}]},{\"@type\":\"ImageObject\",\"inLanguage\":\"es\",\"@id\":\"https:\/\/thoro.com.mx\/ethoro\/shop\/abrasivos\/cepillos-y-cardas\/cepillo-manual\/cepillo-austromex-tenazi-991-acero-inoxidable-con-mango-de-madera-11-15-32-x-1-3-8\/#primaryimage\",\"url\":\"https:\/\/thoro.com.mx\/ethoro\/wp-content\/uploads\/2025\/01\/AC0003.jpg\",\"contentUrl\":\"https:\/\/thoro.com.mx\/ethoro\/wp-content\/uploads\/2025\/01\/AC0003.jpg\",\"width\":1000,\"height\":1000},{\"@type\":\"BreadcrumbList\",\"@id\":\"https:\/\/thoro.com.mx\/ethoro\/shop\/abrasivos\/cepillos-y-cardas\/cepillo-manual\/cepillo-austromex-tenazi-991-acero-inoxidable-con-mango-de-madera-11-15-32-x-1-3-8\/#breadcrumb\",\"itemListElement\":[{\"@type\":\"ListItem\",\"position\":1,\"name\":\"Inicio\",\"item\":\"https:\/\/thoro.com.mx\/ethoro\/\"},{\"@type\":\"ListItem\",\"position\":2,\"name\":\"Tienda\",\"item\":\"https:\/\/thoro.com.mx\/ethoro\/shop\/\"},{\"@type\":\"ListItem\",\"position\":3,\"name\":\"CEPILLO AUSTROMEX TENAZI 991 ACERO INOXIDABLE CON MANGO DE MADERA 11-15\/32&#8243; X 1-3\/8&#8243;\"}]},{\"@type\":\"WebSite\",\"@id\":\"https:\/\/72.167.50.119\/ethoro\/#website\",\"url\":\"https:\/\/72.167.50.119\/ethoro\/\",\"name\":\"Thoro Enterprises de M\u00e9xico\",\"description\":\"Todo en Thoro\",\"publisher\":{\"@id\":\"https:\/\/72.167.50.119\/ethoro\/#organization\"},\"alternateName\":\"Thoro shop\",\"potentialAction\":[{\"@type\":\"SearchAction\",\"target\":{\"@type\":\"EntryPoint\",\"urlTemplate\":\"https:\/\/72.167.50.119\/ethoro\/?s={search_term_string}\"},\"query-input\":{\"@type\":\"PropertyValueSpecification\",\"valueRequired\":true,\"valueName\":\"search_term_string\"}}],\"inLanguage\":\"es\"},{\"@type\":\"Organization\",\"@id\":\"https:\/\/72.167.50.119\/ethoro\/#organization\",\"name\":\"Thoro Enterprises de M\u00e9xico\",\"alternateName\":\"Thoro shop\",\"url\":\"https:\/\/72.167.50.119\/ethoro\/\",\"logo\":{\"@type\":\"ImageObject\",\"inLanguage\":\"es\",\"@id\":\"https:\/\/72.167.50.119\/ethoro\/#\/schema\/logo\/image\/\",\"url\":\"https:\/\/72.167.50.119\/ethoro\/wp-content\/uploads\/2025\/01\/cropped-cropped-icono_t-180x180-1.png\",\"contentUrl\":\"https:\/\/72.167.50.119\/ethoro\/wp-content\/uploads\/2025\/01\/cropped-cropped-icono_t-180x180-1.png\",\"width\":512,\"height\":512,\"caption\":\"Thoro Enterprises de M\u00e9xico\"},\"image\":{\"@id\":\"https:\/\/72.167.50.119\/ethoro\/#\/schema\/logo\/image\/\"},\"sameAs\":[\"https:\/\/www.facebook.com\/ThoroEnterprises\",\"https:\/\/www.instagram.com\/thoro.mexico\/\"]}]}<\/script>\n<!-- \/ Yoast SEO plugin. -->","yoast_head_json":{"title":"CEPILLO AUSTROMEX TENAZI 991 ACERO INOXIDABLE CON MANGO DE MADERA 11-15\/32\" X 1-3\/8\" - Thoro enterprises de Mexico","robots":{"index":"noindex","follow":"follow"},"og_locale":"es_MX","og_type":"article","og_title":"CEPILLO AUSTROMEX TENAZI 991 ACERO INOXIDABLE CON MANGO DE MADERA 11-15\/32\" X 1-3\/8\" - Thoro enterprises de Mexico","og_description":"991 Cepillo manual recto con mango de madera Largo total del cepillo 290 mm Secci\u00f3n de filamentos 135 mm Longitud \u00fatil de alambre 35 mm Filamento de acero inoxidable Alambre calibre 0.35 mm N\u00famero de hileras 3 X 15 Uso manual Para trabajar acero inoxidable La forma en &#8220;V&#8221; de los alambres lo hace ideal [&hellip;]","og_url":"https:\/\/thoro.com.mx\/ethoro\/shop\/abrasivos\/cepillos-y-cardas\/cepillo-manual\/cepillo-austromex-tenazi-991-acero-inoxidable-con-mango-de-madera-11-15-32-x-1-3-8\/","og_site_name":"Thoro enterprises de Mexico","article_publisher":"https:\/\/www.facebook.com\/ThoroEnterprises","article_modified_time":"2026-04-04T06:00:32+00:00","og_image":[{"width":1000,"height":1000,"url":"https:\/\/thoro.com.mx\/ethoro\/wp-content\/uploads\/2025\/01\/AC0003.jpg","type":"image\/jpeg"}],"twitter_card":"summary_large_image","schema":{"@context":"https:\/\/schema.org","@graph":[{"@type":"WebPage","@id":"https:\/\/thoro.com.mx\/ethoro\/shop\/abrasivos\/cepillos-y-cardas\/cepillo-manual\/cepillo-austromex-tenazi-991-acero-inoxidable-con-mango-de-madera-11-15-32-x-1-3-8\/","url":"https:\/\/thoro.com.mx\/ethoro\/shop\/abrasivos\/cepillos-y-cardas\/cepillo-manual\/cepillo-austromex-tenazi-991-acero-inoxidable-con-mango-de-madera-11-15-32-x-1-3-8\/","name":"CEPILLO AUSTROMEX TENAZI 991 ACERO INOXIDABLE CON MANGO DE MADERA 11-15\/32\" X 1-3\/8\" - Thoro enterprises de Mexico","isPartOf":{"@id":"https:\/\/72.167.50.119\/ethoro\/#website"},"primaryImageOfPage":{"@id":"https:\/\/thoro.com.mx\/ethoro\/shop\/abrasivos\/cepillos-y-cardas\/cepillo-manual\/cepillo-austromex-tenazi-991-acero-inoxidable-con-mango-de-madera-11-15-32-x-1-3-8\/#primaryimage"},"image":{"@id":"https:\/\/thoro.com.mx\/ethoro\/shop\/abrasivos\/cepillos-y-cardas\/cepillo-manual\/cepillo-austromex-tenazi-991-acero-inoxidable-con-mango-de-madera-11-15-32-x-1-3-8\/#primaryimage"},"thumbnailUrl":"https:\/\/thoro.com.mx\/ethoro\/wp-content\/uploads\/2025\/01\/AC0003.jpg","datePublished":"2025-01-31T23:27:15+00:00","dateModified":"2026-04-04T06:00:32+00:00","breadcrumb":{"@id":"https:\/\/thoro.com.mx\/ethoro\/shop\/abrasivos\/cepillos-y-cardas\/cepillo-manual\/cepillo-austromex-tenazi-991-acero-inoxidable-con-mango-de-madera-11-15-32-x-1-3-8\/#breadcrumb"},"inLanguage":"es","potentialAction":[{"@type":"ReadAction","target":["https:\/\/thoro.com.mx\/ethoro\/shop\/abrasivos\/cepillos-y-cardas\/cepillo-manual\/cepillo-austromex-tenazi-991-acero-inoxidable-con-mango-de-madera-11-15-32-x-1-3-8\/"]}]},{"@type":"ImageObject","inLanguage":"es","@id":"https:\/\/thoro.com.mx\/ethoro\/shop\/abrasivos\/cepillos-y-cardas\/cepillo-manual\/cepillo-austromex-tenazi-991-acero-inoxidable-con-mango-de-madera-11-15-32-x-1-3-8\/#primaryimage","url":"https:\/\/thoro.com.mx\/ethoro\/wp-content\/uploads\/2025\/01\/AC0003.jpg","contentUrl":"https:\/\/thoro.com.mx\/ethoro\/wp-content\/uploads\/2025\/01\/AC0003.jpg","width":1000,"height":1000},{"@type":"BreadcrumbList","@id":"https:\/\/thoro.com.mx\/ethoro\/shop\/abrasivos\/cepillos-y-cardas\/cepillo-manual\/cepillo-austromex-tenazi-991-acero-inoxidable-con-mango-de-madera-11-15-32-x-1-3-8\/#breadcrumb","itemListElement":[{"@type":"ListItem","position":1,"name":"Inicio","item":"https:\/\/thoro.com.mx\/ethoro\/"},{"@type":"ListItem","position":2,"name":"Tienda","item":"https:\/\/thoro.com.mx\/ethoro\/shop\/"},{"@type":"ListItem","position":3,"name":"CEPILLO AUSTROMEX TENAZI 991 ACERO INOXIDABLE CON MANGO DE MADERA 11-15\/32&#8243; X 1-3\/8&#8243;"}]},{"@type":"WebSite","@id":"https:\/\/72.167.50.119\/ethoro\/#website","url":"https:\/\/72.167.50.119\/ethoro\/","name":"Thoro Enterprises de M\u00e9xico","description":"Todo en Thoro","publisher":{"@id":"https:\/\/72.167.50.119\/ethoro\/#organization"},"alternateName":"Thoro shop","potentialAction":[{"@type":"SearchAction","target":{"@type":"EntryPoint","urlTemplate":"https:\/\/72.167.50.119\/ethoro\/?s={search_term_string}"},"query-input":{"@type":"PropertyValueSpecification","valueRequired":true,"valueName":"search_term_string"}}],"inLanguage":"es"},{"@type":"Organization","@id":"https:\/\/72.167.50.119\/ethoro\/#organization","name":"Thoro Enterprises de M\u00e9xico","alternateName":"Thoro shop","url":"https:\/\/72.167.50.119\/ethoro\/","logo":{"@type":"ImageObject","inLanguage":"es","@id":"https:\/\/72.167.50.119\/ethoro\/#\/schema\/logo\/image\/","url":"https:\/\/72.167.50.119\/ethoro\/wp-content\/uploads\/2025\/01\/cropped-cropped-icono_t-180x180-1.png","contentUrl":"https:\/\/72.167.50.119\/ethoro\/wp-content\/uploads\/2025\/01\/cropped-cropped-icono_t-180x180-1.png","width":512,"height":512,"caption":"Thoro Enterprises de M\u00e9xico"},"image":{"@id":"https:\/\/72.167.50.119\/ethoro\/#\/schema\/logo\/image\/"},"sameAs":["https:\/\/www.facebook.com\/ThoroEnterprises","https:\/\/www.instagram.com\/thoro.mexico\/"]}]}},"_links":{"self":[{"href":"https:\/\/thoro.com.mx\/ethoro\/wp-json\/wp\/v2\/product\/2294","targetHints":{"allow":["GET"]}}],"collection":[{"href":"https:\/\/thoro.com.mx\/ethoro\/wp-json\/wp\/v2\/product"}],"about":[{"href":"https:\/\/thoro.com.mx\/ethoro\/wp-json\/wp\/v2\/types\/product"}],"replies":[{"embeddable":true,"href":"https:\/\/thoro.com.mx\/ethoro\/wp-json\/wp\/v2\/comments?post=2294"}],"wp:featuredmedia":[{"embeddable":true,"href":"https:\/\/thoro.com.mx\/ethoro\/wp-json\/wp\/v2\/media\/2293"}],"wp:attachment":[{"href":"https:\/\/thoro.com.mx\/ethoro\/wp-json\/wp\/v2\/media?parent=2294"}],"wp:term":[{"taxonomy":"product_brand","embeddable":true,"href":"https:\/\/thoro.com.mx\/ethoro\/wp-json\/wp\/v2\/product_brand?post=2294"},{"taxonomy":"product_cat","embeddable":true,"href":"https:\/\/thoro.com.mx\/ethoro\/wp-json\/wp\/v2\/product_cat?post=2294"},{"taxonomy":"product_tag","embeddable":true,"href":"https:\/\/thoro.com.mx\/ethoro\/wp-json\/wp\/v2\/product_tag?post=2294"}],"curies":[{"name":"wp","href":"https:\/\/api.w.org\/{rel}","templated":true}]}}