{"id":2454,"date":"2025-01-31T17:28:22","date_gmt":"2025-01-31T23:28:22","guid":{"rendered":"https:\/\/72.167.50.119\/ethoro\/shop\/sin categor\u00eda\/lija-de-agua-surtek-lag320-grano-320-carburo-de-silicio-hoja-de-9-x-11-pulgadas\/"},"modified":"2026-04-04T00:01:10","modified_gmt":"2026-04-04T06:01:10","slug":"lija-de-agua-surtek-lag320-grano-320-carburo-de-silicio-hoja-de-9-x-11-pulgadas","status":"publish","type":"product","link":"https:\/\/thoro.com.mx\/ethoro\/shop\/abrasivos\/lijas-y-limas\/hojas-de-lija\/lija-de-agua-surtek-lag320-grano-320-carburo-de-silicio-hoja-de-9-x-11-pulgadas\/","title":{"rendered":"LIJA DE AGUA SURTEK LAG320 GRANO 320 CARBURO DE SILICIO HOJA DE 9 X 11 PULGADAS"},"content":{"rendered":"<h4>LAG320<\/h4>\n<ul>\n<li>Tama\u00f1o: 9&#8243; x 11&#8243;<\/li>\n<li>Precio por pieza<\/li>\n<li>Para metales no ferrosos, pl\u00e1stico, laca, pintura y vidrio<\/li>\n<li>Resultado \u00f3ptimo en lijado h\u00famedo y seco<\/li>\n<li>Grano de carburo de silicio<\/li>\n<li>Papel impermeable flexible y de larga duraci\u00f3n, con peso A y C<\/li>\n<li>Grano: 320<\/li>\n<\/ul>\n","protected":false},"excerpt":{"rendered":"<p>LAG320 Tama\u00f1o: 9&#8243; x 11&#8243; Precio por pieza Para metales no ferrosos, pl\u00e1stico, laca, pintura y vidrio Resultado \u00f3ptimo en lijado h\u00famedo y seco Grano de carburo de silicio Papel impermeable flexible y de larga duraci\u00f3n, con peso A y C Grano: 320<\/p>\n","protected":false},"featured_media":2453,"comment_status":"open","ping_status":"closed","template":"","meta":{"_monsterinsights_skip_tracking":false,"_monsterinsights_sitenote_active":false,"_monsterinsights_sitenote_note":"","_monsterinsights_sitenote_category":0,"_joinchat":[]},"product_brand":[],"product_cat":[22],"product_tag":[],"class_list":{"0":"post-2454","1":"product","2":"type-product","3":"status-publish","4":"has-post-thumbnail","6":"product_cat-hojas-de-lija","8":"first","9":"instock","10":"taxable","11":"shipping-taxable","12":"purchasable","13":"product-type-simple","14":"add-to-wishlist-after_add_to_cart"},"yoast_head":"<!-- This site is optimized with the Yoast SEO plugin v27.1.1 - https:\/\/yoast.com\/product\/yoast-seo-wordpress\/ -->\n<title>LIJA DE AGUA SURTEK LAG320 GRANO 320 CARBURO DE SILICIO HOJA DE 9 X 11 PULGADAS - Thoro enterprises de Mexico<\/title>\n<meta name=\"robots\" content=\"noindex, follow\" \/>\n<meta property=\"og:locale\" content=\"es_MX\" \/>\n<meta property=\"og:type\" content=\"article\" \/>\n<meta property=\"og:title\" content=\"LIJA DE AGUA SURTEK LAG320 GRANO 320 CARBURO DE SILICIO HOJA DE 9 X 11 PULGADAS - Thoro enterprises de Mexico\" \/>\n<meta property=\"og:description\" content=\"LAG320 Tama\u00f1o: 9&#8243; x 11&#8243; Precio por pieza Para metales no ferrosos, pl\u00e1stico, laca, pintura y vidrio Resultado \u00f3ptimo en lijado h\u00famedo y seco Grano de carburo de silicio Papel impermeable flexible y de larga duraci\u00f3n, con peso A y C Grano: 320\" \/>\n<meta property=\"og:url\" content=\"https:\/\/thoro.com.mx\/ethoro\/shop\/abrasivos\/lijas-y-limas\/hojas-de-lija\/lija-de-agua-surtek-lag320-grano-320-carburo-de-silicio-hoja-de-9-x-11-pulgadas\/\" \/>\n<meta property=\"og:site_name\" content=\"Thoro enterprises de Mexico\" \/>\n<meta property=\"article:publisher\" content=\"https:\/\/www.facebook.com\/ThoroEnterprises\" \/>\n<meta property=\"article:modified_time\" content=\"2026-04-04T06:01:10+00:00\" \/>\n<meta property=\"og:image\" content=\"https:\/\/thoro.com.mx\/ethoro\/wp-content\/uploads\/2025\/01\/AL0028.jpg\" \/>\n\t<meta property=\"og:image:width\" content=\"1000\" \/>\n\t<meta property=\"og:image:height\" content=\"1000\" \/>\n\t<meta property=\"og:image:type\" content=\"image\/jpeg\" \/>\n<meta name=\"twitter:card\" content=\"summary_large_image\" \/>\n<script type=\"application\/ld+json\" class=\"yoast-schema-graph\">{\"@context\":\"https:\/\/schema.org\",\"@graph\":[{\"@type\":\"WebPage\",\"@id\":\"https:\/\/thoro.com.mx\/ethoro\/shop\/abrasivos\/lijas-y-limas\/hojas-de-lija\/lija-de-agua-surtek-lag320-grano-320-carburo-de-silicio-hoja-de-9-x-11-pulgadas\/\",\"url\":\"https:\/\/thoro.com.mx\/ethoro\/shop\/abrasivos\/lijas-y-limas\/hojas-de-lija\/lija-de-agua-surtek-lag320-grano-320-carburo-de-silicio-hoja-de-9-x-11-pulgadas\/\",\"name\":\"LIJA DE AGUA SURTEK LAG320 GRANO 320 CARBURO DE SILICIO HOJA DE 9 X 11 PULGADAS - Thoro enterprises de Mexico\",\"isPartOf\":{\"@id\":\"https:\/\/72.167.50.119\/ethoro\/#website\"},\"primaryImageOfPage\":{\"@id\":\"https:\/\/thoro.com.mx\/ethoro\/shop\/abrasivos\/lijas-y-limas\/hojas-de-lija\/lija-de-agua-surtek-lag320-grano-320-carburo-de-silicio-hoja-de-9-x-11-pulgadas\/#primaryimage\"},\"image\":{\"@id\":\"https:\/\/thoro.com.mx\/ethoro\/shop\/abrasivos\/lijas-y-limas\/hojas-de-lija\/lija-de-agua-surtek-lag320-grano-320-carburo-de-silicio-hoja-de-9-x-11-pulgadas\/#primaryimage\"},\"thumbnailUrl\":\"https:\/\/thoro.com.mx\/ethoro\/wp-content\/uploads\/2025\/01\/AL0028.jpg\",\"datePublished\":\"2025-01-31T23:28:22+00:00\",\"dateModified\":\"2026-04-04T06:01:10+00:00\",\"breadcrumb\":{\"@id\":\"https:\/\/thoro.com.mx\/ethoro\/shop\/abrasivos\/lijas-y-limas\/hojas-de-lija\/lija-de-agua-surtek-lag320-grano-320-carburo-de-silicio-hoja-de-9-x-11-pulgadas\/#breadcrumb\"},\"inLanguage\":\"es\",\"potentialAction\":[{\"@type\":\"ReadAction\",\"target\":[\"https:\/\/thoro.com.mx\/ethoro\/shop\/abrasivos\/lijas-y-limas\/hojas-de-lija\/lija-de-agua-surtek-lag320-grano-320-carburo-de-silicio-hoja-de-9-x-11-pulgadas\/\"]}]},{\"@type\":\"ImageObject\",\"inLanguage\":\"es\",\"@id\":\"https:\/\/thoro.com.mx\/ethoro\/shop\/abrasivos\/lijas-y-limas\/hojas-de-lija\/lija-de-agua-surtek-lag320-grano-320-carburo-de-silicio-hoja-de-9-x-11-pulgadas\/#primaryimage\",\"url\":\"https:\/\/thoro.com.mx\/ethoro\/wp-content\/uploads\/2025\/01\/AL0028.jpg\",\"contentUrl\":\"https:\/\/thoro.com.mx\/ethoro\/wp-content\/uploads\/2025\/01\/AL0028.jpg\",\"width\":1000,\"height\":1000},{\"@type\":\"BreadcrumbList\",\"@id\":\"https:\/\/thoro.com.mx\/ethoro\/shop\/abrasivos\/lijas-y-limas\/hojas-de-lija\/lija-de-agua-surtek-lag320-grano-320-carburo-de-silicio-hoja-de-9-x-11-pulgadas\/#breadcrumb\",\"itemListElement\":[{\"@type\":\"ListItem\",\"position\":1,\"name\":\"Inicio\",\"item\":\"https:\/\/thoro.com.mx\/ethoro\/\"},{\"@type\":\"ListItem\",\"position\":2,\"name\":\"Tienda\",\"item\":\"https:\/\/thoro.com.mx\/ethoro\/shop\/\"},{\"@type\":\"ListItem\",\"position\":3,\"name\":\"LIJA DE AGUA SURTEK LAG320 GRANO 320 CARBURO DE SILICIO HOJA DE 9 X 11 PULGADAS\"}]},{\"@type\":\"WebSite\",\"@id\":\"https:\/\/72.167.50.119\/ethoro\/#website\",\"url\":\"https:\/\/72.167.50.119\/ethoro\/\",\"name\":\"Thoro Enterprises de M\u00e9xico\",\"description\":\"Todo en Thoro\",\"publisher\":{\"@id\":\"https:\/\/72.167.50.119\/ethoro\/#organization\"},\"alternateName\":\"Thoro shop\",\"potentialAction\":[{\"@type\":\"SearchAction\",\"target\":{\"@type\":\"EntryPoint\",\"urlTemplate\":\"https:\/\/72.167.50.119\/ethoro\/?s={search_term_string}\"},\"query-input\":{\"@type\":\"PropertyValueSpecification\",\"valueRequired\":true,\"valueName\":\"search_term_string\"}}],\"inLanguage\":\"es\"},{\"@type\":\"Organization\",\"@id\":\"https:\/\/72.167.50.119\/ethoro\/#organization\",\"name\":\"Thoro Enterprises de M\u00e9xico\",\"alternateName\":\"Thoro shop\",\"url\":\"https:\/\/72.167.50.119\/ethoro\/\",\"logo\":{\"@type\":\"ImageObject\",\"inLanguage\":\"es\",\"@id\":\"https:\/\/72.167.50.119\/ethoro\/#\/schema\/logo\/image\/\",\"url\":\"https:\/\/72.167.50.119\/ethoro\/wp-content\/uploads\/2025\/01\/cropped-cropped-icono_t-180x180-1.png\",\"contentUrl\":\"https:\/\/72.167.50.119\/ethoro\/wp-content\/uploads\/2025\/01\/cropped-cropped-icono_t-180x180-1.png\",\"width\":512,\"height\":512,\"caption\":\"Thoro Enterprises de M\u00e9xico\"},\"image\":{\"@id\":\"https:\/\/72.167.50.119\/ethoro\/#\/schema\/logo\/image\/\"},\"sameAs\":[\"https:\/\/www.facebook.com\/ThoroEnterprises\",\"https:\/\/www.instagram.com\/thoro.mexico\/\"]}]}<\/script>\n<!-- \/ Yoast SEO plugin. -->","yoast_head_json":{"title":"LIJA DE AGUA SURTEK LAG320 GRANO 320 CARBURO DE SILICIO HOJA DE 9 X 11 PULGADAS - Thoro enterprises de Mexico","robots":{"index":"noindex","follow":"follow"},"og_locale":"es_MX","og_type":"article","og_title":"LIJA DE AGUA SURTEK LAG320 GRANO 320 CARBURO DE SILICIO HOJA DE 9 X 11 PULGADAS - Thoro enterprises de Mexico","og_description":"LAG320 Tama\u00f1o: 9&#8243; x 11&#8243; Precio por pieza Para metales no ferrosos, pl\u00e1stico, laca, pintura y vidrio Resultado \u00f3ptimo en lijado h\u00famedo y seco Grano de carburo de silicio Papel impermeable flexible y de larga duraci\u00f3n, con peso A y C Grano: 320","og_url":"https:\/\/thoro.com.mx\/ethoro\/shop\/abrasivos\/lijas-y-limas\/hojas-de-lija\/lija-de-agua-surtek-lag320-grano-320-carburo-de-silicio-hoja-de-9-x-11-pulgadas\/","og_site_name":"Thoro enterprises de Mexico","article_publisher":"https:\/\/www.facebook.com\/ThoroEnterprises","article_modified_time":"2026-04-04T06:01:10+00:00","og_image":[{"width":1000,"height":1000,"url":"https:\/\/thoro.com.mx\/ethoro\/wp-content\/uploads\/2025\/01\/AL0028.jpg","type":"image\/jpeg"}],"twitter_card":"summary_large_image","schema":{"@context":"https:\/\/schema.org","@graph":[{"@type":"WebPage","@id":"https:\/\/thoro.com.mx\/ethoro\/shop\/abrasivos\/lijas-y-limas\/hojas-de-lija\/lija-de-agua-surtek-lag320-grano-320-carburo-de-silicio-hoja-de-9-x-11-pulgadas\/","url":"https:\/\/thoro.com.mx\/ethoro\/shop\/abrasivos\/lijas-y-limas\/hojas-de-lija\/lija-de-agua-surtek-lag320-grano-320-carburo-de-silicio-hoja-de-9-x-11-pulgadas\/","name":"LIJA DE AGUA SURTEK LAG320 GRANO 320 CARBURO DE SILICIO HOJA DE 9 X 11 PULGADAS - Thoro enterprises de Mexico","isPartOf":{"@id":"https:\/\/72.167.50.119\/ethoro\/#website"},"primaryImageOfPage":{"@id":"https:\/\/thoro.com.mx\/ethoro\/shop\/abrasivos\/lijas-y-limas\/hojas-de-lija\/lija-de-agua-surtek-lag320-grano-320-carburo-de-silicio-hoja-de-9-x-11-pulgadas\/#primaryimage"},"image":{"@id":"https:\/\/thoro.com.mx\/ethoro\/shop\/abrasivos\/lijas-y-limas\/hojas-de-lija\/lija-de-agua-surtek-lag320-grano-320-carburo-de-silicio-hoja-de-9-x-11-pulgadas\/#primaryimage"},"thumbnailUrl":"https:\/\/thoro.com.mx\/ethoro\/wp-content\/uploads\/2025\/01\/AL0028.jpg","datePublished":"2025-01-31T23:28:22+00:00","dateModified":"2026-04-04T06:01:10+00:00","breadcrumb":{"@id":"https:\/\/thoro.com.mx\/ethoro\/shop\/abrasivos\/lijas-y-limas\/hojas-de-lija\/lija-de-agua-surtek-lag320-grano-320-carburo-de-silicio-hoja-de-9-x-11-pulgadas\/#breadcrumb"},"inLanguage":"es","potentialAction":[{"@type":"ReadAction","target":["https:\/\/thoro.com.mx\/ethoro\/shop\/abrasivos\/lijas-y-limas\/hojas-de-lija\/lija-de-agua-surtek-lag320-grano-320-carburo-de-silicio-hoja-de-9-x-11-pulgadas\/"]}]},{"@type":"ImageObject","inLanguage":"es","@id":"https:\/\/thoro.com.mx\/ethoro\/shop\/abrasivos\/lijas-y-limas\/hojas-de-lija\/lija-de-agua-surtek-lag320-grano-320-carburo-de-silicio-hoja-de-9-x-11-pulgadas\/#primaryimage","url":"https:\/\/thoro.com.mx\/ethoro\/wp-content\/uploads\/2025\/01\/AL0028.jpg","contentUrl":"https:\/\/thoro.com.mx\/ethoro\/wp-content\/uploads\/2025\/01\/AL0028.jpg","width":1000,"height":1000},{"@type":"BreadcrumbList","@id":"https:\/\/thoro.com.mx\/ethoro\/shop\/abrasivos\/lijas-y-limas\/hojas-de-lija\/lija-de-agua-surtek-lag320-grano-320-carburo-de-silicio-hoja-de-9-x-11-pulgadas\/#breadcrumb","itemListElement":[{"@type":"ListItem","position":1,"name":"Inicio","item":"https:\/\/thoro.com.mx\/ethoro\/"},{"@type":"ListItem","position":2,"name":"Tienda","item":"https:\/\/thoro.com.mx\/ethoro\/shop\/"},{"@type":"ListItem","position":3,"name":"LIJA DE AGUA SURTEK LAG320 GRANO 320 CARBURO DE SILICIO HOJA DE 9 X 11 PULGADAS"}]},{"@type":"WebSite","@id":"https:\/\/72.167.50.119\/ethoro\/#website","url":"https:\/\/72.167.50.119\/ethoro\/","name":"Thoro Enterprises de M\u00e9xico","description":"Todo en Thoro","publisher":{"@id":"https:\/\/72.167.50.119\/ethoro\/#organization"},"alternateName":"Thoro shop","potentialAction":[{"@type":"SearchAction","target":{"@type":"EntryPoint","urlTemplate":"https:\/\/72.167.50.119\/ethoro\/?s={search_term_string}"},"query-input":{"@type":"PropertyValueSpecification","valueRequired":true,"valueName":"search_term_string"}}],"inLanguage":"es"},{"@type":"Organization","@id":"https:\/\/72.167.50.119\/ethoro\/#organization","name":"Thoro Enterprises de M\u00e9xico","alternateName":"Thoro shop","url":"https:\/\/72.167.50.119\/ethoro\/","logo":{"@type":"ImageObject","inLanguage":"es","@id":"https:\/\/72.167.50.119\/ethoro\/#\/schema\/logo\/image\/","url":"https:\/\/72.167.50.119\/ethoro\/wp-content\/uploads\/2025\/01\/cropped-cropped-icono_t-180x180-1.png","contentUrl":"https:\/\/72.167.50.119\/ethoro\/wp-content\/uploads\/2025\/01\/cropped-cropped-icono_t-180x180-1.png","width":512,"height":512,"caption":"Thoro Enterprises de M\u00e9xico"},"image":{"@id":"https:\/\/72.167.50.119\/ethoro\/#\/schema\/logo\/image\/"},"sameAs":["https:\/\/www.facebook.com\/ThoroEnterprises","https:\/\/www.instagram.com\/thoro.mexico\/"]}]}},"_links":{"self":[{"href":"https:\/\/thoro.com.mx\/ethoro\/wp-json\/wp\/v2\/product\/2454","targetHints":{"allow":["GET"]}}],"collection":[{"href":"https:\/\/thoro.com.mx\/ethoro\/wp-json\/wp\/v2\/product"}],"about":[{"href":"https:\/\/thoro.com.mx\/ethoro\/wp-json\/wp\/v2\/types\/product"}],"replies":[{"embeddable":true,"href":"https:\/\/thoro.com.mx\/ethoro\/wp-json\/wp\/v2\/comments?post=2454"}],"wp:featuredmedia":[{"embeddable":true,"href":"https:\/\/thoro.com.mx\/ethoro\/wp-json\/wp\/v2\/media\/2453"}],"wp:attachment":[{"href":"https:\/\/thoro.com.mx\/ethoro\/wp-json\/wp\/v2\/media?parent=2454"}],"wp:term":[{"taxonomy":"product_brand","embeddable":true,"href":"https:\/\/thoro.com.mx\/ethoro\/wp-json\/wp\/v2\/product_brand?post=2454"},{"taxonomy":"product_cat","embeddable":true,"href":"https:\/\/thoro.com.mx\/ethoro\/wp-json\/wp\/v2\/product_cat?post=2454"},{"taxonomy":"product_tag","embeddable":true,"href":"https:\/\/thoro.com.mx\/ethoro\/wp-json\/wp\/v2\/product_tag?post=2454"}],"curies":[{"name":"wp","href":"https:\/\/api.w.org\/{rel}","templated":true}]}}