{"id":418829,"date":"2025-05-14T00:12:04","date_gmt":"2025-05-14T06:12:04","guid":{"rendered":"https:\/\/thoro.com.mx\/ethoro\/shop\/sin categor\u00eda\/herramienta-profesional-de-impacto-steren-her-672-con-navaja-reversible\/"},"modified":"2026-04-04T00:23:09","modified_gmt":"2026-04-04T06:23:09","slug":"herramienta-profesional-de-impacto-steren-her-672-con-navaja-reversible","status":"publish","type":"product","link":"https:\/\/thoro.com.mx\/ethoro\/shop\/herramientas\/herramientas-de-sujecion\/pinzas-ponchadoras-herramientas-de-sujecion\/herramienta-profesional-de-impacto-steren-her-672-con-navaja-reversible\/","title":{"rendered":"HERRAMIENTA PROFESIONAL DE IMPACTO STEREN HER-672 CON NAVAJA REVERSIBLE"},"content":{"rendered":"<h4>HER-672<\/h4>\n<ul>\n<li>&#8211; Compatibilidad: Utiliza esta herramienta para ponchar el cable Ethernet en conectores jack tipo Keystone.<\/li>\n<li>&#8211; Elige el nivel de impacto: Incorpora una perilla con la que podr\u00e1s seleccionar la fuerza del ponchado (alto o bajo).<\/li>\n<li>&#8211; Navaja de doble funci\u00f3n: Gracias a que es reversible, podr\u00e1s insertar y cortar el cable o solo insertarlo. Adem\u00e1s, por su fabricaci\u00f3n en metal de gran resistencia, tendr\u00e1 un largo periodo de vida \u00fatil. La herramienta tiene un espacio especial para guardar la navaja.<\/li>\n<li>&#8211; Herramientas adicionales: Incorpora un gancho que es de mucha ayuda si deseas retirar alg\u00fan cable que ya est\u00e9 insertado en el jack. Tambi\u00e9n, tiene una esp\u00e1tula que es \u00fatil si necesitas remover el jack o alg\u00fan bloque de terminales.<\/li>\n<\/ul>\n","protected":false},"excerpt":{"rendered":"<p>HER-672 &#8211; Compatibilidad: Utiliza esta herramienta para ponchar el cable Ethernet en conectores jack tipo Keystone. &#8211; Elige el nivel de impacto: Incorpora una perilla con la que podr\u00e1s seleccionar la fuerza del ponchado (alto o bajo). &#8211; Navaja de doble funci\u00f3n: Gracias a que es reversible, podr\u00e1s insertar y cortar el cable o solo [&hellip;]<\/p>\n","protected":false},"featured_media":418828,"comment_status":"open","ping_status":"closed","template":"","meta":{"_monsterinsights_skip_tracking":false,"_monsterinsights_sitenote_active":false,"_monsterinsights_sitenote_note":"","_monsterinsights_sitenote_category":0,"_joinchat":[]},"product_brand":[],"product_cat":[20146],"product_tag":[],"class_list":{"0":"post-418829","1":"product","2":"type-product","3":"status-publish","4":"has-post-thumbnail","6":"product_cat-pinzas-ponchadoras-herramientas-de-sujecion","8":"first","9":"instock","10":"taxable","11":"shipping-taxable","12":"purchasable","13":"product-type-simple","14":"add-to-wishlist-after_add_to_cart"},"yoast_head":"<!-- This site is optimized with the Yoast SEO plugin v27.1.1 - https:\/\/yoast.com\/product\/yoast-seo-wordpress\/ -->\n<title>HERRAMIENTA PROFESIONAL DE IMPACTO STEREN HER-672 CON NAVAJA REVERSIBLE - Thoro enterprises de Mexico<\/title>\n<meta name=\"robots\" content=\"noindex, follow\" \/>\n<meta property=\"og:locale\" content=\"es_MX\" \/>\n<meta property=\"og:type\" content=\"article\" \/>\n<meta property=\"og:title\" content=\"HERRAMIENTA PROFESIONAL DE IMPACTO STEREN HER-672 CON NAVAJA REVERSIBLE - Thoro enterprises de Mexico\" \/>\n<meta property=\"og:description\" content=\"HER-672 &#8211; Compatibilidad: Utiliza esta herramienta para ponchar el cable Ethernet en conectores jack tipo Keystone. &#8211; Elige el nivel de impacto: Incorpora una perilla con la que podr\u00e1s seleccionar la fuerza del ponchado (alto o bajo). &#8211; Navaja de doble funci\u00f3n: Gracias a que es reversible, podr\u00e1s insertar y cortar el cable o solo [&hellip;]\" \/>\n<meta property=\"og:url\" content=\"https:\/\/thoro.com.mx\/ethoro\/shop\/sin categor\u00eda\/herramienta-profesional-de-impacto-steren-her-672-con-navaja-reversible\/\" \/>\n<meta property=\"og:site_name\" content=\"Thoro enterprises de Mexico\" \/>\n<meta property=\"article:publisher\" content=\"https:\/\/www.facebook.com\/ThoroEnterprises\" \/>\n<meta property=\"article:modified_time\" content=\"2026-04-04T06:23:09+00:00\" \/>\n<meta name=\"twitter:card\" content=\"summary_large_image\" \/>\n<meta name=\"twitter:label1\" content=\"Tiempo de lectura\" \/>\n\t<meta name=\"twitter:data1\" content=\"1 minuto\" \/>\n<script type=\"application\/ld+json\" class=\"yoast-schema-graph\">{\"@context\":\"https:\/\/schema.org\",\"@graph\":[{\"@type\":\"WebPage\",\"@id\":\"https:\/\/thoro.com.mx\/ethoro\/shop\/sin categor\u00eda\/herramienta-profesional-de-impacto-steren-her-672-con-navaja-reversible\/\",\"url\":\"https:\/\/thoro.com.mx\/ethoro\/shop\/sin categor\u00eda\/herramienta-profesional-de-impacto-steren-her-672-con-navaja-reversible\/\",\"name\":\"HERRAMIENTA PROFESIONAL DE IMPACTO STEREN HER-672 CON NAVAJA REVERSIBLE - Thoro enterprises de Mexico\",\"isPartOf\":{\"@id\":\"https:\/\/72.167.50.119\/ethoro\/#website\"},\"primaryImageOfPage\":{\"@id\":\"https:\/\/thoro.com.mx\/ethoro\/shop\/sin categor\u00eda\/herramienta-profesional-de-impacto-steren-her-672-con-navaja-reversible\/#primaryimage\"},\"image\":{\"@id\":\"https:\/\/thoro.com.mx\/ethoro\/shop\/sin categor\u00eda\/herramienta-profesional-de-impacto-steren-her-672-con-navaja-reversible\/#primaryimage\"},\"thumbnailUrl\":\"https:\/\/thoro.com.mx\/ethoro\/wp-content\/uploads\/2025\/05\/H21707.jpg\",\"datePublished\":\"2025-05-14T06:12:04+00:00\",\"dateModified\":\"2026-04-04T06:23:09+00:00\",\"breadcrumb\":{\"@id\":\"https:\/\/thoro.com.mx\/ethoro\/shop\/sin categor\u00eda\/herramienta-profesional-de-impacto-steren-her-672-con-navaja-reversible\/#breadcrumb\"},\"inLanguage\":\"es\",\"potentialAction\":[{\"@type\":\"ReadAction\",\"target\":[\"https:\/\/thoro.com.mx\/ethoro\/shop\/sin categor\u00eda\/herramienta-profesional-de-impacto-steren-her-672-con-navaja-reversible\/\"]}]},{\"@type\":\"ImageObject\",\"inLanguage\":\"es\",\"@id\":\"https:\/\/thoro.com.mx\/ethoro\/shop\/sin categor\u00eda\/herramienta-profesional-de-impacto-steren-her-672-con-navaja-reversible\/#primaryimage\",\"url\":\"https:\/\/thoro.com.mx\/ethoro\/wp-content\/uploads\/2025\/05\/H21707.jpg\",\"contentUrl\":\"https:\/\/thoro.com.mx\/ethoro\/wp-content\/uploads\/2025\/05\/H21707.jpg\",\"width\":1000,\"height\":1000},{\"@type\":\"BreadcrumbList\",\"@id\":\"https:\/\/thoro.com.mx\/ethoro\/shop\/sin categor\u00eda\/herramienta-profesional-de-impacto-steren-her-672-con-navaja-reversible\/#breadcrumb\",\"itemListElement\":[{\"@type\":\"ListItem\",\"position\":1,\"name\":\"Inicio\",\"item\":\"https:\/\/thoro.com.mx\/ethoro\/\"},{\"@type\":\"ListItem\",\"position\":2,\"name\":\"Tienda\",\"item\":\"https:\/\/thoro.com.mx\/ethoro\/shop\/\"},{\"@type\":\"ListItem\",\"position\":3,\"name\":\"HERRAMIENTA PROFESIONAL DE IMPACTO STEREN HER-672 CON NAVAJA REVERSIBLE\"}]},{\"@type\":\"WebSite\",\"@id\":\"https:\/\/72.167.50.119\/ethoro\/#website\",\"url\":\"https:\/\/72.167.50.119\/ethoro\/\",\"name\":\"Thoro Enterprises de M\u00e9xico\",\"description\":\"Todo en Thoro\",\"publisher\":{\"@id\":\"https:\/\/72.167.50.119\/ethoro\/#organization\"},\"alternateName\":\"Thoro shop\",\"potentialAction\":[{\"@type\":\"SearchAction\",\"target\":{\"@type\":\"EntryPoint\",\"urlTemplate\":\"https:\/\/72.167.50.119\/ethoro\/?s={search_term_string}\"},\"query-input\":{\"@type\":\"PropertyValueSpecification\",\"valueRequired\":true,\"valueName\":\"search_term_string\"}}],\"inLanguage\":\"es\"},{\"@type\":\"Organization\",\"@id\":\"https:\/\/72.167.50.119\/ethoro\/#organization\",\"name\":\"Thoro Enterprises de M\u00e9xico\",\"alternateName\":\"Thoro shop\",\"url\":\"https:\/\/72.167.50.119\/ethoro\/\",\"logo\":{\"@type\":\"ImageObject\",\"inLanguage\":\"es\",\"@id\":\"https:\/\/72.167.50.119\/ethoro\/#\/schema\/logo\/image\/\",\"url\":\"https:\/\/72.167.50.119\/ethoro\/wp-content\/uploads\/2025\/01\/cropped-cropped-icono_t-180x180-1.png\",\"contentUrl\":\"https:\/\/72.167.50.119\/ethoro\/wp-content\/uploads\/2025\/01\/cropped-cropped-icono_t-180x180-1.png\",\"width\":512,\"height\":512,\"caption\":\"Thoro Enterprises de M\u00e9xico\"},\"image\":{\"@id\":\"https:\/\/72.167.50.119\/ethoro\/#\/schema\/logo\/image\/\"},\"sameAs\":[\"https:\/\/www.facebook.com\/ThoroEnterprises\",\"https:\/\/www.instagram.com\/thoro.mexico\/\"]}]}<\/script>\n<!-- \/ Yoast SEO plugin. -->","yoast_head_json":{"title":"HERRAMIENTA PROFESIONAL DE IMPACTO STEREN HER-672 CON NAVAJA REVERSIBLE - Thoro enterprises de Mexico","robots":{"index":"noindex","follow":"follow"},"og_locale":"es_MX","og_type":"article","og_title":"HERRAMIENTA PROFESIONAL DE IMPACTO STEREN HER-672 CON NAVAJA REVERSIBLE - Thoro enterprises de Mexico","og_description":"HER-672 &#8211; Compatibilidad: Utiliza esta herramienta para ponchar el cable Ethernet en conectores jack tipo Keystone. &#8211; Elige el nivel de impacto: Incorpora una perilla con la que podr\u00e1s seleccionar la fuerza del ponchado (alto o bajo). &#8211; Navaja de doble funci\u00f3n: Gracias a que es reversible, podr\u00e1s insertar y cortar el cable o solo [&hellip;]","og_url":"https:\/\/thoro.com.mx\/ethoro\/shop\/sin categor\u00eda\/herramienta-profesional-de-impacto-steren-her-672-con-navaja-reversible\/","og_site_name":"Thoro enterprises de Mexico","article_publisher":"https:\/\/www.facebook.com\/ThoroEnterprises","article_modified_time":"2026-04-04T06:23:09+00:00","twitter_card":"summary_large_image","twitter_misc":{"Tiempo de lectura":"1 minuto"},"schema":{"@context":"https:\/\/schema.org","@graph":[{"@type":"WebPage","@id":"https:\/\/thoro.com.mx\/ethoro\/shop\/sin categor\u00eda\/herramienta-profesional-de-impacto-steren-her-672-con-navaja-reversible\/","url":"https:\/\/thoro.com.mx\/ethoro\/shop\/sin categor\u00eda\/herramienta-profesional-de-impacto-steren-her-672-con-navaja-reversible\/","name":"HERRAMIENTA PROFESIONAL DE IMPACTO STEREN HER-672 CON NAVAJA REVERSIBLE - Thoro enterprises de Mexico","isPartOf":{"@id":"https:\/\/72.167.50.119\/ethoro\/#website"},"primaryImageOfPage":{"@id":"https:\/\/thoro.com.mx\/ethoro\/shop\/sin categor\u00eda\/herramienta-profesional-de-impacto-steren-her-672-con-navaja-reversible\/#primaryimage"},"image":{"@id":"https:\/\/thoro.com.mx\/ethoro\/shop\/sin categor\u00eda\/herramienta-profesional-de-impacto-steren-her-672-con-navaja-reversible\/#primaryimage"},"thumbnailUrl":"https:\/\/thoro.com.mx\/ethoro\/wp-content\/uploads\/2025\/05\/H21707.jpg","datePublished":"2025-05-14T06:12:04+00:00","dateModified":"2026-04-04T06:23:09+00:00","breadcrumb":{"@id":"https:\/\/thoro.com.mx\/ethoro\/shop\/sin categor\u00eda\/herramienta-profesional-de-impacto-steren-her-672-con-navaja-reversible\/#breadcrumb"},"inLanguage":"es","potentialAction":[{"@type":"ReadAction","target":["https:\/\/thoro.com.mx\/ethoro\/shop\/sin categor\u00eda\/herramienta-profesional-de-impacto-steren-her-672-con-navaja-reversible\/"]}]},{"@type":"ImageObject","inLanguage":"es","@id":"https:\/\/thoro.com.mx\/ethoro\/shop\/sin categor\u00eda\/herramienta-profesional-de-impacto-steren-her-672-con-navaja-reversible\/#primaryimage","url":"https:\/\/thoro.com.mx\/ethoro\/wp-content\/uploads\/2025\/05\/H21707.jpg","contentUrl":"https:\/\/thoro.com.mx\/ethoro\/wp-content\/uploads\/2025\/05\/H21707.jpg","width":1000,"height":1000},{"@type":"BreadcrumbList","@id":"https:\/\/thoro.com.mx\/ethoro\/shop\/sin categor\u00eda\/herramienta-profesional-de-impacto-steren-her-672-con-navaja-reversible\/#breadcrumb","itemListElement":[{"@type":"ListItem","position":1,"name":"Inicio","item":"https:\/\/thoro.com.mx\/ethoro\/"},{"@type":"ListItem","position":2,"name":"Tienda","item":"https:\/\/thoro.com.mx\/ethoro\/shop\/"},{"@type":"ListItem","position":3,"name":"HERRAMIENTA PROFESIONAL DE IMPACTO STEREN HER-672 CON NAVAJA REVERSIBLE"}]},{"@type":"WebSite","@id":"https:\/\/72.167.50.119\/ethoro\/#website","url":"https:\/\/72.167.50.119\/ethoro\/","name":"Thoro Enterprises de M\u00e9xico","description":"Todo en Thoro","publisher":{"@id":"https:\/\/72.167.50.119\/ethoro\/#organization"},"alternateName":"Thoro shop","potentialAction":[{"@type":"SearchAction","target":{"@type":"EntryPoint","urlTemplate":"https:\/\/72.167.50.119\/ethoro\/?s={search_term_string}"},"query-input":{"@type":"PropertyValueSpecification","valueRequired":true,"valueName":"search_term_string"}}],"inLanguage":"es"},{"@type":"Organization","@id":"https:\/\/72.167.50.119\/ethoro\/#organization","name":"Thoro Enterprises de M\u00e9xico","alternateName":"Thoro shop","url":"https:\/\/72.167.50.119\/ethoro\/","logo":{"@type":"ImageObject","inLanguage":"es","@id":"https:\/\/72.167.50.119\/ethoro\/#\/schema\/logo\/image\/","url":"https:\/\/72.167.50.119\/ethoro\/wp-content\/uploads\/2025\/01\/cropped-cropped-icono_t-180x180-1.png","contentUrl":"https:\/\/72.167.50.119\/ethoro\/wp-content\/uploads\/2025\/01\/cropped-cropped-icono_t-180x180-1.png","width":512,"height":512,"caption":"Thoro Enterprises de M\u00e9xico"},"image":{"@id":"https:\/\/72.167.50.119\/ethoro\/#\/schema\/logo\/image\/"},"sameAs":["https:\/\/www.facebook.com\/ThoroEnterprises","https:\/\/www.instagram.com\/thoro.mexico\/"]}]}},"_links":{"self":[{"href":"https:\/\/thoro.com.mx\/ethoro\/wp-json\/wp\/v2\/product\/418829","targetHints":{"allow":["GET"]}}],"collection":[{"href":"https:\/\/thoro.com.mx\/ethoro\/wp-json\/wp\/v2\/product"}],"about":[{"href":"https:\/\/thoro.com.mx\/ethoro\/wp-json\/wp\/v2\/types\/product"}],"replies":[{"embeddable":true,"href":"https:\/\/thoro.com.mx\/ethoro\/wp-json\/wp\/v2\/comments?post=418829"}],"wp:featuredmedia":[{"embeddable":true,"href":"https:\/\/thoro.com.mx\/ethoro\/wp-json\/wp\/v2\/media\/418828"}],"wp:attachment":[{"href":"https:\/\/thoro.com.mx\/ethoro\/wp-json\/wp\/v2\/media?parent=418829"}],"wp:term":[{"taxonomy":"product_brand","embeddable":true,"href":"https:\/\/thoro.com.mx\/ethoro\/wp-json\/wp\/v2\/product_brand?post=418829"},{"taxonomy":"product_cat","embeddable":true,"href":"https:\/\/thoro.com.mx\/ethoro\/wp-json\/wp\/v2\/product_cat?post=418829"},{"taxonomy":"product_tag","embeddable":true,"href":"https:\/\/thoro.com.mx\/ethoro\/wp-json\/wp\/v2\/product_tag?post=418829"}],"curies":[{"name":"wp","href":"https:\/\/api.w.org\/{rel}","templated":true}]}}