{"id":4393,"date":"2025-02-05T08:29:27","date_gmt":"2025-02-05T14:29:27","guid":{"rendered":"https:\/\/72.167.50.119\/ethoro\/shop\/sin categor\u00eda\/kit-taladro-destornillador-de-instalacion-inalambrico-milwaukee-2505-22-m12-fuel\/"},"modified":"2026-04-08T03:32:14","modified_gmt":"2026-04-08T09:32:14","slug":"kit-taladro-destornillador-de-instalacion-inalambrico-milwaukee-2505-22-m12-fuel","status":"publish","type":"product","link":"https:\/\/thoro.com.mx\/ethoro\/shop\/herramientas\/herramientas-electricas-inalambricas\/taladros-inalambricos\/kit-taladro-destornillador-de-instalacion-inalambrico-milwaukee-2505-22-m12-fuel\/","title":{"rendered":"KIT TALADRO\/DESTORNILLADOR DE INSTALACION INALAMBRICO MILWAUKEE 2505-22 M12 FUEL"},"content":{"rendered":"<h4>2505-22<\/h4>\n<ul>\n<li>Soluciones dedicadas 4 en 1.<\/li>\n<li>Hasta 300 pulg-lb de torque m\u00e1ximo.<\/li>\n<li>El accesorio de \u00e1ngulo recto proporciona una sujeci\u00f3n eficiente o perforaci\u00f3n en 90 grados para un acceso inigualable en espacios estrechos.<\/li>\n<li>El soporte magn\u00e9tico para brocas afirma varias brocas a bordo para ahorrar tiempo cuando cambia accesorios.<\/li>\n<li>Los accesorios hexagonal de \u00bc&#8221;, portabrocas de 3\/8&#8243; y acodado se conectan al accesorio de \u00e1ngulo recto para una mayor versatilidad cuando perfore y apriete en \u00e1ngulo recto.<\/li>\n<li>Los accesorios se conectan en 16 posiciones distintas para acceder a casi todos los \u00e1ngulos.<\/li>\n<li>5.12&#8243; de ancho y solo 2.0 lb con la bater\u00eda instalada.<\/li>\n<li>La parte superior de la herramienta es plana, lo que permite una perforaci\u00f3n o sujeci\u00f3n m\u00e1s f\u00e1cil cuando la herramienta est\u00e1 a ras con una superficie.<\/li>\n<li>Bolso para contratista con compartimientos que permite una organizaci\u00f3n f\u00e1cil de los accesorios y movilidad de la herramienta.<\/li>\n<\/ul>\n","protected":false},"excerpt":{"rendered":"<p>2505-22 Soluciones dedicadas 4 en 1. Hasta 300 pulg-lb de torque m\u00e1ximo. El accesorio de \u00e1ngulo recto proporciona una sujeci\u00f3n eficiente o perforaci\u00f3n en 90 grados para un acceso inigualable en espacios estrechos. El soporte magn\u00e9tico para brocas afirma varias brocas a bordo para ahorrar tiempo cuando cambia accesorios. Los accesorios hexagonal de \u00bc&#8221;, portabrocas [&hellip;]<\/p>\n","protected":false},"featured_media":4392,"comment_status":"open","ping_status":"closed","template":"","meta":{"_monsterinsights_skip_tracking":false,"_monsterinsights_sitenote_active":false,"_monsterinsights_sitenote_note":"","_monsterinsights_sitenote_category":0,"_joinchat":[]},"product_brand":[],"product_cat":[448],"product_tag":[],"class_list":{"0":"post-4393","1":"product","2":"type-product","3":"status-publish","4":"has-post-thumbnail","6":"product_cat-taladros-inalambricos","8":"first","9":"instock","10":"sale","11":"taxable","12":"shipping-taxable","13":"purchasable","14":"product-type-simple","15":"add-to-wishlist-after_add_to_cart"},"yoast_head":"<!-- This site is optimized with the Yoast SEO plugin v27.1.1 - https:\/\/yoast.com\/product\/yoast-seo-wordpress\/ -->\n<title>KIT TALADRO\/DESTORNILLADOR DE INSTALACION INALAMBRICO MILWAUKEE 2505-22 M12 FUEL - Thoro enterprises de Mexico<\/title>\n<meta name=\"robots\" content=\"noindex, follow\" \/>\n<meta property=\"og:locale\" content=\"es_MX\" \/>\n<meta property=\"og:type\" content=\"article\" \/>\n<meta property=\"og:title\" content=\"KIT TALADRO\/DESTORNILLADOR DE INSTALACION INALAMBRICO MILWAUKEE 2505-22 M12 FUEL - Thoro enterprises de Mexico\" \/>\n<meta property=\"og:description\" content=\"2505-22 Soluciones dedicadas 4 en 1. Hasta 300 pulg-lb de torque m\u00e1ximo. El accesorio de \u00e1ngulo recto proporciona una sujeci\u00f3n eficiente o perforaci\u00f3n en 90 grados para un acceso inigualable en espacios estrechos. El soporte magn\u00e9tico para brocas afirma varias brocas a bordo para ahorrar tiempo cuando cambia accesorios. Los accesorios hexagonal de \u00bc&#8221;, portabrocas [&hellip;]\" \/>\n<meta property=\"og:url\" content=\"https:\/\/thoro.com.mx\/ethoro\/shop\/herramientas\/herramientas-electricas-inalambricas\/taladros-inalambricos\/kit-taladro-destornillador-de-instalacion-inalambrico-milwaukee-2505-22-m12-fuel\/\" \/>\n<meta property=\"og:site_name\" content=\"Thoro enterprises de Mexico\" \/>\n<meta property=\"article:publisher\" content=\"https:\/\/www.facebook.com\/ThoroEnterprises\" \/>\n<meta property=\"article:modified_time\" content=\"2026-04-08T09:32:14+00:00\" \/>\n<meta property=\"og:image\" content=\"https:\/\/thoro.com.mx\/ethoro\/wp-content\/uploads\/2025\/02\/H1144_01.jpg\" \/>\n\t<meta property=\"og:image:width\" content=\"1000\" \/>\n\t<meta property=\"og:image:height\" content=\"1000\" \/>\n\t<meta property=\"og:image:type\" content=\"image\/jpeg\" \/>\n<meta name=\"twitter:card\" content=\"summary_large_image\" \/>\n<meta name=\"twitter:label1\" content=\"Tiempo de lectura\" \/>\n\t<meta name=\"twitter:data1\" content=\"1 minuto\" \/>\n<script type=\"application\/ld+json\" class=\"yoast-schema-graph\">{\"@context\":\"https:\/\/schema.org\",\"@graph\":[{\"@type\":\"WebPage\",\"@id\":\"https:\/\/thoro.com.mx\/ethoro\/shop\/herramientas\/herramientas-electricas-inalambricas\/taladros-inalambricos\/kit-taladro-destornillador-de-instalacion-inalambrico-milwaukee-2505-22-m12-fuel\/\",\"url\":\"https:\/\/thoro.com.mx\/ethoro\/shop\/herramientas\/herramientas-electricas-inalambricas\/taladros-inalambricos\/kit-taladro-destornillador-de-instalacion-inalambrico-milwaukee-2505-22-m12-fuel\/\",\"name\":\"KIT TALADRO\/DESTORNILLADOR DE INSTALACION INALAMBRICO MILWAUKEE 2505-22 M12 FUEL - Thoro enterprises de Mexico\",\"isPartOf\":{\"@id\":\"https:\/\/72.167.50.119\/ethoro\/#website\"},\"primaryImageOfPage\":{\"@id\":\"https:\/\/thoro.com.mx\/ethoro\/shop\/herramientas\/herramientas-electricas-inalambricas\/taladros-inalambricos\/kit-taladro-destornillador-de-instalacion-inalambrico-milwaukee-2505-22-m12-fuel\/#primaryimage\"},\"image\":{\"@id\":\"https:\/\/thoro.com.mx\/ethoro\/shop\/herramientas\/herramientas-electricas-inalambricas\/taladros-inalambricos\/kit-taladro-destornillador-de-instalacion-inalambrico-milwaukee-2505-22-m12-fuel\/#primaryimage\"},\"thumbnailUrl\":\"https:\/\/thoro.com.mx\/ethoro\/wp-content\/uploads\/2025\/02\/H1144_01.jpg\",\"datePublished\":\"2025-02-05T14:29:27+00:00\",\"dateModified\":\"2026-04-08T09:32:14+00:00\",\"breadcrumb\":{\"@id\":\"https:\/\/thoro.com.mx\/ethoro\/shop\/herramientas\/herramientas-electricas-inalambricas\/taladros-inalambricos\/kit-taladro-destornillador-de-instalacion-inalambrico-milwaukee-2505-22-m12-fuel\/#breadcrumb\"},\"inLanguage\":\"es\",\"potentialAction\":[{\"@type\":\"ReadAction\",\"target\":[\"https:\/\/thoro.com.mx\/ethoro\/shop\/herramientas\/herramientas-electricas-inalambricas\/taladros-inalambricos\/kit-taladro-destornillador-de-instalacion-inalambrico-milwaukee-2505-22-m12-fuel\/\"]}]},{\"@type\":\"ImageObject\",\"inLanguage\":\"es\",\"@id\":\"https:\/\/thoro.com.mx\/ethoro\/shop\/herramientas\/herramientas-electricas-inalambricas\/taladros-inalambricos\/kit-taladro-destornillador-de-instalacion-inalambrico-milwaukee-2505-22-m12-fuel\/#primaryimage\",\"url\":\"https:\/\/thoro.com.mx\/ethoro\/wp-content\/uploads\/2025\/02\/H1144_01.jpg\",\"contentUrl\":\"https:\/\/thoro.com.mx\/ethoro\/wp-content\/uploads\/2025\/02\/H1144_01.jpg\",\"width\":1000,\"height\":1000},{\"@type\":\"BreadcrumbList\",\"@id\":\"https:\/\/thoro.com.mx\/ethoro\/shop\/herramientas\/herramientas-electricas-inalambricas\/taladros-inalambricos\/kit-taladro-destornillador-de-instalacion-inalambrico-milwaukee-2505-22-m12-fuel\/#breadcrumb\",\"itemListElement\":[{\"@type\":\"ListItem\",\"position\":1,\"name\":\"Inicio\",\"item\":\"https:\/\/thoro.com.mx\/ethoro\/\"},{\"@type\":\"ListItem\",\"position\":2,\"name\":\"Tienda\",\"item\":\"https:\/\/thoro.com.mx\/ethoro\/shop\/\"},{\"@type\":\"ListItem\",\"position\":3,\"name\":\"KIT TALADRO\/DESTORNILLADOR DE INSTALACION INALAMBRICO MILWAUKEE 2505-22 M12 FUEL\"}]},{\"@type\":\"WebSite\",\"@id\":\"https:\/\/72.167.50.119\/ethoro\/#website\",\"url\":\"https:\/\/72.167.50.119\/ethoro\/\",\"name\":\"Thoro Enterprises de M\u00e9xico\",\"description\":\"Todo en Thoro\",\"publisher\":{\"@id\":\"https:\/\/72.167.50.119\/ethoro\/#organization\"},\"alternateName\":\"Thoro shop\",\"potentialAction\":[{\"@type\":\"SearchAction\",\"target\":{\"@type\":\"EntryPoint\",\"urlTemplate\":\"https:\/\/72.167.50.119\/ethoro\/?s={search_term_string}\"},\"query-input\":{\"@type\":\"PropertyValueSpecification\",\"valueRequired\":true,\"valueName\":\"search_term_string\"}}],\"inLanguage\":\"es\"},{\"@type\":\"Organization\",\"@id\":\"https:\/\/72.167.50.119\/ethoro\/#organization\",\"name\":\"Thoro Enterprises de M\u00e9xico\",\"alternateName\":\"Thoro shop\",\"url\":\"https:\/\/72.167.50.119\/ethoro\/\",\"logo\":{\"@type\":\"ImageObject\",\"inLanguage\":\"es\",\"@id\":\"https:\/\/72.167.50.119\/ethoro\/#\/schema\/logo\/image\/\",\"url\":\"https:\/\/72.167.50.119\/ethoro\/wp-content\/uploads\/2025\/01\/cropped-cropped-icono_t-180x180-1.png\",\"contentUrl\":\"https:\/\/72.167.50.119\/ethoro\/wp-content\/uploads\/2025\/01\/cropped-cropped-icono_t-180x180-1.png\",\"width\":512,\"height\":512,\"caption\":\"Thoro Enterprises de M\u00e9xico\"},\"image\":{\"@id\":\"https:\/\/72.167.50.119\/ethoro\/#\/schema\/logo\/image\/\"},\"sameAs\":[\"https:\/\/www.facebook.com\/ThoroEnterprises\",\"https:\/\/www.instagram.com\/thoro.mexico\/\"]}]}<\/script>\n<!-- \/ Yoast SEO plugin. -->","yoast_head_json":{"title":"KIT TALADRO\/DESTORNILLADOR DE INSTALACION INALAMBRICO MILWAUKEE 2505-22 M12 FUEL - Thoro enterprises de Mexico","robots":{"index":"noindex","follow":"follow"},"og_locale":"es_MX","og_type":"article","og_title":"KIT TALADRO\/DESTORNILLADOR DE INSTALACION INALAMBRICO MILWAUKEE 2505-22 M12 FUEL - Thoro enterprises de Mexico","og_description":"2505-22 Soluciones dedicadas 4 en 1. Hasta 300 pulg-lb de torque m\u00e1ximo. El accesorio de \u00e1ngulo recto proporciona una sujeci\u00f3n eficiente o perforaci\u00f3n en 90 grados para un acceso inigualable en espacios estrechos. El soporte magn\u00e9tico para brocas afirma varias brocas a bordo para ahorrar tiempo cuando cambia accesorios. Los accesorios hexagonal de \u00bc&#8221;, portabrocas [&hellip;]","og_url":"https:\/\/thoro.com.mx\/ethoro\/shop\/herramientas\/herramientas-electricas-inalambricas\/taladros-inalambricos\/kit-taladro-destornillador-de-instalacion-inalambrico-milwaukee-2505-22-m12-fuel\/","og_site_name":"Thoro enterprises de Mexico","article_publisher":"https:\/\/www.facebook.com\/ThoroEnterprises","article_modified_time":"2026-04-08T09:32:14+00:00","og_image":[{"width":1000,"height":1000,"url":"https:\/\/thoro.com.mx\/ethoro\/wp-content\/uploads\/2025\/02\/H1144_01.jpg","type":"image\/jpeg"}],"twitter_card":"summary_large_image","twitter_misc":{"Tiempo de lectura":"1 minuto"},"schema":{"@context":"https:\/\/schema.org","@graph":[{"@type":"WebPage","@id":"https:\/\/thoro.com.mx\/ethoro\/shop\/herramientas\/herramientas-electricas-inalambricas\/taladros-inalambricos\/kit-taladro-destornillador-de-instalacion-inalambrico-milwaukee-2505-22-m12-fuel\/","url":"https:\/\/thoro.com.mx\/ethoro\/shop\/herramientas\/herramientas-electricas-inalambricas\/taladros-inalambricos\/kit-taladro-destornillador-de-instalacion-inalambrico-milwaukee-2505-22-m12-fuel\/","name":"KIT TALADRO\/DESTORNILLADOR DE INSTALACION INALAMBRICO MILWAUKEE 2505-22 M12 FUEL - Thoro enterprises de Mexico","isPartOf":{"@id":"https:\/\/72.167.50.119\/ethoro\/#website"},"primaryImageOfPage":{"@id":"https:\/\/thoro.com.mx\/ethoro\/shop\/herramientas\/herramientas-electricas-inalambricas\/taladros-inalambricos\/kit-taladro-destornillador-de-instalacion-inalambrico-milwaukee-2505-22-m12-fuel\/#primaryimage"},"image":{"@id":"https:\/\/thoro.com.mx\/ethoro\/shop\/herramientas\/herramientas-electricas-inalambricas\/taladros-inalambricos\/kit-taladro-destornillador-de-instalacion-inalambrico-milwaukee-2505-22-m12-fuel\/#primaryimage"},"thumbnailUrl":"https:\/\/thoro.com.mx\/ethoro\/wp-content\/uploads\/2025\/02\/H1144_01.jpg","datePublished":"2025-02-05T14:29:27+00:00","dateModified":"2026-04-08T09:32:14+00:00","breadcrumb":{"@id":"https:\/\/thoro.com.mx\/ethoro\/shop\/herramientas\/herramientas-electricas-inalambricas\/taladros-inalambricos\/kit-taladro-destornillador-de-instalacion-inalambrico-milwaukee-2505-22-m12-fuel\/#breadcrumb"},"inLanguage":"es","potentialAction":[{"@type":"ReadAction","target":["https:\/\/thoro.com.mx\/ethoro\/shop\/herramientas\/herramientas-electricas-inalambricas\/taladros-inalambricos\/kit-taladro-destornillador-de-instalacion-inalambrico-milwaukee-2505-22-m12-fuel\/"]}]},{"@type":"ImageObject","inLanguage":"es","@id":"https:\/\/thoro.com.mx\/ethoro\/shop\/herramientas\/herramientas-electricas-inalambricas\/taladros-inalambricos\/kit-taladro-destornillador-de-instalacion-inalambrico-milwaukee-2505-22-m12-fuel\/#primaryimage","url":"https:\/\/thoro.com.mx\/ethoro\/wp-content\/uploads\/2025\/02\/H1144_01.jpg","contentUrl":"https:\/\/thoro.com.mx\/ethoro\/wp-content\/uploads\/2025\/02\/H1144_01.jpg","width":1000,"height":1000},{"@type":"BreadcrumbList","@id":"https:\/\/thoro.com.mx\/ethoro\/shop\/herramientas\/herramientas-electricas-inalambricas\/taladros-inalambricos\/kit-taladro-destornillador-de-instalacion-inalambrico-milwaukee-2505-22-m12-fuel\/#breadcrumb","itemListElement":[{"@type":"ListItem","position":1,"name":"Inicio","item":"https:\/\/thoro.com.mx\/ethoro\/"},{"@type":"ListItem","position":2,"name":"Tienda","item":"https:\/\/thoro.com.mx\/ethoro\/shop\/"},{"@type":"ListItem","position":3,"name":"KIT TALADRO\/DESTORNILLADOR DE INSTALACION INALAMBRICO MILWAUKEE 2505-22 M12 FUEL"}]},{"@type":"WebSite","@id":"https:\/\/72.167.50.119\/ethoro\/#website","url":"https:\/\/72.167.50.119\/ethoro\/","name":"Thoro Enterprises de M\u00e9xico","description":"Todo en Thoro","publisher":{"@id":"https:\/\/72.167.50.119\/ethoro\/#organization"},"alternateName":"Thoro shop","potentialAction":[{"@type":"SearchAction","target":{"@type":"EntryPoint","urlTemplate":"https:\/\/72.167.50.119\/ethoro\/?s={search_term_string}"},"query-input":{"@type":"PropertyValueSpecification","valueRequired":true,"valueName":"search_term_string"}}],"inLanguage":"es"},{"@type":"Organization","@id":"https:\/\/72.167.50.119\/ethoro\/#organization","name":"Thoro Enterprises de M\u00e9xico","alternateName":"Thoro shop","url":"https:\/\/72.167.50.119\/ethoro\/","logo":{"@type":"ImageObject","inLanguage":"es","@id":"https:\/\/72.167.50.119\/ethoro\/#\/schema\/logo\/image\/","url":"https:\/\/72.167.50.119\/ethoro\/wp-content\/uploads\/2025\/01\/cropped-cropped-icono_t-180x180-1.png","contentUrl":"https:\/\/72.167.50.119\/ethoro\/wp-content\/uploads\/2025\/01\/cropped-cropped-icono_t-180x180-1.png","width":512,"height":512,"caption":"Thoro Enterprises de M\u00e9xico"},"image":{"@id":"https:\/\/72.167.50.119\/ethoro\/#\/schema\/logo\/image\/"},"sameAs":["https:\/\/www.facebook.com\/ThoroEnterprises","https:\/\/www.instagram.com\/thoro.mexico\/"]}]}},"_links":{"self":[{"href":"https:\/\/thoro.com.mx\/ethoro\/wp-json\/wp\/v2\/product\/4393","targetHints":{"allow":["GET"]}}],"collection":[{"href":"https:\/\/thoro.com.mx\/ethoro\/wp-json\/wp\/v2\/product"}],"about":[{"href":"https:\/\/thoro.com.mx\/ethoro\/wp-json\/wp\/v2\/types\/product"}],"replies":[{"embeddable":true,"href":"https:\/\/thoro.com.mx\/ethoro\/wp-json\/wp\/v2\/comments?post=4393"}],"wp:featuredmedia":[{"embeddable":true,"href":"https:\/\/thoro.com.mx\/ethoro\/wp-json\/wp\/v2\/media\/4392"}],"wp:attachment":[{"href":"https:\/\/thoro.com.mx\/ethoro\/wp-json\/wp\/v2\/media?parent=4393"}],"wp:term":[{"taxonomy":"product_brand","embeddable":true,"href":"https:\/\/thoro.com.mx\/ethoro\/wp-json\/wp\/v2\/product_brand?post=4393"},{"taxonomy":"product_cat","embeddable":true,"href":"https:\/\/thoro.com.mx\/ethoro\/wp-json\/wp\/v2\/product_cat?post=4393"},{"taxonomy":"product_tag","embeddable":true,"href":"https:\/\/thoro.com.mx\/ethoro\/wp-json\/wp\/v2\/product_tag?post=4393"}],"curies":[{"name":"wp","href":"https:\/\/api.w.org\/{rel}","templated":true}]}}