{"id":4583,"date":"2025-02-05T08:30:56","date_gmt":"2025-02-05T14:30:56","guid":{"rendered":"https:\/\/72.167.50.119\/ethoro\/shop\/sin categor\u00eda\/bomba-sumergible-cuerpo-de-hierro-truper-bos-3-4lh-de-3-4-hp-y-7-7a-de-consumo\/"},"modified":"2026-04-03T00:07:57","modified_gmt":"2026-04-03T06:07:57","slug":"bomba-sumergible-cuerpo-de-hierro-truper-bos-3-4lh-de-3-4-hp-y-7-7a-de-consumo","status":"publish","type":"product","link":"https:\/\/thoro.com.mx\/ethoro\/shop\/herramientas\/herramientas-para-campo-y-jardin\/bombas-sumergibles\/bomba-sumergible-cuerpo-de-hierro-truper-bos-3-4lh-de-3-4-hp-y-7-7a-de-consumo\/","title":{"rendered":"BOMBA SUMERGIBLE CUERPO DE HIERRO TRUPER BOS-3\/4LH DE 3\/4 HP Y 7.7A DE CONSUMO"},"content":{"rendered":"<h4>BOS-3\/4LH<\/h4>\n<ul>\n<li>ESPECIFICACIONES<\/li>\n<li>POTENCIA\t3\/4 HP<\/li>\n<li>ALTURA M\u00c1XIMA\t25 M<\/li>\n<li>FLUJO M\u00c1XIMO\t125 L\/MIN<\/li>\n<li>PROFUNDIDAD DE INMERSI\u00d3N M\u00c1XIMA\t5 M<\/li>\n<li>CICLO DE TRABAJO\t50 MINUTOS DE TRABAJO POR 20 MINUTOS DE DESCANSO. M\u00c1XIMO DIARIO 6 HORAS<\/li>\n<li>DI\u00c1METRO DE SALIDA\t1&#8243;<\/li>\n<li>DI\u00c1METRO DE PART\u00cdCULAS\t3.4 MM<\/li>\n<li>CABLE DE ALIMENTACI\u00d3N\t5.8 M<\/li>\n<li>TENSI\u00d3N \/ FRECUENCIA\t127 V \/ 60 HZ<\/li>\n<li>CONSUMO\t7.7 A<\/li>\n<li>VELOCIDAD\t3,500 RPM<\/li>\n<li>DIMENSIONES (ALTURA X DI\u00c1METRO)\t35 X 15 CM<\/li>\n<li>EMPAQUE INDIVIDUAL\tCAJA<\/li>\n<li>INNER\t1<\/li>\n<li><\/li>\n<\/ul>\n","protected":false},"excerpt":{"rendered":"<p>BOS-3\/4LH ESPECIFICACIONES POTENCIA 3\/4 HP ALTURA M\u00c1XIMA 25 M FLUJO M\u00c1XIMO 125 L\/MIN PROFUNDIDAD DE INMERSI\u00d3N M\u00c1XIMA 5 M CICLO DE TRABAJO 50 MINUTOS DE TRABAJO POR 20 MINUTOS DE DESCANSO. M\u00c1XIMO DIARIO 6 HORAS DI\u00c1METRO DE SALIDA 1&#8243; DI\u00c1METRO DE PART\u00cdCULAS 3.4 MM CABLE DE ALIMENTACI\u00d3N 5.8 M TENSI\u00d3N \/ FRECUENCIA 127 V \/ [&hellip;]<\/p>\n","protected":false},"featured_media":0,"comment_status":"open","ping_status":"closed","template":"","meta":{"_monsterinsights_skip_tracking":false,"_monsterinsights_sitenote_active":false,"_monsterinsights_sitenote_note":"","_monsterinsights_sitenote_category":0,"_joinchat":[]},"product_brand":[],"product_cat":[495],"product_tag":[],"class_list":{"0":"post-4583","1":"product","2":"type-product","3":"status-publish","5":"product_cat-bombas-sumergibles","7":"first","8":"instock","9":"taxable","10":"shipping-taxable","11":"purchasable","12":"product-type-simple","13":"add-to-wishlist-after_add_to_cart"},"yoast_head":"<!-- This site is optimized with the Yoast SEO plugin v27.1.1 - https:\/\/yoast.com\/product\/yoast-seo-wordpress\/ -->\n<title>BOMBA SUMERGIBLE CUERPO DE HIERRO TRUPER BOS-3\/4LH DE 3\/4 HP Y 7.7A DE CONSUMO - Thoro enterprises de Mexico<\/title>\n<meta name=\"robots\" content=\"noindex, follow\" \/>\n<meta property=\"og:locale\" content=\"es_MX\" \/>\n<meta property=\"og:type\" content=\"article\" \/>\n<meta property=\"og:title\" content=\"BOMBA SUMERGIBLE CUERPO DE HIERRO TRUPER BOS-3\/4LH DE 3\/4 HP Y 7.7A DE CONSUMO - Thoro enterprises de Mexico\" \/>\n<meta property=\"og:description\" content=\"BOS-3\/4LH ESPECIFICACIONES POTENCIA 3\/4 HP ALTURA M\u00c1XIMA 25 M FLUJO M\u00c1XIMO 125 L\/MIN PROFUNDIDAD DE INMERSI\u00d3N M\u00c1XIMA 5 M CICLO DE TRABAJO 50 MINUTOS DE TRABAJO POR 20 MINUTOS DE DESCANSO. M\u00c1XIMO DIARIO 6 HORAS DI\u00c1METRO DE SALIDA 1&#8243; DI\u00c1METRO DE PART\u00cdCULAS 3.4 MM CABLE DE ALIMENTACI\u00d3N 5.8 M TENSI\u00d3N \/ FRECUENCIA 127 V \/ [&hellip;]\" \/>\n<meta property=\"og:url\" content=\"https:\/\/thoro.com.mx\/ethoro\/shop\/herramientas\/herramientas-para-campo-y-jardin\/bombas-sumergibles\/bomba-sumergible-cuerpo-de-hierro-truper-bos-3-4lh-de-3-4-hp-y-7-7a-de-consumo\/\" \/>\n<meta property=\"og:site_name\" content=\"Thoro enterprises de Mexico\" \/>\n<meta property=\"article:publisher\" content=\"https:\/\/www.facebook.com\/ThoroEnterprises\" \/>\n<meta property=\"article:modified_time\" content=\"2026-04-03T06:07:57+00:00\" \/>\n<meta name=\"twitter:card\" content=\"summary_large_image\" \/>\n<script type=\"application\/ld+json\" class=\"yoast-schema-graph\">{\"@context\":\"https:\/\/schema.org\",\"@graph\":[{\"@type\":\"WebPage\",\"@id\":\"https:\/\/thoro.com.mx\/ethoro\/shop\/herramientas\/herramientas-para-campo-y-jardin\/bombas-sumergibles\/bomba-sumergible-cuerpo-de-hierro-truper-bos-3-4lh-de-3-4-hp-y-7-7a-de-consumo\/\",\"url\":\"https:\/\/thoro.com.mx\/ethoro\/shop\/herramientas\/herramientas-para-campo-y-jardin\/bombas-sumergibles\/bomba-sumergible-cuerpo-de-hierro-truper-bos-3-4lh-de-3-4-hp-y-7-7a-de-consumo\/\",\"name\":\"BOMBA SUMERGIBLE CUERPO DE HIERRO TRUPER BOS-3\/4LH DE 3\/4 HP Y 7.7A DE CONSUMO - Thoro enterprises de Mexico\",\"isPartOf\":{\"@id\":\"https:\/\/72.167.50.119\/ethoro\/#website\"},\"datePublished\":\"2025-02-05T14:30:56+00:00\",\"dateModified\":\"2026-04-03T06:07:57+00:00\",\"breadcrumb\":{\"@id\":\"https:\/\/thoro.com.mx\/ethoro\/shop\/herramientas\/herramientas-para-campo-y-jardin\/bombas-sumergibles\/bomba-sumergible-cuerpo-de-hierro-truper-bos-3-4lh-de-3-4-hp-y-7-7a-de-consumo\/#breadcrumb\"},\"inLanguage\":\"es\",\"potentialAction\":[{\"@type\":\"ReadAction\",\"target\":[\"https:\/\/thoro.com.mx\/ethoro\/shop\/herramientas\/herramientas-para-campo-y-jardin\/bombas-sumergibles\/bomba-sumergible-cuerpo-de-hierro-truper-bos-3-4lh-de-3-4-hp-y-7-7a-de-consumo\/\"]}]},{\"@type\":\"BreadcrumbList\",\"@id\":\"https:\/\/thoro.com.mx\/ethoro\/shop\/herramientas\/herramientas-para-campo-y-jardin\/bombas-sumergibles\/bomba-sumergible-cuerpo-de-hierro-truper-bos-3-4lh-de-3-4-hp-y-7-7a-de-consumo\/#breadcrumb\",\"itemListElement\":[{\"@type\":\"ListItem\",\"position\":1,\"name\":\"Inicio\",\"item\":\"https:\/\/thoro.com.mx\/ethoro\/\"},{\"@type\":\"ListItem\",\"position\":2,\"name\":\"Tienda\",\"item\":\"https:\/\/thoro.com.mx\/ethoro\/shop\/\"},{\"@type\":\"ListItem\",\"position\":3,\"name\":\"BOMBA SUMERGIBLE CUERPO DE HIERRO TRUPER BOS-3\/4LH DE 3\/4 HP Y 7.7A DE CONSUMO\"}]},{\"@type\":\"WebSite\",\"@id\":\"https:\/\/72.167.50.119\/ethoro\/#website\",\"url\":\"https:\/\/72.167.50.119\/ethoro\/\",\"name\":\"Thoro Enterprises de M\u00e9xico\",\"description\":\"Todo en Thoro\",\"publisher\":{\"@id\":\"https:\/\/72.167.50.119\/ethoro\/#organization\"},\"alternateName\":\"Thoro shop\",\"potentialAction\":[{\"@type\":\"SearchAction\",\"target\":{\"@type\":\"EntryPoint\",\"urlTemplate\":\"https:\/\/72.167.50.119\/ethoro\/?s={search_term_string}\"},\"query-input\":{\"@type\":\"PropertyValueSpecification\",\"valueRequired\":true,\"valueName\":\"search_term_string\"}}],\"inLanguage\":\"es\"},{\"@type\":\"Organization\",\"@id\":\"https:\/\/72.167.50.119\/ethoro\/#organization\",\"name\":\"Thoro Enterprises de M\u00e9xico\",\"alternateName\":\"Thoro shop\",\"url\":\"https:\/\/72.167.50.119\/ethoro\/\",\"logo\":{\"@type\":\"ImageObject\",\"inLanguage\":\"es\",\"@id\":\"https:\/\/72.167.50.119\/ethoro\/#\/schema\/logo\/image\/\",\"url\":\"https:\/\/72.167.50.119\/ethoro\/wp-content\/uploads\/2025\/01\/cropped-cropped-icono_t-180x180-1.png\",\"contentUrl\":\"https:\/\/72.167.50.119\/ethoro\/wp-content\/uploads\/2025\/01\/cropped-cropped-icono_t-180x180-1.png\",\"width\":512,\"height\":512,\"caption\":\"Thoro Enterprises de M\u00e9xico\"},\"image\":{\"@id\":\"https:\/\/72.167.50.119\/ethoro\/#\/schema\/logo\/image\/\"},\"sameAs\":[\"https:\/\/www.facebook.com\/ThoroEnterprises\",\"https:\/\/www.instagram.com\/thoro.mexico\/\"]}]}<\/script>\n<!-- \/ Yoast SEO plugin. -->","yoast_head_json":{"title":"BOMBA SUMERGIBLE CUERPO DE HIERRO TRUPER BOS-3\/4LH DE 3\/4 HP Y 7.7A DE CONSUMO - Thoro enterprises de Mexico","robots":{"index":"noindex","follow":"follow"},"og_locale":"es_MX","og_type":"article","og_title":"BOMBA SUMERGIBLE CUERPO DE HIERRO TRUPER BOS-3\/4LH DE 3\/4 HP Y 7.7A DE CONSUMO - Thoro enterprises de Mexico","og_description":"BOS-3\/4LH ESPECIFICACIONES POTENCIA 3\/4 HP ALTURA M\u00c1XIMA 25 M FLUJO M\u00c1XIMO 125 L\/MIN PROFUNDIDAD DE INMERSI\u00d3N M\u00c1XIMA 5 M CICLO DE TRABAJO 50 MINUTOS DE TRABAJO POR 20 MINUTOS DE DESCANSO. M\u00c1XIMO DIARIO 6 HORAS DI\u00c1METRO DE SALIDA 1&#8243; DI\u00c1METRO DE PART\u00cdCULAS 3.4 MM CABLE DE ALIMENTACI\u00d3N 5.8 M TENSI\u00d3N \/ FRECUENCIA 127 V \/ [&hellip;]","og_url":"https:\/\/thoro.com.mx\/ethoro\/shop\/herramientas\/herramientas-para-campo-y-jardin\/bombas-sumergibles\/bomba-sumergible-cuerpo-de-hierro-truper-bos-3-4lh-de-3-4-hp-y-7-7a-de-consumo\/","og_site_name":"Thoro enterprises de Mexico","article_publisher":"https:\/\/www.facebook.com\/ThoroEnterprises","article_modified_time":"2026-04-03T06:07:57+00:00","twitter_card":"summary_large_image","schema":{"@context":"https:\/\/schema.org","@graph":[{"@type":"WebPage","@id":"https:\/\/thoro.com.mx\/ethoro\/shop\/herramientas\/herramientas-para-campo-y-jardin\/bombas-sumergibles\/bomba-sumergible-cuerpo-de-hierro-truper-bos-3-4lh-de-3-4-hp-y-7-7a-de-consumo\/","url":"https:\/\/thoro.com.mx\/ethoro\/shop\/herramientas\/herramientas-para-campo-y-jardin\/bombas-sumergibles\/bomba-sumergible-cuerpo-de-hierro-truper-bos-3-4lh-de-3-4-hp-y-7-7a-de-consumo\/","name":"BOMBA SUMERGIBLE CUERPO DE HIERRO TRUPER BOS-3\/4LH DE 3\/4 HP Y 7.7A DE CONSUMO - Thoro enterprises de Mexico","isPartOf":{"@id":"https:\/\/72.167.50.119\/ethoro\/#website"},"datePublished":"2025-02-05T14:30:56+00:00","dateModified":"2026-04-03T06:07:57+00:00","breadcrumb":{"@id":"https:\/\/thoro.com.mx\/ethoro\/shop\/herramientas\/herramientas-para-campo-y-jardin\/bombas-sumergibles\/bomba-sumergible-cuerpo-de-hierro-truper-bos-3-4lh-de-3-4-hp-y-7-7a-de-consumo\/#breadcrumb"},"inLanguage":"es","potentialAction":[{"@type":"ReadAction","target":["https:\/\/thoro.com.mx\/ethoro\/shop\/herramientas\/herramientas-para-campo-y-jardin\/bombas-sumergibles\/bomba-sumergible-cuerpo-de-hierro-truper-bos-3-4lh-de-3-4-hp-y-7-7a-de-consumo\/"]}]},{"@type":"BreadcrumbList","@id":"https:\/\/thoro.com.mx\/ethoro\/shop\/herramientas\/herramientas-para-campo-y-jardin\/bombas-sumergibles\/bomba-sumergible-cuerpo-de-hierro-truper-bos-3-4lh-de-3-4-hp-y-7-7a-de-consumo\/#breadcrumb","itemListElement":[{"@type":"ListItem","position":1,"name":"Inicio","item":"https:\/\/thoro.com.mx\/ethoro\/"},{"@type":"ListItem","position":2,"name":"Tienda","item":"https:\/\/thoro.com.mx\/ethoro\/shop\/"},{"@type":"ListItem","position":3,"name":"BOMBA SUMERGIBLE CUERPO DE HIERRO TRUPER BOS-3\/4LH DE 3\/4 HP Y 7.7A DE CONSUMO"}]},{"@type":"WebSite","@id":"https:\/\/72.167.50.119\/ethoro\/#website","url":"https:\/\/72.167.50.119\/ethoro\/","name":"Thoro Enterprises de M\u00e9xico","description":"Todo en Thoro","publisher":{"@id":"https:\/\/72.167.50.119\/ethoro\/#organization"},"alternateName":"Thoro shop","potentialAction":[{"@type":"SearchAction","target":{"@type":"EntryPoint","urlTemplate":"https:\/\/72.167.50.119\/ethoro\/?s={search_term_string}"},"query-input":{"@type":"PropertyValueSpecification","valueRequired":true,"valueName":"search_term_string"}}],"inLanguage":"es"},{"@type":"Organization","@id":"https:\/\/72.167.50.119\/ethoro\/#organization","name":"Thoro Enterprises de M\u00e9xico","alternateName":"Thoro shop","url":"https:\/\/72.167.50.119\/ethoro\/","logo":{"@type":"ImageObject","inLanguage":"es","@id":"https:\/\/72.167.50.119\/ethoro\/#\/schema\/logo\/image\/","url":"https:\/\/72.167.50.119\/ethoro\/wp-content\/uploads\/2025\/01\/cropped-cropped-icono_t-180x180-1.png","contentUrl":"https:\/\/72.167.50.119\/ethoro\/wp-content\/uploads\/2025\/01\/cropped-cropped-icono_t-180x180-1.png","width":512,"height":512,"caption":"Thoro Enterprises de M\u00e9xico"},"image":{"@id":"https:\/\/72.167.50.119\/ethoro\/#\/schema\/logo\/image\/"},"sameAs":["https:\/\/www.facebook.com\/ThoroEnterprises","https:\/\/www.instagram.com\/thoro.mexico\/"]}]}},"_links":{"self":[{"href":"https:\/\/thoro.com.mx\/ethoro\/wp-json\/wp\/v2\/product\/4583","targetHints":{"allow":["GET"]}}],"collection":[{"href":"https:\/\/thoro.com.mx\/ethoro\/wp-json\/wp\/v2\/product"}],"about":[{"href":"https:\/\/thoro.com.mx\/ethoro\/wp-json\/wp\/v2\/types\/product"}],"replies":[{"embeddable":true,"href":"https:\/\/thoro.com.mx\/ethoro\/wp-json\/wp\/v2\/comments?post=4583"}],"wp:attachment":[{"href":"https:\/\/thoro.com.mx\/ethoro\/wp-json\/wp\/v2\/media?parent=4583"}],"wp:term":[{"taxonomy":"product_brand","embeddable":true,"href":"https:\/\/thoro.com.mx\/ethoro\/wp-json\/wp\/v2\/product_brand?post=4583"},{"taxonomy":"product_cat","embeddable":true,"href":"https:\/\/thoro.com.mx\/ethoro\/wp-json\/wp\/v2\/product_cat?post=4583"},{"taxonomy":"product_tag","embeddable":true,"href":"https:\/\/thoro.com.mx\/ethoro\/wp-json\/wp\/v2\/product_tag?post=4583"}],"curies":[{"name":"wp","href":"https:\/\/api.w.org\/{rel}","templated":true}]}}