{"id":45935,"date":"2025-03-29T00:26:20","date_gmt":"2025-03-29T06:26:20","guid":{"rendered":"https:\/\/72.167.50.119\/ethoro\/shop\/sin categor\u00eda\/calentador-de-rapida-recuperacion-primo-plus-616630-iusa-piezoelectrico-6-litros-gas-lp\/"},"modified":"2026-04-05T02:51:00","modified_gmt":"2026-04-05T08:51:00","slug":"calentador-de-rapida-recuperacion-primo-plus-616630-iusa-piezoelectrico-6-litros-gas-lp","status":"publish","type":"product","link":"https:\/\/thoro.com.mx\/ethoro\/shop\/material-electrico\/herramientas-electricas-material-electrico\/calentadores-de-agua-herramientas-electricas-material-electrico\/calentador-de-rapida-recuperacion-primo-plus-616630-iusa-piezoelectrico-6-litros-gas-lp\/","title":{"rendered":"CALENTADOR DE R\u00c1PIDA RECUPERACI\u00d3N PRIMO PLUS 616630 IUSA PIEZOEL\u00c9CTRICO 6 LITROS GAS LP."},"content":{"rendered":"<h4>616630<\/h4>\n<ul>\n<li>Tanque porcelanizado resistente a la corrosi\u00f3n<\/li>\n<li>Proporciona agua caliente instant\u00e1nea al momento de abrir la llave<\/li>\n<li>Dise\u00f1o compacto, ideal para un servicio<\/li>\n<li>Funciona con gas LP para mayor flexibilidad de instalaci\u00f3n<\/li>\n<li>Eficiencia energ\u00e9tica con r\u00e1pida recuperaci\u00f3n del calor<\/li>\n<\/ul>\n","protected":false},"excerpt":{"rendered":"<p>616630 Tanque porcelanizado resistente a la corrosi\u00f3n Proporciona agua caliente instant\u00e1nea al momento de abrir la llave Dise\u00f1o compacto, ideal para un servicio Funciona con gas LP para mayor flexibilidad de instalaci\u00f3n Eficiencia energ\u00e9tica con r\u00e1pida recuperaci\u00f3n del calor<\/p>\n","protected":false},"featured_media":421642,"comment_status":"open","ping_status":"closed","template":"","meta":{"_monsterinsights_skip_tracking":false,"_monsterinsights_sitenote_active":false,"_monsterinsights_sitenote_note":"","_monsterinsights_sitenote_category":0,"_joinchat":[]},"product_brand":[],"product_cat":[19410],"product_tag":[],"class_list":{"0":"post-45935","1":"product","2":"type-product","3":"status-publish","4":"has-post-thumbnail","6":"product_cat-calentadores-de-agua-herramientas-electricas-material-electrico","8":"first","9":"instock","10":"taxable","11":"shipping-taxable","12":"purchasable","13":"product-type-simple","14":"add-to-wishlist-after_add_to_cart"},"yoast_head":"<!-- This site is optimized with the Yoast SEO plugin v27.1.1 - https:\/\/yoast.com\/product\/yoast-seo-wordpress\/ -->\n<title>CALENTADOR DE R\u00c1PIDA RECUPERACI\u00d3N PRIMO PLUS 616630 IUSA PIEZOEL\u00c9CTRICO 6 LITROS GAS LP. - Thoro enterprises de Mexico<\/title>\n<meta name=\"robots\" content=\"noindex, follow\" \/>\n<meta property=\"og:locale\" content=\"es_MX\" \/>\n<meta property=\"og:type\" content=\"article\" \/>\n<meta property=\"og:title\" content=\"CALENTADOR DE R\u00c1PIDA RECUPERACI\u00d3N PRIMO PLUS 616630 IUSA PIEZOEL\u00c9CTRICO 6 LITROS GAS LP. - Thoro enterprises de Mexico\" \/>\n<meta property=\"og:description\" content=\"616630 Tanque porcelanizado resistente a la corrosi\u00f3n Proporciona agua caliente instant\u00e1nea al momento de abrir la llave Dise\u00f1o compacto, ideal para un servicio Funciona con gas LP para mayor flexibilidad de instalaci\u00f3n Eficiencia energ\u00e9tica con r\u00e1pida recuperaci\u00f3n del calor\" \/>\n<meta property=\"og:url\" content=\"https:\/\/thoro.com.mx\/ethoro\/shop\/material-electrico\/herramientas-electricas-material-electrico\/calentadores-de-agua-herramientas-electricas-material-electrico\/calentador-de-rapida-recuperacion-primo-plus-616630-iusa-piezoelectrico-6-litros-gas-lp\/\" \/>\n<meta property=\"og:site_name\" content=\"Thoro enterprises de Mexico\" \/>\n<meta property=\"article:publisher\" content=\"https:\/\/www.facebook.com\/ThoroEnterprises\" \/>\n<meta property=\"article:modified_time\" content=\"2026-04-05T08:51:00+00:00\" \/>\n<meta name=\"twitter:card\" content=\"summary_large_image\" \/>\n<script type=\"application\/ld+json\" class=\"yoast-schema-graph\">{\"@context\":\"https:\/\/schema.org\",\"@graph\":[{\"@type\":\"WebPage\",\"@id\":\"https:\/\/thoro.com.mx\/ethoro\/shop\/material-electrico\/herramientas-electricas-material-electrico\/calentadores-de-agua-herramientas-electricas-material-electrico\/calentador-de-rapida-recuperacion-primo-plus-616630-iusa-piezoelectrico-6-litros-gas-lp\/\",\"url\":\"https:\/\/thoro.com.mx\/ethoro\/shop\/material-electrico\/herramientas-electricas-material-electrico\/calentadores-de-agua-herramientas-electricas-material-electrico\/calentador-de-rapida-recuperacion-primo-plus-616630-iusa-piezoelectrico-6-litros-gas-lp\/\",\"name\":\"CALENTADOR DE R\u00c1PIDA RECUPERACI\u00d3N PRIMO PLUS 616630 IUSA PIEZOEL\u00c9CTRICO 6 LITROS GAS LP. - Thoro enterprises de Mexico\",\"isPartOf\":{\"@id\":\"https:\/\/72.167.50.119\/ethoro\/#website\"},\"primaryImageOfPage\":{\"@id\":\"https:\/\/thoro.com.mx\/ethoro\/shop\/material-electrico\/herramientas-electricas-material-electrico\/calentadores-de-agua-herramientas-electricas-material-electrico\/calentador-de-rapida-recuperacion-primo-plus-616630-iusa-piezoelectrico-6-litros-gas-lp\/#primaryimage\"},\"image\":{\"@id\":\"https:\/\/thoro.com.mx\/ethoro\/shop\/material-electrico\/herramientas-electricas-material-electrico\/calentadores-de-agua-herramientas-electricas-material-electrico\/calentador-de-rapida-recuperacion-primo-plus-616630-iusa-piezoelectrico-6-litros-gas-lp\/#primaryimage\"},\"thumbnailUrl\":\"https:\/\/thoro.com.mx\/ethoro\/wp-content\/uploads\/2025\/05\/ME2196.jpg\",\"datePublished\":\"2025-03-29T06:26:20+00:00\",\"dateModified\":\"2026-04-05T08:51:00+00:00\",\"breadcrumb\":{\"@id\":\"https:\/\/thoro.com.mx\/ethoro\/shop\/material-electrico\/herramientas-electricas-material-electrico\/calentadores-de-agua-herramientas-electricas-material-electrico\/calentador-de-rapida-recuperacion-primo-plus-616630-iusa-piezoelectrico-6-litros-gas-lp\/#breadcrumb\"},\"inLanguage\":\"es\",\"potentialAction\":[{\"@type\":\"ReadAction\",\"target\":[\"https:\/\/thoro.com.mx\/ethoro\/shop\/material-electrico\/herramientas-electricas-material-electrico\/calentadores-de-agua-herramientas-electricas-material-electrico\/calentador-de-rapida-recuperacion-primo-plus-616630-iusa-piezoelectrico-6-litros-gas-lp\/\"]}]},{\"@type\":\"ImageObject\",\"inLanguage\":\"es\",\"@id\":\"https:\/\/thoro.com.mx\/ethoro\/shop\/material-electrico\/herramientas-electricas-material-electrico\/calentadores-de-agua-herramientas-electricas-material-electrico\/calentador-de-rapida-recuperacion-primo-plus-616630-iusa-piezoelectrico-6-litros-gas-lp\/#primaryimage\",\"url\":\"https:\/\/thoro.com.mx\/ethoro\/wp-content\/uploads\/2025\/05\/ME2196.jpg\",\"contentUrl\":\"https:\/\/thoro.com.mx\/ethoro\/wp-content\/uploads\/2025\/05\/ME2196.jpg\",\"width\":1000,\"height\":1000},{\"@type\":\"BreadcrumbList\",\"@id\":\"https:\/\/thoro.com.mx\/ethoro\/shop\/material-electrico\/herramientas-electricas-material-electrico\/calentadores-de-agua-herramientas-electricas-material-electrico\/calentador-de-rapida-recuperacion-primo-plus-616630-iusa-piezoelectrico-6-litros-gas-lp\/#breadcrumb\",\"itemListElement\":[{\"@type\":\"ListItem\",\"position\":1,\"name\":\"Inicio\",\"item\":\"https:\/\/thoro.com.mx\/ethoro\/\"},{\"@type\":\"ListItem\",\"position\":2,\"name\":\"Tienda\",\"item\":\"https:\/\/thoro.com.mx\/ethoro\/shop\/\"},{\"@type\":\"ListItem\",\"position\":3,\"name\":\"CALENTADOR DE R\u00c1PIDA RECUPERACI\u00d3N PRIMO PLUS 616630 IUSA PIEZOEL\u00c9CTRICO 6 LITROS GAS LP.\"}]},{\"@type\":\"WebSite\",\"@id\":\"https:\/\/72.167.50.119\/ethoro\/#website\",\"url\":\"https:\/\/72.167.50.119\/ethoro\/\",\"name\":\"Thoro Enterprises de M\u00e9xico\",\"description\":\"Todo en Thoro\",\"publisher\":{\"@id\":\"https:\/\/72.167.50.119\/ethoro\/#organization\"},\"alternateName\":\"Thoro shop\",\"potentialAction\":[{\"@type\":\"SearchAction\",\"target\":{\"@type\":\"EntryPoint\",\"urlTemplate\":\"https:\/\/72.167.50.119\/ethoro\/?s={search_term_string}\"},\"query-input\":{\"@type\":\"PropertyValueSpecification\",\"valueRequired\":true,\"valueName\":\"search_term_string\"}}],\"inLanguage\":\"es\"},{\"@type\":\"Organization\",\"@id\":\"https:\/\/72.167.50.119\/ethoro\/#organization\",\"name\":\"Thoro Enterprises de M\u00e9xico\",\"alternateName\":\"Thoro shop\",\"url\":\"https:\/\/72.167.50.119\/ethoro\/\",\"logo\":{\"@type\":\"ImageObject\",\"inLanguage\":\"es\",\"@id\":\"https:\/\/72.167.50.119\/ethoro\/#\/schema\/logo\/image\/\",\"url\":\"https:\/\/72.167.50.119\/ethoro\/wp-content\/uploads\/2025\/01\/cropped-cropped-icono_t-180x180-1.png\",\"contentUrl\":\"https:\/\/72.167.50.119\/ethoro\/wp-content\/uploads\/2025\/01\/cropped-cropped-icono_t-180x180-1.png\",\"width\":512,\"height\":512,\"caption\":\"Thoro Enterprises de M\u00e9xico\"},\"image\":{\"@id\":\"https:\/\/72.167.50.119\/ethoro\/#\/schema\/logo\/image\/\"},\"sameAs\":[\"https:\/\/www.facebook.com\/ThoroEnterprises\",\"https:\/\/www.instagram.com\/thoro.mexico\/\"]}]}<\/script>\n<!-- \/ Yoast SEO plugin. -->","yoast_head_json":{"title":"CALENTADOR DE R\u00c1PIDA RECUPERACI\u00d3N PRIMO PLUS 616630 IUSA PIEZOEL\u00c9CTRICO 6 LITROS GAS LP. - Thoro enterprises de Mexico","robots":{"index":"noindex","follow":"follow"},"og_locale":"es_MX","og_type":"article","og_title":"CALENTADOR DE R\u00c1PIDA RECUPERACI\u00d3N PRIMO PLUS 616630 IUSA PIEZOEL\u00c9CTRICO 6 LITROS GAS LP. - Thoro enterprises de Mexico","og_description":"616630 Tanque porcelanizado resistente a la corrosi\u00f3n Proporciona agua caliente instant\u00e1nea al momento de abrir la llave Dise\u00f1o compacto, ideal para un servicio Funciona con gas LP para mayor flexibilidad de instalaci\u00f3n Eficiencia energ\u00e9tica con r\u00e1pida recuperaci\u00f3n del calor","og_url":"https:\/\/thoro.com.mx\/ethoro\/shop\/material-electrico\/herramientas-electricas-material-electrico\/calentadores-de-agua-herramientas-electricas-material-electrico\/calentador-de-rapida-recuperacion-primo-plus-616630-iusa-piezoelectrico-6-litros-gas-lp\/","og_site_name":"Thoro enterprises de Mexico","article_publisher":"https:\/\/www.facebook.com\/ThoroEnterprises","article_modified_time":"2026-04-05T08:51:00+00:00","twitter_card":"summary_large_image","schema":{"@context":"https:\/\/schema.org","@graph":[{"@type":"WebPage","@id":"https:\/\/thoro.com.mx\/ethoro\/shop\/material-electrico\/herramientas-electricas-material-electrico\/calentadores-de-agua-herramientas-electricas-material-electrico\/calentador-de-rapida-recuperacion-primo-plus-616630-iusa-piezoelectrico-6-litros-gas-lp\/","url":"https:\/\/thoro.com.mx\/ethoro\/shop\/material-electrico\/herramientas-electricas-material-electrico\/calentadores-de-agua-herramientas-electricas-material-electrico\/calentador-de-rapida-recuperacion-primo-plus-616630-iusa-piezoelectrico-6-litros-gas-lp\/","name":"CALENTADOR DE R\u00c1PIDA RECUPERACI\u00d3N PRIMO PLUS 616630 IUSA PIEZOEL\u00c9CTRICO 6 LITROS GAS LP. - Thoro enterprises de Mexico","isPartOf":{"@id":"https:\/\/72.167.50.119\/ethoro\/#website"},"primaryImageOfPage":{"@id":"https:\/\/thoro.com.mx\/ethoro\/shop\/material-electrico\/herramientas-electricas-material-electrico\/calentadores-de-agua-herramientas-electricas-material-electrico\/calentador-de-rapida-recuperacion-primo-plus-616630-iusa-piezoelectrico-6-litros-gas-lp\/#primaryimage"},"image":{"@id":"https:\/\/thoro.com.mx\/ethoro\/shop\/material-electrico\/herramientas-electricas-material-electrico\/calentadores-de-agua-herramientas-electricas-material-electrico\/calentador-de-rapida-recuperacion-primo-plus-616630-iusa-piezoelectrico-6-litros-gas-lp\/#primaryimage"},"thumbnailUrl":"https:\/\/thoro.com.mx\/ethoro\/wp-content\/uploads\/2025\/05\/ME2196.jpg","datePublished":"2025-03-29T06:26:20+00:00","dateModified":"2026-04-05T08:51:00+00:00","breadcrumb":{"@id":"https:\/\/thoro.com.mx\/ethoro\/shop\/material-electrico\/herramientas-electricas-material-electrico\/calentadores-de-agua-herramientas-electricas-material-electrico\/calentador-de-rapida-recuperacion-primo-plus-616630-iusa-piezoelectrico-6-litros-gas-lp\/#breadcrumb"},"inLanguage":"es","potentialAction":[{"@type":"ReadAction","target":["https:\/\/thoro.com.mx\/ethoro\/shop\/material-electrico\/herramientas-electricas-material-electrico\/calentadores-de-agua-herramientas-electricas-material-electrico\/calentador-de-rapida-recuperacion-primo-plus-616630-iusa-piezoelectrico-6-litros-gas-lp\/"]}]},{"@type":"ImageObject","inLanguage":"es","@id":"https:\/\/thoro.com.mx\/ethoro\/shop\/material-electrico\/herramientas-electricas-material-electrico\/calentadores-de-agua-herramientas-electricas-material-electrico\/calentador-de-rapida-recuperacion-primo-plus-616630-iusa-piezoelectrico-6-litros-gas-lp\/#primaryimage","url":"https:\/\/thoro.com.mx\/ethoro\/wp-content\/uploads\/2025\/05\/ME2196.jpg","contentUrl":"https:\/\/thoro.com.mx\/ethoro\/wp-content\/uploads\/2025\/05\/ME2196.jpg","width":1000,"height":1000},{"@type":"BreadcrumbList","@id":"https:\/\/thoro.com.mx\/ethoro\/shop\/material-electrico\/herramientas-electricas-material-electrico\/calentadores-de-agua-herramientas-electricas-material-electrico\/calentador-de-rapida-recuperacion-primo-plus-616630-iusa-piezoelectrico-6-litros-gas-lp\/#breadcrumb","itemListElement":[{"@type":"ListItem","position":1,"name":"Inicio","item":"https:\/\/thoro.com.mx\/ethoro\/"},{"@type":"ListItem","position":2,"name":"Tienda","item":"https:\/\/thoro.com.mx\/ethoro\/shop\/"},{"@type":"ListItem","position":3,"name":"CALENTADOR DE R\u00c1PIDA RECUPERACI\u00d3N PRIMO PLUS 616630 IUSA PIEZOEL\u00c9CTRICO 6 LITROS GAS LP."}]},{"@type":"WebSite","@id":"https:\/\/72.167.50.119\/ethoro\/#website","url":"https:\/\/72.167.50.119\/ethoro\/","name":"Thoro Enterprises de M\u00e9xico","description":"Todo en Thoro","publisher":{"@id":"https:\/\/72.167.50.119\/ethoro\/#organization"},"alternateName":"Thoro shop","potentialAction":[{"@type":"SearchAction","target":{"@type":"EntryPoint","urlTemplate":"https:\/\/72.167.50.119\/ethoro\/?s={search_term_string}"},"query-input":{"@type":"PropertyValueSpecification","valueRequired":true,"valueName":"search_term_string"}}],"inLanguage":"es"},{"@type":"Organization","@id":"https:\/\/72.167.50.119\/ethoro\/#organization","name":"Thoro Enterprises de M\u00e9xico","alternateName":"Thoro shop","url":"https:\/\/72.167.50.119\/ethoro\/","logo":{"@type":"ImageObject","inLanguage":"es","@id":"https:\/\/72.167.50.119\/ethoro\/#\/schema\/logo\/image\/","url":"https:\/\/72.167.50.119\/ethoro\/wp-content\/uploads\/2025\/01\/cropped-cropped-icono_t-180x180-1.png","contentUrl":"https:\/\/72.167.50.119\/ethoro\/wp-content\/uploads\/2025\/01\/cropped-cropped-icono_t-180x180-1.png","width":512,"height":512,"caption":"Thoro Enterprises de M\u00e9xico"},"image":{"@id":"https:\/\/72.167.50.119\/ethoro\/#\/schema\/logo\/image\/"},"sameAs":["https:\/\/www.facebook.com\/ThoroEnterprises","https:\/\/www.instagram.com\/thoro.mexico\/"]}]}},"_links":{"self":[{"href":"https:\/\/thoro.com.mx\/ethoro\/wp-json\/wp\/v2\/product\/45935","targetHints":{"allow":["GET"]}}],"collection":[{"href":"https:\/\/thoro.com.mx\/ethoro\/wp-json\/wp\/v2\/product"}],"about":[{"href":"https:\/\/thoro.com.mx\/ethoro\/wp-json\/wp\/v2\/types\/product"}],"replies":[{"embeddable":true,"href":"https:\/\/thoro.com.mx\/ethoro\/wp-json\/wp\/v2\/comments?post=45935"}],"wp:featuredmedia":[{"embeddable":true,"href":"https:\/\/thoro.com.mx\/ethoro\/wp-json\/wp\/v2\/media\/421642"}],"wp:attachment":[{"href":"https:\/\/thoro.com.mx\/ethoro\/wp-json\/wp\/v2\/media?parent=45935"}],"wp:term":[{"taxonomy":"product_brand","embeddable":true,"href":"https:\/\/thoro.com.mx\/ethoro\/wp-json\/wp\/v2\/product_brand?post=45935"},{"taxonomy":"product_cat","embeddable":true,"href":"https:\/\/thoro.com.mx\/ethoro\/wp-json\/wp\/v2\/product_cat?post=45935"},{"taxonomy":"product_tag","embeddable":true,"href":"https:\/\/thoro.com.mx\/ethoro\/wp-json\/wp\/v2\/product_tag?post=45935"}],"curies":[{"name":"wp","href":"https:\/\/api.w.org\/{rel}","templated":true}]}}