{"id":463738,"date":"2026-03-26T00:22:22","date_gmt":"2026-03-26T06:22:22","guid":{"rendered":"https:\/\/thoro.com.mx\/ethoro\/shop\/sin categor\u00eda\/kit-completo-de-instalacion-para-calentador-electrico-iusa-267853\/"},"modified":"2026-04-08T00:30:48","modified_gmt":"2026-04-08T06:30:48","slug":"kit-completo-de-instalacion-para-calentador-electrico-iusa-267853","status":"publish","type":"product","link":"https:\/\/thoro.com.mx\/ethoro\/shop\/herramientas\/herramientas-electricas\/calentadores-de-agua\/kit-completo-de-instalacion-para-calentador-electrico-iusa-267853\/","title":{"rendered":"KIT COMPLETO DE INSTALACI\u00d3N PARA CALENTADOR EL\u00c9CTRICO IUSA 267853"},"content":{"rendered":"<h4>267853<\/h4>\n<ul>\n<li>Kit completo de instalaci\u00f3n<\/li>\n<li>para calentador el\u00e9ctrico<\/li>\n<li>Incluye<\/li>\n<li> -2 Conectores rosca exterior<\/li>\n<li> -2 Mangueras para <\/li>\n<li>calentador el\u00e9ctrico<\/li>\n<li> -1 Niple terminal ligero<\/li>\n<li> -1 V\u00e1lvula esfera roscable <\/li>\n<li>maneral tipo palanca<\/li>\n<li> -1 Cinta sella rosca<\/li>\n<li> -2 Niples galvanizados 3\/4\u201d x <\/li>\n<\/ul>\n","protected":false},"excerpt":{"rendered":"<p>267853 Kit completo de instalaci\u00f3n para calentador el\u00e9ctrico Incluye -2 Conectores rosca exterior -2 Mangueras para calentador el\u00e9ctrico -1 Niple terminal ligero -1 V\u00e1lvula esfera roscable maneral tipo palanca -1 Cinta sella rosca -2 Niples galvanizados 3\/4\u201d x<\/p>\n","protected":false},"featured_media":463737,"comment_status":"open","ping_status":"closed","template":"","meta":{"_monsterinsights_skip_tracking":false,"_monsterinsights_sitenote_active":false,"_monsterinsights_sitenote_note":"","_monsterinsights_sitenote_category":0,"_joinchat":[]},"product_brand":[],"product_cat":[1734],"product_tag":[],"class_list":{"0":"post-463738","1":"product","2":"type-product","3":"status-publish","4":"has-post-thumbnail","6":"product_cat-calentadores-de-agua","8":"first","9":"instock","10":"sale","11":"taxable","12":"shipping-taxable","13":"purchasable","14":"product-type-simple","15":"add-to-wishlist-after_add_to_cart"},"yoast_head":"<!-- This site is optimized with the Yoast SEO plugin v27.1.1 - https:\/\/yoast.com\/product\/yoast-seo-wordpress\/ -->\n<title>KIT COMPLETO DE INSTALACI\u00d3N PARA CALENTADOR EL\u00c9CTRICO IUSA 267853 - Thoro enterprises de Mexico<\/title>\n<meta name=\"robots\" content=\"noindex, follow\" \/>\n<meta property=\"og:locale\" content=\"es_MX\" \/>\n<meta property=\"og:type\" content=\"article\" \/>\n<meta property=\"og:title\" content=\"KIT COMPLETO DE INSTALACI\u00d3N PARA CALENTADOR EL\u00c9CTRICO IUSA 267853 - Thoro enterprises de Mexico\" \/>\n<meta property=\"og:description\" content=\"267853 Kit completo de instalaci\u00f3n para calentador el\u00e9ctrico Incluye -2 Conectores rosca exterior -2 Mangueras para calentador el\u00e9ctrico -1 Niple terminal ligero -1 V\u00e1lvula esfera roscable maneral tipo palanca -1 Cinta sella rosca -2 Niples galvanizados 3\/4\u201d x\" \/>\n<meta property=\"og:url\" content=\"https:\/\/thoro.com.mx\/ethoro\/shop\/sin categor\u00eda\/kit-completo-de-instalacion-para-calentador-electrico-iusa-267853\/\" \/>\n<meta property=\"og:site_name\" content=\"Thoro enterprises de Mexico\" \/>\n<meta property=\"article:publisher\" content=\"https:\/\/www.facebook.com\/ThoroEnterprises\" \/>\n<meta property=\"article:modified_time\" content=\"2026-04-08T06:30:48+00:00\" \/>\n<meta name=\"twitter:card\" content=\"summary_large_image\" \/>\n<script type=\"application\/ld+json\" class=\"yoast-schema-graph\">{\"@context\":\"https:\/\/schema.org\",\"@graph\":[{\"@type\":\"WebPage\",\"@id\":\"https:\/\/thoro.com.mx\/ethoro\/shop\/sin categor\u00eda\/kit-completo-de-instalacion-para-calentador-electrico-iusa-267853\/\",\"url\":\"https:\/\/thoro.com.mx\/ethoro\/shop\/sin categor\u00eda\/kit-completo-de-instalacion-para-calentador-electrico-iusa-267853\/\",\"name\":\"KIT COMPLETO DE INSTALACI\u00d3N PARA CALENTADOR EL\u00c9CTRICO IUSA 267853 - Thoro enterprises de Mexico\",\"isPartOf\":{\"@id\":\"https:\/\/72.167.50.119\/ethoro\/#website\"},\"primaryImageOfPage\":{\"@id\":\"https:\/\/thoro.com.mx\/ethoro\/shop\/sin categor\u00eda\/kit-completo-de-instalacion-para-calentador-electrico-iusa-267853\/#primaryimage\"},\"image\":{\"@id\":\"https:\/\/thoro.com.mx\/ethoro\/shop\/sin categor\u00eda\/kit-completo-de-instalacion-para-calentador-electrico-iusa-267853\/#primaryimage\"},\"thumbnailUrl\":\"https:\/\/thoro.com.mx\/ethoro\/wp-content\/uploads\/2026\/03\/H21793.jpg\",\"datePublished\":\"2026-03-26T06:22:22+00:00\",\"dateModified\":\"2026-04-08T06:30:48+00:00\",\"breadcrumb\":{\"@id\":\"https:\/\/thoro.com.mx\/ethoro\/shop\/sin categor\u00eda\/kit-completo-de-instalacion-para-calentador-electrico-iusa-267853\/#breadcrumb\"},\"inLanguage\":\"es\",\"potentialAction\":[{\"@type\":\"ReadAction\",\"target\":[\"https:\/\/thoro.com.mx\/ethoro\/shop\/sin categor\u00eda\/kit-completo-de-instalacion-para-calentador-electrico-iusa-267853\/\"]}]},{\"@type\":\"ImageObject\",\"inLanguage\":\"es\",\"@id\":\"https:\/\/thoro.com.mx\/ethoro\/shop\/sin categor\u00eda\/kit-completo-de-instalacion-para-calentador-electrico-iusa-267853\/#primaryimage\",\"url\":\"https:\/\/thoro.com.mx\/ethoro\/wp-content\/uploads\/2026\/03\/H21793.jpg\",\"contentUrl\":\"https:\/\/thoro.com.mx\/ethoro\/wp-content\/uploads\/2026\/03\/H21793.jpg\",\"width\":1000,\"height\":1000},{\"@type\":\"BreadcrumbList\",\"@id\":\"https:\/\/thoro.com.mx\/ethoro\/shop\/sin categor\u00eda\/kit-completo-de-instalacion-para-calentador-electrico-iusa-267853\/#breadcrumb\",\"itemListElement\":[{\"@type\":\"ListItem\",\"position\":1,\"name\":\"Inicio\",\"item\":\"https:\/\/thoro.com.mx\/ethoro\/\"},{\"@type\":\"ListItem\",\"position\":2,\"name\":\"Tienda\",\"item\":\"https:\/\/thoro.com.mx\/ethoro\/shop\/\"},{\"@type\":\"ListItem\",\"position\":3,\"name\":\"KIT COMPLETO DE INSTALACI\u00d3N PARA CALENTADOR EL\u00c9CTRICO IUSA 267853\"}]},{\"@type\":\"WebSite\",\"@id\":\"https:\/\/72.167.50.119\/ethoro\/#website\",\"url\":\"https:\/\/72.167.50.119\/ethoro\/\",\"name\":\"Thoro Enterprises de M\u00e9xico\",\"description\":\"Todo en Thoro\",\"publisher\":{\"@id\":\"https:\/\/72.167.50.119\/ethoro\/#organization\"},\"alternateName\":\"Thoro shop\",\"potentialAction\":[{\"@type\":\"SearchAction\",\"target\":{\"@type\":\"EntryPoint\",\"urlTemplate\":\"https:\/\/72.167.50.119\/ethoro\/?s={search_term_string}\"},\"query-input\":{\"@type\":\"PropertyValueSpecification\",\"valueRequired\":true,\"valueName\":\"search_term_string\"}}],\"inLanguage\":\"es\"},{\"@type\":\"Organization\",\"@id\":\"https:\/\/72.167.50.119\/ethoro\/#organization\",\"name\":\"Thoro Enterprises de M\u00e9xico\",\"alternateName\":\"Thoro shop\",\"url\":\"https:\/\/72.167.50.119\/ethoro\/\",\"logo\":{\"@type\":\"ImageObject\",\"inLanguage\":\"es\",\"@id\":\"https:\/\/72.167.50.119\/ethoro\/#\/schema\/logo\/image\/\",\"url\":\"https:\/\/72.167.50.119\/ethoro\/wp-content\/uploads\/2025\/01\/cropped-cropped-icono_t-180x180-1.png\",\"contentUrl\":\"https:\/\/72.167.50.119\/ethoro\/wp-content\/uploads\/2025\/01\/cropped-cropped-icono_t-180x180-1.png\",\"width\":512,\"height\":512,\"caption\":\"Thoro Enterprises de M\u00e9xico\"},\"image\":{\"@id\":\"https:\/\/72.167.50.119\/ethoro\/#\/schema\/logo\/image\/\"},\"sameAs\":[\"https:\/\/www.facebook.com\/ThoroEnterprises\",\"https:\/\/www.instagram.com\/thoro.mexico\/\"]}]}<\/script>\n<!-- \/ Yoast SEO plugin. -->","yoast_head_json":{"title":"KIT COMPLETO DE INSTALACI\u00d3N PARA CALENTADOR EL\u00c9CTRICO IUSA 267853 - Thoro enterprises de Mexico","robots":{"index":"noindex","follow":"follow"},"og_locale":"es_MX","og_type":"article","og_title":"KIT COMPLETO DE INSTALACI\u00d3N PARA CALENTADOR EL\u00c9CTRICO IUSA 267853 - Thoro enterprises de Mexico","og_description":"267853 Kit completo de instalaci\u00f3n para calentador el\u00e9ctrico Incluye -2 Conectores rosca exterior -2 Mangueras para calentador el\u00e9ctrico -1 Niple terminal ligero -1 V\u00e1lvula esfera roscable maneral tipo palanca -1 Cinta sella rosca -2 Niples galvanizados 3\/4\u201d x","og_url":"https:\/\/thoro.com.mx\/ethoro\/shop\/sin categor\u00eda\/kit-completo-de-instalacion-para-calentador-electrico-iusa-267853\/","og_site_name":"Thoro enterprises de Mexico","article_publisher":"https:\/\/www.facebook.com\/ThoroEnterprises","article_modified_time":"2026-04-08T06:30:48+00:00","twitter_card":"summary_large_image","schema":{"@context":"https:\/\/schema.org","@graph":[{"@type":"WebPage","@id":"https:\/\/thoro.com.mx\/ethoro\/shop\/sin categor\u00eda\/kit-completo-de-instalacion-para-calentador-electrico-iusa-267853\/","url":"https:\/\/thoro.com.mx\/ethoro\/shop\/sin categor\u00eda\/kit-completo-de-instalacion-para-calentador-electrico-iusa-267853\/","name":"KIT COMPLETO DE INSTALACI\u00d3N PARA CALENTADOR EL\u00c9CTRICO IUSA 267853 - Thoro enterprises de Mexico","isPartOf":{"@id":"https:\/\/72.167.50.119\/ethoro\/#website"},"primaryImageOfPage":{"@id":"https:\/\/thoro.com.mx\/ethoro\/shop\/sin categor\u00eda\/kit-completo-de-instalacion-para-calentador-electrico-iusa-267853\/#primaryimage"},"image":{"@id":"https:\/\/thoro.com.mx\/ethoro\/shop\/sin categor\u00eda\/kit-completo-de-instalacion-para-calentador-electrico-iusa-267853\/#primaryimage"},"thumbnailUrl":"https:\/\/thoro.com.mx\/ethoro\/wp-content\/uploads\/2026\/03\/H21793.jpg","datePublished":"2026-03-26T06:22:22+00:00","dateModified":"2026-04-08T06:30:48+00:00","breadcrumb":{"@id":"https:\/\/thoro.com.mx\/ethoro\/shop\/sin categor\u00eda\/kit-completo-de-instalacion-para-calentador-electrico-iusa-267853\/#breadcrumb"},"inLanguage":"es","potentialAction":[{"@type":"ReadAction","target":["https:\/\/thoro.com.mx\/ethoro\/shop\/sin categor\u00eda\/kit-completo-de-instalacion-para-calentador-electrico-iusa-267853\/"]}]},{"@type":"ImageObject","inLanguage":"es","@id":"https:\/\/thoro.com.mx\/ethoro\/shop\/sin categor\u00eda\/kit-completo-de-instalacion-para-calentador-electrico-iusa-267853\/#primaryimage","url":"https:\/\/thoro.com.mx\/ethoro\/wp-content\/uploads\/2026\/03\/H21793.jpg","contentUrl":"https:\/\/thoro.com.mx\/ethoro\/wp-content\/uploads\/2026\/03\/H21793.jpg","width":1000,"height":1000},{"@type":"BreadcrumbList","@id":"https:\/\/thoro.com.mx\/ethoro\/shop\/sin categor\u00eda\/kit-completo-de-instalacion-para-calentador-electrico-iusa-267853\/#breadcrumb","itemListElement":[{"@type":"ListItem","position":1,"name":"Inicio","item":"https:\/\/thoro.com.mx\/ethoro\/"},{"@type":"ListItem","position":2,"name":"Tienda","item":"https:\/\/thoro.com.mx\/ethoro\/shop\/"},{"@type":"ListItem","position":3,"name":"KIT COMPLETO DE INSTALACI\u00d3N PARA CALENTADOR EL\u00c9CTRICO IUSA 267853"}]},{"@type":"WebSite","@id":"https:\/\/72.167.50.119\/ethoro\/#website","url":"https:\/\/72.167.50.119\/ethoro\/","name":"Thoro Enterprises de M\u00e9xico","description":"Todo en Thoro","publisher":{"@id":"https:\/\/72.167.50.119\/ethoro\/#organization"},"alternateName":"Thoro shop","potentialAction":[{"@type":"SearchAction","target":{"@type":"EntryPoint","urlTemplate":"https:\/\/72.167.50.119\/ethoro\/?s={search_term_string}"},"query-input":{"@type":"PropertyValueSpecification","valueRequired":true,"valueName":"search_term_string"}}],"inLanguage":"es"},{"@type":"Organization","@id":"https:\/\/72.167.50.119\/ethoro\/#organization","name":"Thoro Enterprises de M\u00e9xico","alternateName":"Thoro shop","url":"https:\/\/72.167.50.119\/ethoro\/","logo":{"@type":"ImageObject","inLanguage":"es","@id":"https:\/\/72.167.50.119\/ethoro\/#\/schema\/logo\/image\/","url":"https:\/\/72.167.50.119\/ethoro\/wp-content\/uploads\/2025\/01\/cropped-cropped-icono_t-180x180-1.png","contentUrl":"https:\/\/72.167.50.119\/ethoro\/wp-content\/uploads\/2025\/01\/cropped-cropped-icono_t-180x180-1.png","width":512,"height":512,"caption":"Thoro Enterprises de M\u00e9xico"},"image":{"@id":"https:\/\/72.167.50.119\/ethoro\/#\/schema\/logo\/image\/"},"sameAs":["https:\/\/www.facebook.com\/ThoroEnterprises","https:\/\/www.instagram.com\/thoro.mexico\/"]}]}},"_links":{"self":[{"href":"https:\/\/thoro.com.mx\/ethoro\/wp-json\/wp\/v2\/product\/463738","targetHints":{"allow":["GET"]}}],"collection":[{"href":"https:\/\/thoro.com.mx\/ethoro\/wp-json\/wp\/v2\/product"}],"about":[{"href":"https:\/\/thoro.com.mx\/ethoro\/wp-json\/wp\/v2\/types\/product"}],"replies":[{"embeddable":true,"href":"https:\/\/thoro.com.mx\/ethoro\/wp-json\/wp\/v2\/comments?post=463738"}],"wp:featuredmedia":[{"embeddable":true,"href":"https:\/\/thoro.com.mx\/ethoro\/wp-json\/wp\/v2\/media\/463737"}],"wp:attachment":[{"href":"https:\/\/thoro.com.mx\/ethoro\/wp-json\/wp\/v2\/media?parent=463738"}],"wp:term":[{"taxonomy":"product_brand","embeddable":true,"href":"https:\/\/thoro.com.mx\/ethoro\/wp-json\/wp\/v2\/product_brand?post=463738"},{"taxonomy":"product_cat","embeddable":true,"href":"https:\/\/thoro.com.mx\/ethoro\/wp-json\/wp\/v2\/product_cat?post=463738"},{"taxonomy":"product_tag","embeddable":true,"href":"https:\/\/thoro.com.mx\/ethoro\/wp-json\/wp\/v2\/product_tag?post=463738"}],"curies":[{"name":"wp","href":"https:\/\/api.w.org\/{rel}","templated":true}]}}