{"id":49604,"date":"2025-04-08T00:32:15","date_gmt":"2025-04-08T06:32:15","guid":{"rendered":"https:\/\/72.167.50.119\/ethoro\/shop\/sin categor\u00eda\/respirador-para-polvo-mr-seguridad-sb1007-n95-v-con-valvula\/"},"modified":"2026-04-05T02:27:59","modified_gmt":"2026-04-05T08:27:59","slug":"respirador-para-polvo-mr-seguridad-sb1007-n95-v-con-valvula","status":"publish","type":"product","link":"https:\/\/thoro.com.mx\/ethoro\/shop\/equipo-de-seguridad\/equipo-de-proteccion-facial-y-cabeza\/respiradores\/respirador-para-polvo-mr-seguridad-sb1007-n95-v-con-valvula\/","title":{"rendered":"RESPIRADOR PARA POLVO MR SEGURIDAD SB1007 N95 V CON VALVULA"},"content":{"rendered":"<h4>SB1007 N95 V<\/h4>\n<ul>\n<li>Medio filtrante electroest\u00e1tico que retiene part\u00edculas y neblinas s\u00f3lidas libres de aceite.<\/li>\n<li>Filtro de polipropileno.<\/li>\n<li>Eficiencia m\u00ednima del 95%.<\/li>\n<li>V\u00e1lvula de exhalaci\u00f3n disminuye sensiblemente la condensaci\u00f3n como efecto de la exhalaci\u00f3n de aire caliente<\/li>\n<li>Clip para ajuste nasal de doble alambre recubierto de PVC.<\/li>\n<li>Esponja interior de Poliuretano hipoalerg\u00e9nico.<\/li>\n<li>Medida de 13 x 14 cm.<\/li>\n<\/ul>\n","protected":false},"excerpt":{"rendered":"<p>SB1007 N95 V Medio filtrante electroest\u00e1tico que retiene part\u00edculas y neblinas s\u00f3lidas libres de aceite. Filtro de polipropileno. Eficiencia m\u00ednima del 95%. V\u00e1lvula de exhalaci\u00f3n disminuye sensiblemente la condensaci\u00f3n como efecto de la exhalaci\u00f3n de aire caliente Clip para ajuste nasal de doble alambre recubierto de PVC. Esponja interior de Poliuretano hipoalerg\u00e9nico. Medida de 13 [&hellip;]<\/p>\n","protected":false},"featured_media":49603,"comment_status":"open","ping_status":"closed","template":"","meta":{"_monsterinsights_skip_tracking":false,"_monsterinsights_sitenote_active":false,"_monsterinsights_sitenote_note":"","_monsterinsights_sitenote_category":0,"_joinchat":[]},"product_brand":[],"product_cat":[17882],"product_tag":[],"class_list":{"0":"post-49604","1":"product","2":"type-product","3":"status-publish","4":"has-post-thumbnail","6":"product_cat-respiradores","8":"first","9":"instock","10":"taxable","11":"shipping-taxable","12":"purchasable","13":"product-type-simple","14":"add-to-wishlist-after_add_to_cart"},"yoast_head":"<!-- This site is optimized with the Yoast SEO plugin v27.1.1 - https:\/\/yoast.com\/product\/yoast-seo-wordpress\/ -->\n<title>RESPIRADOR PARA POLVO MR SEGURIDAD SB1007 N95 V CON VALVULA - Thoro enterprises de Mexico<\/title>\n<meta name=\"robots\" content=\"noindex, follow\" \/>\n<meta property=\"og:locale\" content=\"es_MX\" \/>\n<meta property=\"og:type\" content=\"article\" \/>\n<meta property=\"og:title\" content=\"RESPIRADOR PARA POLVO MR SEGURIDAD SB1007 N95 V CON VALVULA - Thoro enterprises de Mexico\" \/>\n<meta property=\"og:description\" content=\"SB1007 N95 V Medio filtrante electroest\u00e1tico que retiene part\u00edculas y neblinas s\u00f3lidas libres de aceite. Filtro de polipropileno. Eficiencia m\u00ednima del 95%. V\u00e1lvula de exhalaci\u00f3n disminuye sensiblemente la condensaci\u00f3n como efecto de la exhalaci\u00f3n de aire caliente Clip para ajuste nasal de doble alambre recubierto de PVC. Esponja interior de Poliuretano hipoalerg\u00e9nico. Medida de 13 [&hellip;]\" \/>\n<meta property=\"og:url\" content=\"https:\/\/thoro.com.mx\/ethoro\/shop\/equipo-de-seguridad\/equipo-de-proteccion-facial-y-cabeza\/respiradores\/respirador-para-polvo-mr-seguridad-sb1007-n95-v-con-valvula\/\" \/>\n<meta property=\"og:site_name\" content=\"Thoro enterprises de Mexico\" \/>\n<meta property=\"article:publisher\" content=\"https:\/\/www.facebook.com\/ThoroEnterprises\" \/>\n<meta property=\"article:modified_time\" content=\"2026-04-05T08:27:59+00:00\" \/>\n<meta property=\"og:image\" content=\"https:\/\/thoro.com.mx\/ethoro\/wp-content\/uploads\/2025\/04\/S0700.jpg\" \/>\n\t<meta property=\"og:image:width\" content=\"1000\" \/>\n\t<meta property=\"og:image:height\" content=\"1000\" \/>\n\t<meta property=\"og:image:type\" content=\"image\/jpeg\" \/>\n<meta name=\"twitter:card\" content=\"summary_large_image\" \/>\n<script type=\"application\/ld+json\" class=\"yoast-schema-graph\">{\"@context\":\"https:\/\/schema.org\",\"@graph\":[{\"@type\":\"WebPage\",\"@id\":\"https:\/\/thoro.com.mx\/ethoro\/shop\/equipo-de-seguridad\/equipo-de-proteccion-facial-y-cabeza\/respiradores\/respirador-para-polvo-mr-seguridad-sb1007-n95-v-con-valvula\/\",\"url\":\"https:\/\/thoro.com.mx\/ethoro\/shop\/equipo-de-seguridad\/equipo-de-proteccion-facial-y-cabeza\/respiradores\/respirador-para-polvo-mr-seguridad-sb1007-n95-v-con-valvula\/\",\"name\":\"RESPIRADOR PARA POLVO MR SEGURIDAD SB1007 N95 V CON VALVULA - Thoro enterprises de Mexico\",\"isPartOf\":{\"@id\":\"https:\/\/72.167.50.119\/ethoro\/#website\"},\"primaryImageOfPage\":{\"@id\":\"https:\/\/thoro.com.mx\/ethoro\/shop\/equipo-de-seguridad\/equipo-de-proteccion-facial-y-cabeza\/respiradores\/respirador-para-polvo-mr-seguridad-sb1007-n95-v-con-valvula\/#primaryimage\"},\"image\":{\"@id\":\"https:\/\/thoro.com.mx\/ethoro\/shop\/equipo-de-seguridad\/equipo-de-proteccion-facial-y-cabeza\/respiradores\/respirador-para-polvo-mr-seguridad-sb1007-n95-v-con-valvula\/#primaryimage\"},\"thumbnailUrl\":\"https:\/\/thoro.com.mx\/ethoro\/wp-content\/uploads\/2025\/04\/S0700.jpg\",\"datePublished\":\"2025-04-08T06:32:15+00:00\",\"dateModified\":\"2026-04-05T08:27:59+00:00\",\"breadcrumb\":{\"@id\":\"https:\/\/thoro.com.mx\/ethoro\/shop\/equipo-de-seguridad\/equipo-de-proteccion-facial-y-cabeza\/respiradores\/respirador-para-polvo-mr-seguridad-sb1007-n95-v-con-valvula\/#breadcrumb\"},\"inLanguage\":\"es\",\"potentialAction\":[{\"@type\":\"ReadAction\",\"target\":[\"https:\/\/thoro.com.mx\/ethoro\/shop\/equipo-de-seguridad\/equipo-de-proteccion-facial-y-cabeza\/respiradores\/respirador-para-polvo-mr-seguridad-sb1007-n95-v-con-valvula\/\"]}]},{\"@type\":\"ImageObject\",\"inLanguage\":\"es\",\"@id\":\"https:\/\/thoro.com.mx\/ethoro\/shop\/equipo-de-seguridad\/equipo-de-proteccion-facial-y-cabeza\/respiradores\/respirador-para-polvo-mr-seguridad-sb1007-n95-v-con-valvula\/#primaryimage\",\"url\":\"https:\/\/thoro.com.mx\/ethoro\/wp-content\/uploads\/2025\/04\/S0700.jpg\",\"contentUrl\":\"https:\/\/thoro.com.mx\/ethoro\/wp-content\/uploads\/2025\/04\/S0700.jpg\",\"width\":1000,\"height\":1000},{\"@type\":\"BreadcrumbList\",\"@id\":\"https:\/\/thoro.com.mx\/ethoro\/shop\/equipo-de-seguridad\/equipo-de-proteccion-facial-y-cabeza\/respiradores\/respirador-para-polvo-mr-seguridad-sb1007-n95-v-con-valvula\/#breadcrumb\",\"itemListElement\":[{\"@type\":\"ListItem\",\"position\":1,\"name\":\"Inicio\",\"item\":\"https:\/\/thoro.com.mx\/ethoro\/\"},{\"@type\":\"ListItem\",\"position\":2,\"name\":\"Tienda\",\"item\":\"https:\/\/thoro.com.mx\/ethoro\/shop\/\"},{\"@type\":\"ListItem\",\"position\":3,\"name\":\"RESPIRADOR PARA POLVO MR SEGURIDAD SB1007 N95 V CON VALVULA\"}]},{\"@type\":\"WebSite\",\"@id\":\"https:\/\/72.167.50.119\/ethoro\/#website\",\"url\":\"https:\/\/72.167.50.119\/ethoro\/\",\"name\":\"Thoro Enterprises de M\u00e9xico\",\"description\":\"Todo en Thoro\",\"publisher\":{\"@id\":\"https:\/\/72.167.50.119\/ethoro\/#organization\"},\"alternateName\":\"Thoro shop\",\"potentialAction\":[{\"@type\":\"SearchAction\",\"target\":{\"@type\":\"EntryPoint\",\"urlTemplate\":\"https:\/\/72.167.50.119\/ethoro\/?s={search_term_string}\"},\"query-input\":{\"@type\":\"PropertyValueSpecification\",\"valueRequired\":true,\"valueName\":\"search_term_string\"}}],\"inLanguage\":\"es\"},{\"@type\":\"Organization\",\"@id\":\"https:\/\/72.167.50.119\/ethoro\/#organization\",\"name\":\"Thoro Enterprises de M\u00e9xico\",\"alternateName\":\"Thoro shop\",\"url\":\"https:\/\/72.167.50.119\/ethoro\/\",\"logo\":{\"@type\":\"ImageObject\",\"inLanguage\":\"es\",\"@id\":\"https:\/\/72.167.50.119\/ethoro\/#\/schema\/logo\/image\/\",\"url\":\"https:\/\/72.167.50.119\/ethoro\/wp-content\/uploads\/2025\/01\/cropped-cropped-icono_t-180x180-1.png\",\"contentUrl\":\"https:\/\/72.167.50.119\/ethoro\/wp-content\/uploads\/2025\/01\/cropped-cropped-icono_t-180x180-1.png\",\"width\":512,\"height\":512,\"caption\":\"Thoro Enterprises de M\u00e9xico\"},\"image\":{\"@id\":\"https:\/\/72.167.50.119\/ethoro\/#\/schema\/logo\/image\/\"},\"sameAs\":[\"https:\/\/www.facebook.com\/ThoroEnterprises\",\"https:\/\/www.instagram.com\/thoro.mexico\/\"]}]}<\/script>\n<!-- \/ Yoast SEO plugin. -->","yoast_head_json":{"title":"RESPIRADOR PARA POLVO MR SEGURIDAD SB1007 N95 V CON VALVULA - Thoro enterprises de Mexico","robots":{"index":"noindex","follow":"follow"},"og_locale":"es_MX","og_type":"article","og_title":"RESPIRADOR PARA POLVO MR SEGURIDAD SB1007 N95 V CON VALVULA - Thoro enterprises de Mexico","og_description":"SB1007 N95 V Medio filtrante electroest\u00e1tico que retiene part\u00edculas y neblinas s\u00f3lidas libres de aceite. Filtro de polipropileno. Eficiencia m\u00ednima del 95%. V\u00e1lvula de exhalaci\u00f3n disminuye sensiblemente la condensaci\u00f3n como efecto de la exhalaci\u00f3n de aire caliente Clip para ajuste nasal de doble alambre recubierto de PVC. Esponja interior de Poliuretano hipoalerg\u00e9nico. Medida de 13 [&hellip;]","og_url":"https:\/\/thoro.com.mx\/ethoro\/shop\/equipo-de-seguridad\/equipo-de-proteccion-facial-y-cabeza\/respiradores\/respirador-para-polvo-mr-seguridad-sb1007-n95-v-con-valvula\/","og_site_name":"Thoro enterprises de Mexico","article_publisher":"https:\/\/www.facebook.com\/ThoroEnterprises","article_modified_time":"2026-04-05T08:27:59+00:00","og_image":[{"width":1000,"height":1000,"url":"https:\/\/thoro.com.mx\/ethoro\/wp-content\/uploads\/2025\/04\/S0700.jpg","type":"image\/jpeg"}],"twitter_card":"summary_large_image","schema":{"@context":"https:\/\/schema.org","@graph":[{"@type":"WebPage","@id":"https:\/\/thoro.com.mx\/ethoro\/shop\/equipo-de-seguridad\/equipo-de-proteccion-facial-y-cabeza\/respiradores\/respirador-para-polvo-mr-seguridad-sb1007-n95-v-con-valvula\/","url":"https:\/\/thoro.com.mx\/ethoro\/shop\/equipo-de-seguridad\/equipo-de-proteccion-facial-y-cabeza\/respiradores\/respirador-para-polvo-mr-seguridad-sb1007-n95-v-con-valvula\/","name":"RESPIRADOR PARA POLVO MR SEGURIDAD SB1007 N95 V CON VALVULA - Thoro enterprises de Mexico","isPartOf":{"@id":"https:\/\/72.167.50.119\/ethoro\/#website"},"primaryImageOfPage":{"@id":"https:\/\/thoro.com.mx\/ethoro\/shop\/equipo-de-seguridad\/equipo-de-proteccion-facial-y-cabeza\/respiradores\/respirador-para-polvo-mr-seguridad-sb1007-n95-v-con-valvula\/#primaryimage"},"image":{"@id":"https:\/\/thoro.com.mx\/ethoro\/shop\/equipo-de-seguridad\/equipo-de-proteccion-facial-y-cabeza\/respiradores\/respirador-para-polvo-mr-seguridad-sb1007-n95-v-con-valvula\/#primaryimage"},"thumbnailUrl":"https:\/\/thoro.com.mx\/ethoro\/wp-content\/uploads\/2025\/04\/S0700.jpg","datePublished":"2025-04-08T06:32:15+00:00","dateModified":"2026-04-05T08:27:59+00:00","breadcrumb":{"@id":"https:\/\/thoro.com.mx\/ethoro\/shop\/equipo-de-seguridad\/equipo-de-proteccion-facial-y-cabeza\/respiradores\/respirador-para-polvo-mr-seguridad-sb1007-n95-v-con-valvula\/#breadcrumb"},"inLanguage":"es","potentialAction":[{"@type":"ReadAction","target":["https:\/\/thoro.com.mx\/ethoro\/shop\/equipo-de-seguridad\/equipo-de-proteccion-facial-y-cabeza\/respiradores\/respirador-para-polvo-mr-seguridad-sb1007-n95-v-con-valvula\/"]}]},{"@type":"ImageObject","inLanguage":"es","@id":"https:\/\/thoro.com.mx\/ethoro\/shop\/equipo-de-seguridad\/equipo-de-proteccion-facial-y-cabeza\/respiradores\/respirador-para-polvo-mr-seguridad-sb1007-n95-v-con-valvula\/#primaryimage","url":"https:\/\/thoro.com.mx\/ethoro\/wp-content\/uploads\/2025\/04\/S0700.jpg","contentUrl":"https:\/\/thoro.com.mx\/ethoro\/wp-content\/uploads\/2025\/04\/S0700.jpg","width":1000,"height":1000},{"@type":"BreadcrumbList","@id":"https:\/\/thoro.com.mx\/ethoro\/shop\/equipo-de-seguridad\/equipo-de-proteccion-facial-y-cabeza\/respiradores\/respirador-para-polvo-mr-seguridad-sb1007-n95-v-con-valvula\/#breadcrumb","itemListElement":[{"@type":"ListItem","position":1,"name":"Inicio","item":"https:\/\/thoro.com.mx\/ethoro\/"},{"@type":"ListItem","position":2,"name":"Tienda","item":"https:\/\/thoro.com.mx\/ethoro\/shop\/"},{"@type":"ListItem","position":3,"name":"RESPIRADOR PARA POLVO MR SEGURIDAD SB1007 N95 V CON VALVULA"}]},{"@type":"WebSite","@id":"https:\/\/72.167.50.119\/ethoro\/#website","url":"https:\/\/72.167.50.119\/ethoro\/","name":"Thoro Enterprises de M\u00e9xico","description":"Todo en Thoro","publisher":{"@id":"https:\/\/72.167.50.119\/ethoro\/#organization"},"alternateName":"Thoro shop","potentialAction":[{"@type":"SearchAction","target":{"@type":"EntryPoint","urlTemplate":"https:\/\/72.167.50.119\/ethoro\/?s={search_term_string}"},"query-input":{"@type":"PropertyValueSpecification","valueRequired":true,"valueName":"search_term_string"}}],"inLanguage":"es"},{"@type":"Organization","@id":"https:\/\/72.167.50.119\/ethoro\/#organization","name":"Thoro Enterprises de M\u00e9xico","alternateName":"Thoro shop","url":"https:\/\/72.167.50.119\/ethoro\/","logo":{"@type":"ImageObject","inLanguage":"es","@id":"https:\/\/72.167.50.119\/ethoro\/#\/schema\/logo\/image\/","url":"https:\/\/72.167.50.119\/ethoro\/wp-content\/uploads\/2025\/01\/cropped-cropped-icono_t-180x180-1.png","contentUrl":"https:\/\/72.167.50.119\/ethoro\/wp-content\/uploads\/2025\/01\/cropped-cropped-icono_t-180x180-1.png","width":512,"height":512,"caption":"Thoro Enterprises de M\u00e9xico"},"image":{"@id":"https:\/\/72.167.50.119\/ethoro\/#\/schema\/logo\/image\/"},"sameAs":["https:\/\/www.facebook.com\/ThoroEnterprises","https:\/\/www.instagram.com\/thoro.mexico\/"]}]}},"_links":{"self":[{"href":"https:\/\/thoro.com.mx\/ethoro\/wp-json\/wp\/v2\/product\/49604","targetHints":{"allow":["GET"]}}],"collection":[{"href":"https:\/\/thoro.com.mx\/ethoro\/wp-json\/wp\/v2\/product"}],"about":[{"href":"https:\/\/thoro.com.mx\/ethoro\/wp-json\/wp\/v2\/types\/product"}],"replies":[{"embeddable":true,"href":"https:\/\/thoro.com.mx\/ethoro\/wp-json\/wp\/v2\/comments?post=49604"}],"wp:featuredmedia":[{"embeddable":true,"href":"https:\/\/thoro.com.mx\/ethoro\/wp-json\/wp\/v2\/media\/49603"}],"wp:attachment":[{"href":"https:\/\/thoro.com.mx\/ethoro\/wp-json\/wp\/v2\/media?parent=49604"}],"wp:term":[{"taxonomy":"product_brand","embeddable":true,"href":"https:\/\/thoro.com.mx\/ethoro\/wp-json\/wp\/v2\/product_brand?post=49604"},{"taxonomy":"product_cat","embeddable":true,"href":"https:\/\/thoro.com.mx\/ethoro\/wp-json\/wp\/v2\/product_cat?post=49604"},{"taxonomy":"product_tag","embeddable":true,"href":"https:\/\/thoro.com.mx\/ethoro\/wp-json\/wp\/v2\/product_tag?post=49604"}],"curies":[{"name":"wp","href":"https:\/\/api.w.org\/{rel}","templated":true}]}}