{"id":5229,"date":"2025-02-05T11:59:46","date_gmt":"2025-02-05T17:59:46","guid":{"rendered":"https:\/\/72.167.50.119\/ethoro\/shop\/sin categor\u00eda\/levantador-magnetico-urrea-surtek-mt01-telescopico-1-5-kilogramos\/"},"modified":"2025-11-10T02:39:09","modified_gmt":"2025-11-10T08:39:09","slug":"levantador-magnetico-urrea-surtek-mt01-telescopico-1-5-kilogramos","status":"publish","type":"product","link":"https:\/\/thoro.com.mx\/ethoro\/shop\/herramientas\/imanes-herramientas\/levantadores-magneticos\/levantador-magnetico-urrea-surtek-mt01-telescopico-1-5-kilogramos\/","title":{"rendered":"LEVANTADOR MAGN\u00c9TICO URREA SURTEK MT01 TELESCOPICO 1.5 KILOGRAMOS"},"content":{"rendered":"<h4>MT01<\/h4>\n<ul>\n<li>Levantador magn\u00e9tico 1.5kg Surtek<\/li>\n<li>B\u00e1sicos en la labor de recuperar objetos peque\u00f1os de lugares dif\u00edciles de alcanzar<\/li>\n<li>Im\u00e1n para recoger objetos de hasta 1.5kg<\/li>\n<li>Clip para bolsillo tipo pluma<\/li>\n<li>Longitud m\u00e1xima 64 cm<\/li>\n<\/ul>\n","protected":false},"excerpt":{"rendered":"<p>MT01 Levantador magn\u00e9tico 1.5kg Surtek B\u00e1sicos en la labor de recuperar objetos peque\u00f1os de lugares dif\u00edciles de alcanzar Im\u00e1n para recoger objetos de hasta 1.5kg Clip para bolsillo tipo pluma Longitud m\u00e1xima 64 cm<\/p>\n","protected":false},"featured_media":5228,"comment_status":"open","ping_status":"closed","template":"","meta":{"_monsterinsights_skip_tracking":false,"_monsterinsights_sitenote_active":false,"_monsterinsights_sitenote_note":"","_monsterinsights_sitenote_category":0,"_joinchat":[]},"product_brand":[],"product_cat":[1770],"product_tag":[],"class_list":{"0":"post-5229","1":"product","2":"type-product","3":"status-publish","4":"has-post-thumbnail","6":"product_cat-levantadores-magneticos","8":"first","9":"outofstock","10":"taxable","11":"shipping-taxable","12":"purchasable","13":"product-type-simple","14":"add-to-wishlist-after_add_to_cart"},"yoast_head":"<!-- This site is optimized with the Yoast SEO plugin v27.1.1 - https:\/\/yoast.com\/product\/yoast-seo-wordpress\/ -->\n<title>LEVANTADOR MAGN\u00c9TICO URREA SURTEK MT01 TELESCOPICO 1.5 KILOGRAMOS - Thoro enterprises de Mexico<\/title>\n<meta name=\"robots\" content=\"noindex, follow\" \/>\n<meta property=\"og:locale\" content=\"es_MX\" \/>\n<meta property=\"og:type\" content=\"article\" \/>\n<meta property=\"og:title\" content=\"LEVANTADOR MAGN\u00c9TICO URREA SURTEK MT01 TELESCOPICO 1.5 KILOGRAMOS - Thoro enterprises de Mexico\" \/>\n<meta property=\"og:description\" content=\"MT01 Levantador magn\u00e9tico 1.5kg Surtek B\u00e1sicos en la labor de recuperar objetos peque\u00f1os de lugares dif\u00edciles de alcanzar Im\u00e1n para recoger objetos de hasta 1.5kg Clip para bolsillo tipo pluma Longitud m\u00e1xima 64 cm\" \/>\n<meta property=\"og:url\" content=\"https:\/\/thoro.com.mx\/ethoro\/shop\/herramientas\/imanes-herramientas\/levantadores-magneticos\/levantador-magnetico-urrea-surtek-mt01-telescopico-1-5-kilogramos\/\" \/>\n<meta property=\"og:site_name\" content=\"Thoro enterprises de Mexico\" \/>\n<meta property=\"article:publisher\" content=\"https:\/\/www.facebook.com\/ThoroEnterprises\" \/>\n<meta property=\"article:modified_time\" content=\"2025-11-10T08:39:09+00:00\" \/>\n<meta property=\"og:image\" content=\"https:\/\/thoro.com.mx\/ethoro\/wp-content\/uploads\/2025\/02\/H14754.jpg\" \/>\n\t<meta property=\"og:image:width\" content=\"1000\" \/>\n\t<meta property=\"og:image:height\" content=\"1000\" \/>\n\t<meta property=\"og:image:type\" content=\"image\/jpeg\" \/>\n<meta name=\"twitter:card\" content=\"summary_large_image\" \/>\n<script type=\"application\/ld+json\" class=\"yoast-schema-graph\">{\"@context\":\"https:\/\/schema.org\",\"@graph\":[{\"@type\":\"WebPage\",\"@id\":\"https:\/\/thoro.com.mx\/ethoro\/shop\/herramientas\/imanes-herramientas\/levantadores-magneticos\/levantador-magnetico-urrea-surtek-mt01-telescopico-1-5-kilogramos\/\",\"url\":\"https:\/\/thoro.com.mx\/ethoro\/shop\/herramientas\/imanes-herramientas\/levantadores-magneticos\/levantador-magnetico-urrea-surtek-mt01-telescopico-1-5-kilogramos\/\",\"name\":\"LEVANTADOR MAGN\u00c9TICO URREA SURTEK MT01 TELESCOPICO 1.5 KILOGRAMOS - Thoro enterprises de Mexico\",\"isPartOf\":{\"@id\":\"https:\/\/72.167.50.119\/ethoro\/#website\"},\"primaryImageOfPage\":{\"@id\":\"https:\/\/thoro.com.mx\/ethoro\/shop\/herramientas\/imanes-herramientas\/levantadores-magneticos\/levantador-magnetico-urrea-surtek-mt01-telescopico-1-5-kilogramos\/#primaryimage\"},\"image\":{\"@id\":\"https:\/\/thoro.com.mx\/ethoro\/shop\/herramientas\/imanes-herramientas\/levantadores-magneticos\/levantador-magnetico-urrea-surtek-mt01-telescopico-1-5-kilogramos\/#primaryimage\"},\"thumbnailUrl\":\"https:\/\/thoro.com.mx\/ethoro\/wp-content\/uploads\/2025\/02\/H14754.jpg\",\"datePublished\":\"2025-02-05T17:59:46+00:00\",\"dateModified\":\"2025-11-10T08:39:09+00:00\",\"breadcrumb\":{\"@id\":\"https:\/\/thoro.com.mx\/ethoro\/shop\/herramientas\/imanes-herramientas\/levantadores-magneticos\/levantador-magnetico-urrea-surtek-mt01-telescopico-1-5-kilogramos\/#breadcrumb\"},\"inLanguage\":\"es\",\"potentialAction\":[{\"@type\":\"ReadAction\",\"target\":[\"https:\/\/thoro.com.mx\/ethoro\/shop\/herramientas\/imanes-herramientas\/levantadores-magneticos\/levantador-magnetico-urrea-surtek-mt01-telescopico-1-5-kilogramos\/\"]}]},{\"@type\":\"ImageObject\",\"inLanguage\":\"es\",\"@id\":\"https:\/\/thoro.com.mx\/ethoro\/shop\/herramientas\/imanes-herramientas\/levantadores-magneticos\/levantador-magnetico-urrea-surtek-mt01-telescopico-1-5-kilogramos\/#primaryimage\",\"url\":\"https:\/\/thoro.com.mx\/ethoro\/wp-content\/uploads\/2025\/02\/H14754.jpg\",\"contentUrl\":\"https:\/\/thoro.com.mx\/ethoro\/wp-content\/uploads\/2025\/02\/H14754.jpg\",\"width\":1000,\"height\":1000},{\"@type\":\"BreadcrumbList\",\"@id\":\"https:\/\/thoro.com.mx\/ethoro\/shop\/herramientas\/imanes-herramientas\/levantadores-magneticos\/levantador-magnetico-urrea-surtek-mt01-telescopico-1-5-kilogramos\/#breadcrumb\",\"itemListElement\":[{\"@type\":\"ListItem\",\"position\":1,\"name\":\"Inicio\",\"item\":\"https:\/\/thoro.com.mx\/ethoro\/\"},{\"@type\":\"ListItem\",\"position\":2,\"name\":\"Tienda\",\"item\":\"https:\/\/thoro.com.mx\/ethoro\/shop\/\"},{\"@type\":\"ListItem\",\"position\":3,\"name\":\"LEVANTADOR MAGN\u00c9TICO URREA SURTEK MT01 TELESCOPICO 1.5 KILOGRAMOS\"}]},{\"@type\":\"WebSite\",\"@id\":\"https:\/\/72.167.50.119\/ethoro\/#website\",\"url\":\"https:\/\/72.167.50.119\/ethoro\/\",\"name\":\"Thoro Enterprises de M\u00e9xico\",\"description\":\"Todo en Thoro\",\"publisher\":{\"@id\":\"https:\/\/72.167.50.119\/ethoro\/#organization\"},\"alternateName\":\"Thoro shop\",\"potentialAction\":[{\"@type\":\"SearchAction\",\"target\":{\"@type\":\"EntryPoint\",\"urlTemplate\":\"https:\/\/72.167.50.119\/ethoro\/?s={search_term_string}\"},\"query-input\":{\"@type\":\"PropertyValueSpecification\",\"valueRequired\":true,\"valueName\":\"search_term_string\"}}],\"inLanguage\":\"es\"},{\"@type\":\"Organization\",\"@id\":\"https:\/\/72.167.50.119\/ethoro\/#organization\",\"name\":\"Thoro Enterprises de M\u00e9xico\",\"alternateName\":\"Thoro shop\",\"url\":\"https:\/\/72.167.50.119\/ethoro\/\",\"logo\":{\"@type\":\"ImageObject\",\"inLanguage\":\"es\",\"@id\":\"https:\/\/72.167.50.119\/ethoro\/#\/schema\/logo\/image\/\",\"url\":\"https:\/\/72.167.50.119\/ethoro\/wp-content\/uploads\/2025\/01\/cropped-cropped-icono_t-180x180-1.png\",\"contentUrl\":\"https:\/\/72.167.50.119\/ethoro\/wp-content\/uploads\/2025\/01\/cropped-cropped-icono_t-180x180-1.png\",\"width\":512,\"height\":512,\"caption\":\"Thoro Enterprises de M\u00e9xico\"},\"image\":{\"@id\":\"https:\/\/72.167.50.119\/ethoro\/#\/schema\/logo\/image\/\"},\"sameAs\":[\"https:\/\/www.facebook.com\/ThoroEnterprises\",\"https:\/\/www.instagram.com\/thoro.mexico\/\"]}]}<\/script>\n<!-- \/ Yoast SEO plugin. -->","yoast_head_json":{"title":"LEVANTADOR MAGN\u00c9TICO URREA SURTEK MT01 TELESCOPICO 1.5 KILOGRAMOS - Thoro enterprises de Mexico","robots":{"index":"noindex","follow":"follow"},"og_locale":"es_MX","og_type":"article","og_title":"LEVANTADOR MAGN\u00c9TICO URREA SURTEK MT01 TELESCOPICO 1.5 KILOGRAMOS - Thoro enterprises de Mexico","og_description":"MT01 Levantador magn\u00e9tico 1.5kg Surtek B\u00e1sicos en la labor de recuperar objetos peque\u00f1os de lugares dif\u00edciles de alcanzar Im\u00e1n para recoger objetos de hasta 1.5kg Clip para bolsillo tipo pluma Longitud m\u00e1xima 64 cm","og_url":"https:\/\/thoro.com.mx\/ethoro\/shop\/herramientas\/imanes-herramientas\/levantadores-magneticos\/levantador-magnetico-urrea-surtek-mt01-telescopico-1-5-kilogramos\/","og_site_name":"Thoro enterprises de Mexico","article_publisher":"https:\/\/www.facebook.com\/ThoroEnterprises","article_modified_time":"2025-11-10T08:39:09+00:00","og_image":[{"width":1000,"height":1000,"url":"https:\/\/thoro.com.mx\/ethoro\/wp-content\/uploads\/2025\/02\/H14754.jpg","type":"image\/jpeg"}],"twitter_card":"summary_large_image","schema":{"@context":"https:\/\/schema.org","@graph":[{"@type":"WebPage","@id":"https:\/\/thoro.com.mx\/ethoro\/shop\/herramientas\/imanes-herramientas\/levantadores-magneticos\/levantador-magnetico-urrea-surtek-mt01-telescopico-1-5-kilogramos\/","url":"https:\/\/thoro.com.mx\/ethoro\/shop\/herramientas\/imanes-herramientas\/levantadores-magneticos\/levantador-magnetico-urrea-surtek-mt01-telescopico-1-5-kilogramos\/","name":"LEVANTADOR MAGN\u00c9TICO URREA SURTEK MT01 TELESCOPICO 1.5 KILOGRAMOS - Thoro enterprises de Mexico","isPartOf":{"@id":"https:\/\/72.167.50.119\/ethoro\/#website"},"primaryImageOfPage":{"@id":"https:\/\/thoro.com.mx\/ethoro\/shop\/herramientas\/imanes-herramientas\/levantadores-magneticos\/levantador-magnetico-urrea-surtek-mt01-telescopico-1-5-kilogramos\/#primaryimage"},"image":{"@id":"https:\/\/thoro.com.mx\/ethoro\/shop\/herramientas\/imanes-herramientas\/levantadores-magneticos\/levantador-magnetico-urrea-surtek-mt01-telescopico-1-5-kilogramos\/#primaryimage"},"thumbnailUrl":"https:\/\/thoro.com.mx\/ethoro\/wp-content\/uploads\/2025\/02\/H14754.jpg","datePublished":"2025-02-05T17:59:46+00:00","dateModified":"2025-11-10T08:39:09+00:00","breadcrumb":{"@id":"https:\/\/thoro.com.mx\/ethoro\/shop\/herramientas\/imanes-herramientas\/levantadores-magneticos\/levantador-magnetico-urrea-surtek-mt01-telescopico-1-5-kilogramos\/#breadcrumb"},"inLanguage":"es","potentialAction":[{"@type":"ReadAction","target":["https:\/\/thoro.com.mx\/ethoro\/shop\/herramientas\/imanes-herramientas\/levantadores-magneticos\/levantador-magnetico-urrea-surtek-mt01-telescopico-1-5-kilogramos\/"]}]},{"@type":"ImageObject","inLanguage":"es","@id":"https:\/\/thoro.com.mx\/ethoro\/shop\/herramientas\/imanes-herramientas\/levantadores-magneticos\/levantador-magnetico-urrea-surtek-mt01-telescopico-1-5-kilogramos\/#primaryimage","url":"https:\/\/thoro.com.mx\/ethoro\/wp-content\/uploads\/2025\/02\/H14754.jpg","contentUrl":"https:\/\/thoro.com.mx\/ethoro\/wp-content\/uploads\/2025\/02\/H14754.jpg","width":1000,"height":1000},{"@type":"BreadcrumbList","@id":"https:\/\/thoro.com.mx\/ethoro\/shop\/herramientas\/imanes-herramientas\/levantadores-magneticos\/levantador-magnetico-urrea-surtek-mt01-telescopico-1-5-kilogramos\/#breadcrumb","itemListElement":[{"@type":"ListItem","position":1,"name":"Inicio","item":"https:\/\/thoro.com.mx\/ethoro\/"},{"@type":"ListItem","position":2,"name":"Tienda","item":"https:\/\/thoro.com.mx\/ethoro\/shop\/"},{"@type":"ListItem","position":3,"name":"LEVANTADOR MAGN\u00c9TICO URREA SURTEK MT01 TELESCOPICO 1.5 KILOGRAMOS"}]},{"@type":"WebSite","@id":"https:\/\/72.167.50.119\/ethoro\/#website","url":"https:\/\/72.167.50.119\/ethoro\/","name":"Thoro Enterprises de M\u00e9xico","description":"Todo en Thoro","publisher":{"@id":"https:\/\/72.167.50.119\/ethoro\/#organization"},"alternateName":"Thoro shop","potentialAction":[{"@type":"SearchAction","target":{"@type":"EntryPoint","urlTemplate":"https:\/\/72.167.50.119\/ethoro\/?s={search_term_string}"},"query-input":{"@type":"PropertyValueSpecification","valueRequired":true,"valueName":"search_term_string"}}],"inLanguage":"es"},{"@type":"Organization","@id":"https:\/\/72.167.50.119\/ethoro\/#organization","name":"Thoro Enterprises de M\u00e9xico","alternateName":"Thoro shop","url":"https:\/\/72.167.50.119\/ethoro\/","logo":{"@type":"ImageObject","inLanguage":"es","@id":"https:\/\/72.167.50.119\/ethoro\/#\/schema\/logo\/image\/","url":"https:\/\/72.167.50.119\/ethoro\/wp-content\/uploads\/2025\/01\/cropped-cropped-icono_t-180x180-1.png","contentUrl":"https:\/\/72.167.50.119\/ethoro\/wp-content\/uploads\/2025\/01\/cropped-cropped-icono_t-180x180-1.png","width":512,"height":512,"caption":"Thoro Enterprises de M\u00e9xico"},"image":{"@id":"https:\/\/72.167.50.119\/ethoro\/#\/schema\/logo\/image\/"},"sameAs":["https:\/\/www.facebook.com\/ThoroEnterprises","https:\/\/www.instagram.com\/thoro.mexico\/"]}]}},"_links":{"self":[{"href":"https:\/\/thoro.com.mx\/ethoro\/wp-json\/wp\/v2\/product\/5229","targetHints":{"allow":["GET"]}}],"collection":[{"href":"https:\/\/thoro.com.mx\/ethoro\/wp-json\/wp\/v2\/product"}],"about":[{"href":"https:\/\/thoro.com.mx\/ethoro\/wp-json\/wp\/v2\/types\/product"}],"replies":[{"embeddable":true,"href":"https:\/\/thoro.com.mx\/ethoro\/wp-json\/wp\/v2\/comments?post=5229"}],"wp:featuredmedia":[{"embeddable":true,"href":"https:\/\/thoro.com.mx\/ethoro\/wp-json\/wp\/v2\/media\/5228"}],"wp:attachment":[{"href":"https:\/\/thoro.com.mx\/ethoro\/wp-json\/wp\/v2\/media?parent=5229"}],"wp:term":[{"taxonomy":"product_brand","embeddable":true,"href":"https:\/\/thoro.com.mx\/ethoro\/wp-json\/wp\/v2\/product_brand?post=5229"},{"taxonomy":"product_cat","embeddable":true,"href":"https:\/\/thoro.com.mx\/ethoro\/wp-json\/wp\/v2\/product_cat?post=5229"},{"taxonomy":"product_tag","embeddable":true,"href":"https:\/\/thoro.com.mx\/ethoro\/wp-json\/wp\/v2\/product_tag?post=5229"}],"curies":[{"name":"wp","href":"https:\/\/api.w.org\/{rel}","templated":true}]}}