{"id":5748,"date":"2025-02-05T12:53:54","date_gmt":"2025-02-05T18:53:54","guid":{"rendered":"https:\/\/72.167.50.119\/ethoro\/shop\/sin categor\u00eda\/cepillo-profesional-truper-cepel-3-1-4a4-de-3-1-4-pulgadas-con-850-watts\/"},"modified":"2026-05-17T00:12:48","modified_gmt":"2026-05-17T06:12:48","slug":"cepillo-profesional-truper-cepel-3-1-4a4-de-3-1-4-pulgadas-con-850-watts","status":"publish","type":"product","link":"https:\/\/thoro.com.mx\/ethoro\/shop\/herramientas\/herramientas-electricas\/cepillos-electricos\/cepillo-profesional-truper-cepel-3-1-4a4-de-3-1-4-pulgadas-con-850-watts\/","title":{"rendered":"CEPILLO PROFESIONAL TRUPER CEPEL-3-1\/4A4 DE 3-1\/4 PULGADAS CON 850 WATTS"},"content":{"rendered":"<h4>CEPEL-3-1\/4A4<\/h4>\n<ul>\n<li>2 cuchillas de doble filo fabricadas en carburo de tungsteno, 2X mayor vida \u00fatil que las de acero alta velocidad.<\/li>\n<li>Ajuste de profundidad de cepillado hasta 3.5 mm.<\/li>\n<li>Cepillado r\u00e1pido con acabado fino, ranuras en &#8220;V&#8221; para biselado.<\/li>\n<li>Pie de apoyo (evita da\u00f1os de cuchilla).<\/li>\n<li>Incluye: Llave , Gu\u00eda paralela , Gu\u00eda de rebajado , 2 cuchillas de 82 x 5.5 x 1.2 mm , Bolsa recolectora , Llave allen.<\/li>\n<\/ul>\n","protected":false},"excerpt":{"rendered":"<p>CEPEL-3-1\/4A4 2 cuchillas de doble filo fabricadas en carburo de tungsteno, 2X mayor vida \u00fatil que las de acero alta velocidad. Ajuste de profundidad de cepillado hasta 3.5 mm. Cepillado r\u00e1pido con acabado fino, ranuras en &#8220;V&#8221; para biselado. Pie de apoyo (evita da\u00f1os de cuchilla). Incluye: Llave , Gu\u00eda paralela , Gu\u00eda de rebajado [&hellip;]<\/p>\n","protected":false},"featured_media":0,"comment_status":"open","ping_status":"closed","template":"","meta":{"_monsterinsights_skip_tracking":false,"_monsterinsights_sitenote_active":false,"_monsterinsights_sitenote_note":"","_monsterinsights_sitenote_category":0,"_joinchat":[]},"product_brand":[],"product_cat":[362],"product_tag":[],"class_list":{"0":"post-5748","1":"product","2":"type-product","3":"status-publish","5":"product_cat-cepillos-electricos","7":"first","8":"instock","9":"taxable","10":"shipping-taxable","11":"purchasable","12":"product-type-simple","13":"add-to-wishlist-after_add_to_cart"},"yoast_head":"<!-- This site is optimized with the Yoast SEO plugin v27.3 - https:\/\/yoast.com\/product\/yoast-seo-wordpress\/ -->\n<title>CEPILLO PROFESIONAL TRUPER CEPEL-3-1\/4A4 DE 3-1\/4 PULGADAS CON 850 WATTS - Thoro enterprises de Mexico<\/title>\n<meta name=\"robots\" content=\"noindex, follow\" \/>\n<meta property=\"og:locale\" content=\"es_MX\" \/>\n<meta property=\"og:type\" content=\"article\" \/>\n<meta property=\"og:title\" content=\"CEPILLO PROFESIONAL TRUPER CEPEL-3-1\/4A4 DE 3-1\/4 PULGADAS CON 850 WATTS - Thoro enterprises de Mexico\" \/>\n<meta property=\"og:description\" content=\"CEPEL-3-1\/4A4 2 cuchillas de doble filo fabricadas en carburo de tungsteno, 2X mayor vida \u00fatil que las de acero alta velocidad. Ajuste de profundidad de cepillado hasta 3.5 mm. Cepillado r\u00e1pido con acabado fino, ranuras en &#8220;V&#8221; para biselado. Pie de apoyo (evita da\u00f1os de cuchilla). Incluye: Llave , Gu\u00eda paralela , Gu\u00eda de rebajado [&hellip;]\" \/>\n<meta property=\"og:url\" content=\"https:\/\/thoro.com.mx\/ethoro\/shop\/herramientas\/herramientas-electricas\/cepillos-electricos\/cepillo-profesional-truper-cepel-3-1-4a4-de-3-1-4-pulgadas-con-850-watts\/\" \/>\n<meta property=\"og:site_name\" content=\"Thoro enterprises de Mexico\" \/>\n<meta property=\"article:publisher\" content=\"https:\/\/www.facebook.com\/ThoroEnterprises\" \/>\n<meta property=\"article:modified_time\" content=\"2026-05-17T06:12:48+00:00\" \/>\n<meta name=\"twitter:card\" content=\"summary_large_image\" \/>\n<script type=\"application\/ld+json\" class=\"yoast-schema-graph\">{\"@context\":\"https:\\\/\\\/schema.org\",\"@graph\":[{\"@type\":\"WebPage\",\"@id\":\"https:\\\/\\\/thoro.com.mx\\\/ethoro\\\/shop\\\/herramientas\\\/herramientas-electricas\\\/cepillos-electricos\\\/cepillo-profesional-truper-cepel-3-1-4a4-de-3-1-4-pulgadas-con-850-watts\\\/\",\"url\":\"https:\\\/\\\/thoro.com.mx\\\/ethoro\\\/shop\\\/herramientas\\\/herramientas-electricas\\\/cepillos-electricos\\\/cepillo-profesional-truper-cepel-3-1-4a4-de-3-1-4-pulgadas-con-850-watts\\\/\",\"name\":\"CEPILLO PROFESIONAL TRUPER CEPEL-3-1\\\/4A4 DE 3-1\\\/4 PULGADAS CON 850 WATTS - Thoro enterprises de Mexico\",\"isPartOf\":{\"@id\":\"https:\\\/\\\/72.167.50.119\\\/ethoro\\\/#website\"},\"datePublished\":\"2025-02-05T18:53:54+00:00\",\"dateModified\":\"2026-05-17T06:12:48+00:00\",\"breadcrumb\":{\"@id\":\"https:\\\/\\\/thoro.com.mx\\\/ethoro\\\/shop\\\/herramientas\\\/herramientas-electricas\\\/cepillos-electricos\\\/cepillo-profesional-truper-cepel-3-1-4a4-de-3-1-4-pulgadas-con-850-watts\\\/#breadcrumb\"},\"inLanguage\":\"es\",\"potentialAction\":[{\"@type\":\"ReadAction\",\"target\":[\"https:\\\/\\\/thoro.com.mx\\\/ethoro\\\/shop\\\/herramientas\\\/herramientas-electricas\\\/cepillos-electricos\\\/cepillo-profesional-truper-cepel-3-1-4a4-de-3-1-4-pulgadas-con-850-watts\\\/\"]}]},{\"@type\":\"BreadcrumbList\",\"@id\":\"https:\\\/\\\/thoro.com.mx\\\/ethoro\\\/shop\\\/herramientas\\\/herramientas-electricas\\\/cepillos-electricos\\\/cepillo-profesional-truper-cepel-3-1-4a4-de-3-1-4-pulgadas-con-850-watts\\\/#breadcrumb\",\"itemListElement\":[{\"@type\":\"ListItem\",\"position\":1,\"name\":\"Inicio\",\"item\":\"https:\\\/\\\/thoro.com.mx\\\/ethoro\\\/\"},{\"@type\":\"ListItem\",\"position\":2,\"name\":\"Tienda\",\"item\":\"https:\\\/\\\/thoro.com.mx\\\/ethoro\\\/shop\\\/\"},{\"@type\":\"ListItem\",\"position\":3,\"name\":\"CEPILLO PROFESIONAL TRUPER CEPEL-3-1\\\/4A4 DE 3-1\\\/4 PULGADAS CON 850 WATTS\"}]},{\"@type\":\"WebSite\",\"@id\":\"https:\\\/\\\/72.167.50.119\\\/ethoro\\\/#website\",\"url\":\"https:\\\/\\\/72.167.50.119\\\/ethoro\\\/\",\"name\":\"Thoro Enterprises de M\u00e9xico\",\"description\":\"Todo en Thoro\",\"publisher\":{\"@id\":\"https:\\\/\\\/72.167.50.119\\\/ethoro\\\/#organization\"},\"alternateName\":\"Thoro shop\",\"potentialAction\":[{\"@type\":\"SearchAction\",\"target\":{\"@type\":\"EntryPoint\",\"urlTemplate\":\"https:\\\/\\\/72.167.50.119\\\/ethoro\\\/?s={search_term_string}\"},\"query-input\":{\"@type\":\"PropertyValueSpecification\",\"valueRequired\":true,\"valueName\":\"search_term_string\"}}],\"inLanguage\":\"es\"},{\"@type\":\"Organization\",\"@id\":\"https:\\\/\\\/72.167.50.119\\\/ethoro\\\/#organization\",\"name\":\"Thoro Enterprises de M\u00e9xico\",\"alternateName\":\"Thoro shop\",\"url\":\"https:\\\/\\\/72.167.50.119\\\/ethoro\\\/\",\"logo\":{\"@type\":\"ImageObject\",\"inLanguage\":\"es\",\"@id\":\"https:\\\/\\\/72.167.50.119\\\/ethoro\\\/#\\\/schema\\\/logo\\\/image\\\/\",\"url\":\"https:\\\/\\\/72.167.50.119\\\/ethoro\\\/wp-content\\\/uploads\\\/2025\\\/01\\\/cropped-cropped-icono_t-180x180-1.png\",\"contentUrl\":\"https:\\\/\\\/72.167.50.119\\\/ethoro\\\/wp-content\\\/uploads\\\/2025\\\/01\\\/cropped-cropped-icono_t-180x180-1.png\",\"width\":512,\"height\":512,\"caption\":\"Thoro Enterprises de M\u00e9xico\"},\"image\":{\"@id\":\"https:\\\/\\\/72.167.50.119\\\/ethoro\\\/#\\\/schema\\\/logo\\\/image\\\/\"},\"sameAs\":[\"https:\\\/\\\/www.facebook.com\\\/ThoroEnterprises\",\"https:\\\/\\\/www.instagram.com\\\/thoro.mexico\\\/\"]}]}<\/script>\n<!-- \/ Yoast SEO plugin. -->","yoast_head_json":{"title":"CEPILLO PROFESIONAL TRUPER CEPEL-3-1\/4A4 DE 3-1\/4 PULGADAS CON 850 WATTS - Thoro enterprises de Mexico","robots":{"index":"noindex","follow":"follow"},"og_locale":"es_MX","og_type":"article","og_title":"CEPILLO PROFESIONAL TRUPER CEPEL-3-1\/4A4 DE 3-1\/4 PULGADAS CON 850 WATTS - Thoro enterprises de Mexico","og_description":"CEPEL-3-1\/4A4 2 cuchillas de doble filo fabricadas en carburo de tungsteno, 2X mayor vida \u00fatil que las de acero alta velocidad. Ajuste de profundidad de cepillado hasta 3.5 mm. Cepillado r\u00e1pido con acabado fino, ranuras en &#8220;V&#8221; para biselado. Pie de apoyo (evita da\u00f1os de cuchilla). Incluye: Llave , Gu\u00eda paralela , Gu\u00eda de rebajado [&hellip;]","og_url":"https:\/\/thoro.com.mx\/ethoro\/shop\/herramientas\/herramientas-electricas\/cepillos-electricos\/cepillo-profesional-truper-cepel-3-1-4a4-de-3-1-4-pulgadas-con-850-watts\/","og_site_name":"Thoro enterprises de Mexico","article_publisher":"https:\/\/www.facebook.com\/ThoroEnterprises","article_modified_time":"2026-05-17T06:12:48+00:00","twitter_card":"summary_large_image","schema":{"@context":"https:\/\/schema.org","@graph":[{"@type":"WebPage","@id":"https:\/\/thoro.com.mx\/ethoro\/shop\/herramientas\/herramientas-electricas\/cepillos-electricos\/cepillo-profesional-truper-cepel-3-1-4a4-de-3-1-4-pulgadas-con-850-watts\/","url":"https:\/\/thoro.com.mx\/ethoro\/shop\/herramientas\/herramientas-electricas\/cepillos-electricos\/cepillo-profesional-truper-cepel-3-1-4a4-de-3-1-4-pulgadas-con-850-watts\/","name":"CEPILLO PROFESIONAL TRUPER CEPEL-3-1\/4A4 DE 3-1\/4 PULGADAS CON 850 WATTS - Thoro enterprises de Mexico","isPartOf":{"@id":"https:\/\/72.167.50.119\/ethoro\/#website"},"datePublished":"2025-02-05T18:53:54+00:00","dateModified":"2026-05-17T06:12:48+00:00","breadcrumb":{"@id":"https:\/\/thoro.com.mx\/ethoro\/shop\/herramientas\/herramientas-electricas\/cepillos-electricos\/cepillo-profesional-truper-cepel-3-1-4a4-de-3-1-4-pulgadas-con-850-watts\/#breadcrumb"},"inLanguage":"es","potentialAction":[{"@type":"ReadAction","target":["https:\/\/thoro.com.mx\/ethoro\/shop\/herramientas\/herramientas-electricas\/cepillos-electricos\/cepillo-profesional-truper-cepel-3-1-4a4-de-3-1-4-pulgadas-con-850-watts\/"]}]},{"@type":"BreadcrumbList","@id":"https:\/\/thoro.com.mx\/ethoro\/shop\/herramientas\/herramientas-electricas\/cepillos-electricos\/cepillo-profesional-truper-cepel-3-1-4a4-de-3-1-4-pulgadas-con-850-watts\/#breadcrumb","itemListElement":[{"@type":"ListItem","position":1,"name":"Inicio","item":"https:\/\/thoro.com.mx\/ethoro\/"},{"@type":"ListItem","position":2,"name":"Tienda","item":"https:\/\/thoro.com.mx\/ethoro\/shop\/"},{"@type":"ListItem","position":3,"name":"CEPILLO PROFESIONAL TRUPER CEPEL-3-1\/4A4 DE 3-1\/4 PULGADAS CON 850 WATTS"}]},{"@type":"WebSite","@id":"https:\/\/72.167.50.119\/ethoro\/#website","url":"https:\/\/72.167.50.119\/ethoro\/","name":"Thoro Enterprises de M\u00e9xico","description":"Todo en Thoro","publisher":{"@id":"https:\/\/72.167.50.119\/ethoro\/#organization"},"alternateName":"Thoro shop","potentialAction":[{"@type":"SearchAction","target":{"@type":"EntryPoint","urlTemplate":"https:\/\/72.167.50.119\/ethoro\/?s={search_term_string}"},"query-input":{"@type":"PropertyValueSpecification","valueRequired":true,"valueName":"search_term_string"}}],"inLanguage":"es"},{"@type":"Organization","@id":"https:\/\/72.167.50.119\/ethoro\/#organization","name":"Thoro Enterprises de M\u00e9xico","alternateName":"Thoro shop","url":"https:\/\/72.167.50.119\/ethoro\/","logo":{"@type":"ImageObject","inLanguage":"es","@id":"https:\/\/72.167.50.119\/ethoro\/#\/schema\/logo\/image\/","url":"https:\/\/72.167.50.119\/ethoro\/wp-content\/uploads\/2025\/01\/cropped-cropped-icono_t-180x180-1.png","contentUrl":"https:\/\/72.167.50.119\/ethoro\/wp-content\/uploads\/2025\/01\/cropped-cropped-icono_t-180x180-1.png","width":512,"height":512,"caption":"Thoro Enterprises de M\u00e9xico"},"image":{"@id":"https:\/\/72.167.50.119\/ethoro\/#\/schema\/logo\/image\/"},"sameAs":["https:\/\/www.facebook.com\/ThoroEnterprises","https:\/\/www.instagram.com\/thoro.mexico\/"]}]}},"_links":{"self":[{"href":"https:\/\/thoro.com.mx\/ethoro\/wp-json\/wp\/v2\/product\/5748","targetHints":{"allow":["GET"]}}],"collection":[{"href":"https:\/\/thoro.com.mx\/ethoro\/wp-json\/wp\/v2\/product"}],"about":[{"href":"https:\/\/thoro.com.mx\/ethoro\/wp-json\/wp\/v2\/types\/product"}],"replies":[{"embeddable":true,"href":"https:\/\/thoro.com.mx\/ethoro\/wp-json\/wp\/v2\/comments?post=5748"}],"wp:attachment":[{"href":"https:\/\/thoro.com.mx\/ethoro\/wp-json\/wp\/v2\/media?parent=5748"}],"wp:term":[{"taxonomy":"product_brand","embeddable":true,"href":"https:\/\/thoro.com.mx\/ethoro\/wp-json\/wp\/v2\/product_brand?post=5748"},{"taxonomy":"product_cat","embeddable":true,"href":"https:\/\/thoro.com.mx\/ethoro\/wp-json\/wp\/v2\/product_cat?post=5748"},{"taxonomy":"product_tag","embeddable":true,"href":"https:\/\/thoro.com.mx\/ethoro\/wp-json\/wp\/v2\/product_tag?post=5748"}],"curies":[{"name":"wp","href":"https:\/\/api.w.org\/{rel}","templated":true}]}}