{"id":6523,"date":"2025-02-05T12:59:36","date_gmt":"2025-02-05T18:59:36","guid":{"rendered":"https:\/\/72.167.50.119\/ethoro\/shop\/sin categor\u00eda\/tornillo-de-banco-truper-ta-4-uso-industrial-hierro-nodular\/"},"modified":"2026-04-04T00:19:41","modified_gmt":"2026-04-04T06:19:41","slug":"tornillo-de-banco-truper-ta-4-uso-industrial-hierro-nodular","status":"publish","type":"product","link":"https:\/\/thoro.com.mx\/ethoro\/shop\/herramientas\/herramientas-manuales\/tornillos-de-banco-herramientas-manuales\/tornillo-de-banco-truper-ta-4-uso-industrial-hierro-nodular\/","title":{"rendered":"TORNILLO DE BANCO TRUPER TA-4 USO INDUSTRIAL HIERRO NODULAR"},"content":{"rendered":"<h4>TA-4<\/h4>\n<ul>\n<li>Fundido en hierro nodular de alta resistencia para trabajo pesado.<\/li>\n<li>Mordazas de acero moleteadas para un mejor agarre.<\/li>\n<li>Mordazas inferiores redondas, para sujetar tubos sin da\u00f1arlos.<\/li>\n<li>Base giratoria 360\u00b0 para ajuste multi-posici\u00f3n del tornillo.<\/li>\n<li>Para sujeci\u00f3n de m\u00faltiples materiales.<\/li>\n<\/ul>\n","protected":false},"excerpt":{"rendered":"<p>TA-4 Fundido en hierro nodular de alta resistencia para trabajo pesado. Mordazas de acero moleteadas para un mejor agarre. Mordazas inferiores redondas, para sujetar tubos sin da\u00f1arlos. Base giratoria 360\u00b0 para ajuste multi-posici\u00f3n del tornillo. Para sujeci\u00f3n de m\u00faltiples materiales.<\/p>\n","protected":false},"featured_media":0,"comment_status":"open","ping_status":"closed","template":"","meta":{"_monsterinsights_skip_tracking":false,"_monsterinsights_sitenote_active":false,"_monsterinsights_sitenote_note":"","_monsterinsights_sitenote_category":0,"_joinchat":[]},"product_brand":[],"product_cat":[5320],"product_tag":[],"class_list":{"0":"post-6523","1":"product","2":"type-product","3":"status-publish","5":"product_cat-tornillos-de-banco-herramientas-manuales","7":"first","8":"instock","9":"taxable","10":"shipping-taxable","11":"purchasable","12":"product-type-simple","13":"add-to-wishlist-after_add_to_cart"},"yoast_head":"<!-- This site is optimized with the Yoast SEO plugin v27.1.1 - https:\/\/yoast.com\/product\/yoast-seo-wordpress\/ -->\n<title>TORNILLO DE BANCO TRUPER TA-4 USO INDUSTRIAL HIERRO NODULAR - Thoro enterprises de Mexico<\/title>\n<meta name=\"robots\" content=\"noindex, follow\" \/>\n<meta property=\"og:locale\" content=\"es_MX\" \/>\n<meta property=\"og:type\" content=\"article\" \/>\n<meta property=\"og:title\" content=\"TORNILLO DE BANCO TRUPER TA-4 USO INDUSTRIAL HIERRO NODULAR - Thoro enterprises de Mexico\" \/>\n<meta property=\"og:description\" content=\"TA-4 Fundido en hierro nodular de alta resistencia para trabajo pesado. Mordazas de acero moleteadas para un mejor agarre. Mordazas inferiores redondas, para sujetar tubos sin da\u00f1arlos. Base giratoria 360\u00b0 para ajuste multi-posici\u00f3n del tornillo. Para sujeci\u00f3n de m\u00faltiples materiales.\" \/>\n<meta property=\"og:url\" content=\"https:\/\/thoro.com.mx\/ethoro\/shop\/herramientas\/herramientas-manuales\/tornillos-de-banco-herramientas-manuales\/tornillo-de-banco-truper-ta-4-uso-industrial-hierro-nodular\/\" \/>\n<meta property=\"og:site_name\" content=\"Thoro enterprises de Mexico\" \/>\n<meta property=\"article:publisher\" content=\"https:\/\/www.facebook.com\/ThoroEnterprises\" \/>\n<meta property=\"article:modified_time\" content=\"2026-04-04T06:19:41+00:00\" \/>\n<meta name=\"twitter:card\" content=\"summary_large_image\" \/>\n<script type=\"application\/ld+json\" class=\"yoast-schema-graph\">{\"@context\":\"https:\/\/schema.org\",\"@graph\":[{\"@type\":\"WebPage\",\"@id\":\"https:\/\/thoro.com.mx\/ethoro\/shop\/herramientas\/herramientas-manuales\/tornillos-de-banco-herramientas-manuales\/tornillo-de-banco-truper-ta-4-uso-industrial-hierro-nodular\/\",\"url\":\"https:\/\/thoro.com.mx\/ethoro\/shop\/herramientas\/herramientas-manuales\/tornillos-de-banco-herramientas-manuales\/tornillo-de-banco-truper-ta-4-uso-industrial-hierro-nodular\/\",\"name\":\"TORNILLO DE BANCO TRUPER TA-4 USO INDUSTRIAL HIERRO NODULAR - Thoro enterprises de Mexico\",\"isPartOf\":{\"@id\":\"https:\/\/72.167.50.119\/ethoro\/#website\"},\"datePublished\":\"2025-02-05T18:59:36+00:00\",\"dateModified\":\"2026-04-04T06:19:41+00:00\",\"breadcrumb\":{\"@id\":\"https:\/\/thoro.com.mx\/ethoro\/shop\/herramientas\/herramientas-manuales\/tornillos-de-banco-herramientas-manuales\/tornillo-de-banco-truper-ta-4-uso-industrial-hierro-nodular\/#breadcrumb\"},\"inLanguage\":\"es\",\"potentialAction\":[{\"@type\":\"ReadAction\",\"target\":[\"https:\/\/thoro.com.mx\/ethoro\/shop\/herramientas\/herramientas-manuales\/tornillos-de-banco-herramientas-manuales\/tornillo-de-banco-truper-ta-4-uso-industrial-hierro-nodular\/\"]}]},{\"@type\":\"BreadcrumbList\",\"@id\":\"https:\/\/thoro.com.mx\/ethoro\/shop\/herramientas\/herramientas-manuales\/tornillos-de-banco-herramientas-manuales\/tornillo-de-banco-truper-ta-4-uso-industrial-hierro-nodular\/#breadcrumb\",\"itemListElement\":[{\"@type\":\"ListItem\",\"position\":1,\"name\":\"Inicio\",\"item\":\"https:\/\/thoro.com.mx\/ethoro\/\"},{\"@type\":\"ListItem\",\"position\":2,\"name\":\"Tienda\",\"item\":\"https:\/\/thoro.com.mx\/ethoro\/shop\/\"},{\"@type\":\"ListItem\",\"position\":3,\"name\":\"TORNILLO DE BANCO TRUPER TA-4 USO INDUSTRIAL HIERRO NODULAR\"}]},{\"@type\":\"WebSite\",\"@id\":\"https:\/\/72.167.50.119\/ethoro\/#website\",\"url\":\"https:\/\/72.167.50.119\/ethoro\/\",\"name\":\"Thoro Enterprises de M\u00e9xico\",\"description\":\"Todo en Thoro\",\"publisher\":{\"@id\":\"https:\/\/72.167.50.119\/ethoro\/#organization\"},\"alternateName\":\"Thoro shop\",\"potentialAction\":[{\"@type\":\"SearchAction\",\"target\":{\"@type\":\"EntryPoint\",\"urlTemplate\":\"https:\/\/72.167.50.119\/ethoro\/?s={search_term_string}\"},\"query-input\":{\"@type\":\"PropertyValueSpecification\",\"valueRequired\":true,\"valueName\":\"search_term_string\"}}],\"inLanguage\":\"es\"},{\"@type\":\"Organization\",\"@id\":\"https:\/\/72.167.50.119\/ethoro\/#organization\",\"name\":\"Thoro Enterprises de M\u00e9xico\",\"alternateName\":\"Thoro shop\",\"url\":\"https:\/\/72.167.50.119\/ethoro\/\",\"logo\":{\"@type\":\"ImageObject\",\"inLanguage\":\"es\",\"@id\":\"https:\/\/72.167.50.119\/ethoro\/#\/schema\/logo\/image\/\",\"url\":\"https:\/\/72.167.50.119\/ethoro\/wp-content\/uploads\/2025\/01\/cropped-cropped-icono_t-180x180-1.png\",\"contentUrl\":\"https:\/\/72.167.50.119\/ethoro\/wp-content\/uploads\/2025\/01\/cropped-cropped-icono_t-180x180-1.png\",\"width\":512,\"height\":512,\"caption\":\"Thoro Enterprises de M\u00e9xico\"},\"image\":{\"@id\":\"https:\/\/72.167.50.119\/ethoro\/#\/schema\/logo\/image\/\"},\"sameAs\":[\"https:\/\/www.facebook.com\/ThoroEnterprises\",\"https:\/\/www.instagram.com\/thoro.mexico\/\"]}]}<\/script>\n<!-- \/ Yoast SEO plugin. -->","yoast_head_json":{"title":"TORNILLO DE BANCO TRUPER TA-4 USO INDUSTRIAL HIERRO NODULAR - Thoro enterprises de Mexico","robots":{"index":"noindex","follow":"follow"},"og_locale":"es_MX","og_type":"article","og_title":"TORNILLO DE BANCO TRUPER TA-4 USO INDUSTRIAL HIERRO NODULAR - Thoro enterprises de Mexico","og_description":"TA-4 Fundido en hierro nodular de alta resistencia para trabajo pesado. Mordazas de acero moleteadas para un mejor agarre. Mordazas inferiores redondas, para sujetar tubos sin da\u00f1arlos. Base giratoria 360\u00b0 para ajuste multi-posici\u00f3n del tornillo. Para sujeci\u00f3n de m\u00faltiples materiales.","og_url":"https:\/\/thoro.com.mx\/ethoro\/shop\/herramientas\/herramientas-manuales\/tornillos-de-banco-herramientas-manuales\/tornillo-de-banco-truper-ta-4-uso-industrial-hierro-nodular\/","og_site_name":"Thoro enterprises de Mexico","article_publisher":"https:\/\/www.facebook.com\/ThoroEnterprises","article_modified_time":"2026-04-04T06:19:41+00:00","twitter_card":"summary_large_image","schema":{"@context":"https:\/\/schema.org","@graph":[{"@type":"WebPage","@id":"https:\/\/thoro.com.mx\/ethoro\/shop\/herramientas\/herramientas-manuales\/tornillos-de-banco-herramientas-manuales\/tornillo-de-banco-truper-ta-4-uso-industrial-hierro-nodular\/","url":"https:\/\/thoro.com.mx\/ethoro\/shop\/herramientas\/herramientas-manuales\/tornillos-de-banco-herramientas-manuales\/tornillo-de-banco-truper-ta-4-uso-industrial-hierro-nodular\/","name":"TORNILLO DE BANCO TRUPER TA-4 USO INDUSTRIAL HIERRO NODULAR - Thoro enterprises de Mexico","isPartOf":{"@id":"https:\/\/72.167.50.119\/ethoro\/#website"},"datePublished":"2025-02-05T18:59:36+00:00","dateModified":"2026-04-04T06:19:41+00:00","breadcrumb":{"@id":"https:\/\/thoro.com.mx\/ethoro\/shop\/herramientas\/herramientas-manuales\/tornillos-de-banco-herramientas-manuales\/tornillo-de-banco-truper-ta-4-uso-industrial-hierro-nodular\/#breadcrumb"},"inLanguage":"es","potentialAction":[{"@type":"ReadAction","target":["https:\/\/thoro.com.mx\/ethoro\/shop\/herramientas\/herramientas-manuales\/tornillos-de-banco-herramientas-manuales\/tornillo-de-banco-truper-ta-4-uso-industrial-hierro-nodular\/"]}]},{"@type":"BreadcrumbList","@id":"https:\/\/thoro.com.mx\/ethoro\/shop\/herramientas\/herramientas-manuales\/tornillos-de-banco-herramientas-manuales\/tornillo-de-banco-truper-ta-4-uso-industrial-hierro-nodular\/#breadcrumb","itemListElement":[{"@type":"ListItem","position":1,"name":"Inicio","item":"https:\/\/thoro.com.mx\/ethoro\/"},{"@type":"ListItem","position":2,"name":"Tienda","item":"https:\/\/thoro.com.mx\/ethoro\/shop\/"},{"@type":"ListItem","position":3,"name":"TORNILLO DE BANCO TRUPER TA-4 USO INDUSTRIAL HIERRO NODULAR"}]},{"@type":"WebSite","@id":"https:\/\/72.167.50.119\/ethoro\/#website","url":"https:\/\/72.167.50.119\/ethoro\/","name":"Thoro Enterprises de M\u00e9xico","description":"Todo en Thoro","publisher":{"@id":"https:\/\/72.167.50.119\/ethoro\/#organization"},"alternateName":"Thoro shop","potentialAction":[{"@type":"SearchAction","target":{"@type":"EntryPoint","urlTemplate":"https:\/\/72.167.50.119\/ethoro\/?s={search_term_string}"},"query-input":{"@type":"PropertyValueSpecification","valueRequired":true,"valueName":"search_term_string"}}],"inLanguage":"es"},{"@type":"Organization","@id":"https:\/\/72.167.50.119\/ethoro\/#organization","name":"Thoro Enterprises de M\u00e9xico","alternateName":"Thoro shop","url":"https:\/\/72.167.50.119\/ethoro\/","logo":{"@type":"ImageObject","inLanguage":"es","@id":"https:\/\/72.167.50.119\/ethoro\/#\/schema\/logo\/image\/","url":"https:\/\/72.167.50.119\/ethoro\/wp-content\/uploads\/2025\/01\/cropped-cropped-icono_t-180x180-1.png","contentUrl":"https:\/\/72.167.50.119\/ethoro\/wp-content\/uploads\/2025\/01\/cropped-cropped-icono_t-180x180-1.png","width":512,"height":512,"caption":"Thoro Enterprises de M\u00e9xico"},"image":{"@id":"https:\/\/72.167.50.119\/ethoro\/#\/schema\/logo\/image\/"},"sameAs":["https:\/\/www.facebook.com\/ThoroEnterprises","https:\/\/www.instagram.com\/thoro.mexico\/"]}]}},"_links":{"self":[{"href":"https:\/\/thoro.com.mx\/ethoro\/wp-json\/wp\/v2\/product\/6523","targetHints":{"allow":["GET"]}}],"collection":[{"href":"https:\/\/thoro.com.mx\/ethoro\/wp-json\/wp\/v2\/product"}],"about":[{"href":"https:\/\/thoro.com.mx\/ethoro\/wp-json\/wp\/v2\/types\/product"}],"replies":[{"embeddable":true,"href":"https:\/\/thoro.com.mx\/ethoro\/wp-json\/wp\/v2\/comments?post=6523"}],"wp:attachment":[{"href":"https:\/\/thoro.com.mx\/ethoro\/wp-json\/wp\/v2\/media?parent=6523"}],"wp:term":[{"taxonomy":"product_brand","embeddable":true,"href":"https:\/\/thoro.com.mx\/ethoro\/wp-json\/wp\/v2\/product_brand?post=6523"},{"taxonomy":"product_cat","embeddable":true,"href":"https:\/\/thoro.com.mx\/ethoro\/wp-json\/wp\/v2\/product_cat?post=6523"},{"taxonomy":"product_tag","embeddable":true,"href":"https:\/\/thoro.com.mx\/ethoro\/wp-json\/wp\/v2\/product_tag?post=6523"}],"curies":[{"name":"wp","href":"https:\/\/api.w.org\/{rel}","templated":true}]}}